185.191.171.6 - - [04/Sep/2026:15:10:26 +0200] "GET /halledegournay.fr/wp-content/themes/wp-admin/XOEguCcAv-20260813220809-20260813222321-20260813222456-20260813222732-20260813222754-20260813223013-20260813223249-20260813223304-20260813231222-20260813231437-20260821110848-20260821123252-20260821135208-20260821140510-20260821142004-20260824075943.php HTTP/1.1" 200 302 "-" "Mozilla/5.0 (compatible; SemrushBot/7~bl; +http://www.semrush.com/bot.html)"
66.249.74.102 - - [04/Sep/2026:15:10:34 +0200] "GET /products/detail/C67738489953/ HTTP/1.1" 404 1251 "-" "Mozilla/5.0 (Linux; Android 6.0.1; Nexus 5X Build/MMB29P) AppleWebKit/537.36 (KHTML, like Gecko) Chrome/151.0.7922.173 Mobile Safari/537.36 (compatible; Googlebot/2.1; +http://www.google.com/bot.html)"
66.249.74.102 - - [04/Sep/2026:15:10:35 +0200] "GET /products/detail/C67858136617/ HTTP/1.1" 404 1251 "-" "Mozilla/5.0 (Linux; Android 6.0.1; Nexus 5X Build/MMB29P) AppleWebKit/537.36 (KHTML, like Gecko) Chrome/151.0.7922.173 Mobile Safari/537.36 (compatible; Googlebot/2.1; +http://www.google.com/bot.html)"
185.191.171.3 - - [04/Sep/2026:15:10:36 +0200] "GET /wp-content/upgrade/wp-content/wp-admin/XOEguCcAv-20260813220809-20260813222321-20260813222456-20260813222732-20260813222754-20260813223013-20260813223249-20260813223304-20260813231222-20260813231437-20260821110848-20260821123252-20260821135208-20260821140507-20260821140628.php HTTP/1.1" 200 302 "-" "Mozilla/5.0 (compatible; SemrushBot/7~bl; +http://www.semrush.com/bot.html)"
66.249.74.102 - - [04/Sep/2026:15:10:41 +0200] "GET /products/detail/C67366467580/ HTTP/1.1" 404 1251 "-" "Mozilla/5.0 (Linux; Android 6.0.1; Nexus 5X Build/MMB29P) AppleWebKit/537.36 (KHTML, like Gecko) Chrome/151.0.7922.173 Mobile Safari/537.36 (compatible; Googlebot/2.1; +http://www.google.com/bot.html)"
66.249.74.102 - - [04/Sep/2026:15:10:41 +0200] "GET /products/detail/C6752764496/ HTTP/1.1" 404 1251 "-" "Mozilla/5.0 (Linux; Android 6.0.1; Nexus 5X Build/MMB29P) AppleWebKit/537.36 (KHTML, like Gecko) Chrome/151.0.7922.173 Mobile Safari/537.36 (compatible; Googlebot/2.1; +http://www.google.com/bot.html)"
66.249.74.102 - - [04/Sep/2026:15:10:55 +0200] "GET /?a=3864213443505 HTTP/1.1" 200 1519 "-" "Mozilla/5.0 (Linux; Android 6.0.1; Nexus 5X Build/MMB29P) AppleWebKit/537.36 (KHTML, like Gecko) Chrome/151.0.7922.173 Mobile Safari/537.36 (compatible; Googlebot/2.1; +http://www.google.com/bot.html)"
66.249.74.102 - - [04/Sep/2026:15:11:01 +0200] "GET /products/detail/C67106162201/ HTTP/1.1" 404 1251 "-" "Mozilla/5.0 (Linux; Android 6.0.1; Nexus 5X Build/MMB29P) AppleWebKit/537.36 (KHTML, like Gecko) Chrome/151.0.7922.173 Mobile Safari/537.36 (compatible; Googlebot/2.1; +http://www.google.com/bot.html)"
66.249.74.103 - - [04/Sep/2026:15:11:02 +0200] "GET /products/detail/C67754157121/ HTTP/1.1" 404 1251 "-" "Mozilla/5.0 (Linux; Android 6.0.1; Nexus 5X Build/MMB29P) AppleWebKit/537.36 (KHTML, like Gecko) Chrome/151.0.7922.173 Mobile Safari/537.36 (compatible; Googlebot/2.1; +http://www.google.com/bot.html)"
66.249.74.103 - - [04/Sep/2026:15:11:11 +0200] "GET /products/detail/C67835323693/ HTTP/1.1" 404 1251 "-" "Mozilla/5.0 (Linux; Android 6.0.1; Nexus 5X Build/MMB29P) AppleWebKit/537.36 (KHTML, like Gecko) Chrome/151.0.7922.173 Mobile Safari/537.36 (compatible; Googlebot/2.1; +http://www.google.com/bot.html)"
185.191.171.4 - - [04/Sep/2026:15:11:18 +0200] "GET /wp-content/upgrade/wp-content/cache/XOEguCcAv-20260813220809-20260813222321-20260813222456-20260813222732-20260813222754-20260813222920-20260813222934-20260813224132-20260813231221-20260814180433-20260814183107-20260821190457-20260821191223-20260821191500.php HTTP/1.1" 200 302 "-" "Mozilla/5.0 (compatible; SemrushBot/7~bl; +http://www.semrush.com/bot.html)"
185.191.171.7 - - [04/Sep/2026:15:11:21 +0200] "GET /halledegournay.fr/wp-content/themes/wp-admin/XOEguCcAv-20260813220809-20260813222321-20260813222456-20260813222732-20260813222754-20260813222920-20260813223001-20260813224518-20260813231444-20260813233518-20260813235150-20260817043751-20260817055541-20260821133829-20260821134323-copy.php HTTP/1.1" 200 302 "-" "Mozilla/5.0 (compatible; SemrushBot/7~bl; +http://www.semrush.com/bot.html)"
66.249.74.102 - - [04/Sep/2026:15:11:29 +0200] "GET /products/detail/C67511355300/ HTTP/1.1" 404 1251 "-" "Mozilla/5.0 (Linux; Android 6.0.1; Nexus 5X Build/MMB29P) AppleWebKit/537.36 (KHTML, like Gecko) Chrome/151.0.7922.173 Mobile Safari/537.36 (compatible; Googlebot/2.1; +http://www.google.com/bot.html)"
66.249.74.102 - - [04/Sep/2026:15:11:30 +0200] "GET /products/detail/C6795126632/ HTTP/1.1" 404 1251 "-" "Mozilla/5.0 (Linux; Android 6.0.1; Nexus 5X Build/MMB29P) AppleWebKit/537.36 (KHTML, like Gecko) Chrome/151.0.7922.173 Mobile Safari/537.36 (compatible; Googlebot/2.1; +http://www.google.com/bot.html)"
66.249.74.102 - - [04/Sep/2026:15:11:38 +0200] "GET /products/detail/C6711955617/ HTTP/1.1" 404 1251 "-" "Mozilla/5.0 (Linux; Android 6.0.1; Nexus 5X Build/MMB29P) AppleWebKit/537.36 (KHTML, like Gecko) Chrome/151.0.7922.173 Mobile Safari/537.36 (compatible; Googlebot/2.1; +http://www.google.com/bot.html)"
66.249.74.164 - - [04/Sep/2026:15:11:46 +0200] "GET /products/detail/I7360795841/ HTTP/1.1" 404 1251 "-" "Mozilla/5.0 (compatible; Googlebot/2.1; +http://www.google.com/bot.html)"
66.249.74.102 - - [04/Sep/2026:15:11:47 +0200] "GET /products/detail/C67545116875/ HTTP/1.1" 404 1251 "-" "Mozilla/5.0 (Linux; Android 6.0.1; Nexus 5X Build/MMB29P) AppleWebKit/537.36 (KHTML, like Gecko) Chrome/151.0.7922.173 Mobile Safari/537.36 (compatible; Googlebot/2.1; +http://www.google.com/bot.html)"
66.249.74.102 - - [04/Sep/2026:15:11:53 +0200] "GET /?a=55758265822800 HTTP/1.1" 200 1519 "-" "Mozilla/5.0 (Linux; Android 6.0.1; Nexus 5X Build/MMB29P) AppleWebKit/537.36 (KHTML, like Gecko) Chrome/151.0.7922.173 Mobile Safari/537.36 (compatible; Googlebot/2.1; +http://www.google.com/bot.html)"
66.249.74.102 - - [04/Sep/2026:15:11:59 +0200] "GET /products/detail/C6765350670/ HTTP/1.1" 404 1251 "-" "Mozilla/5.0 (Linux; Android 6.0.1; Nexus 5X Build/MMB29P) AppleWebKit/537.36 (KHTML, like Gecko) Chrome/151.0.7922.173 Mobile Safari/537.36 (compatible; Googlebot/2.1; +http://www.google.com/bot.html)"
85.208.96.200 - - [04/Sep/2026:15:12:03 +0200] "GET /cache/themes/wp-content/cache/XOEguCcAv-20260813220809-20260813222321-20260813222456-20260813222732-20260813222754-20260813223013-20260813223249-20260813223304-20260813231222-20260813231437-20260821110848-20260821123252-20260821135208-20260821140510-20260821140650.php HTTP/1.1" 200 302 "-" "Mozilla/5.0 (compatible; SemrushBot/7~bl; +http://www.semrush.com/bot.html)"
85.208.96.206 - - [04/Sep/2026:15:12:09 +0200] "GET /upgrade/wp-content/wp-content/cache/XOEguCcAv-20260813220809-20260813222321-20260813222456-20260813222732-20260813222754-20260813223013-20260813223249-20260813223304-20260813231222-20260813231437-20260821110848-20260821125031-20260821131558-20260821133834-20260821134024-20260823211946.php HTTP/1.1" 200 302 "-" "Mozilla/5.0 (compatible; SemrushBot/7~bl; +http://www.semrush.com/bot.html)"
66.249.74.103 - - [04/Sep/2026:15:12:12 +0200] "GET /?a=95900254773702 HTTP/1.1" 200 1558 "-" "Mozilla/5.0 (Linux; Android 6.0.1; Nexus 5X Build/MMB29P) AppleWebKit/537.36 (KHTML, like Gecko) Chrome/151.0.7922.173 Mobile Safari/537.36 (compatible; Googlebot/2.1; +http://www.google.com/bot.html)"
85.208.96.203 - - [04/Sep/2026:15:12:12 +0200] "GET /cache/wp-admin/wp-content/upgrade/XOEguCcAv-20260813220809-20260813222321-20260813222456-20260813222732-20260813222754-20260813223013-20260813223249-20260813223304-20260813231222-20260813231437-20260821110848-20260821123252-20260821135208-20260821140510-20260821142004.php HTTP/1.1" 200 302 "-" "Mozilla/5.0 (compatible; SemrushBot/7~bl; +http://www.semrush.com/bot.html)"
66.249.74.104 - - [04/Sep/2026:15:12:12 +0200] "GET /products/detail/C67531115881/ HTTP/1.1" 404 1251 "-" "Mozilla/5.0 (Linux; Android 6.0.1; Nexus 5X Build/MMB29P) AppleWebKit/537.36 (KHTML, like Gecko) Chrome/151.0.7922.173 Mobile Safari/537.36 (compatible; Googlebot/2.1; +http://www.google.com/bot.html)"
85.208.96.202 - - [04/Sep/2026:15:12:14 +0200] "GET /themes/wp-content/upgrade/wp/themes/ HTTP/1.1" 200 771 "-" "Mozilla/5.0 (compatible; SemrushBot/7~bl; +http://www.semrush.com/bot.html)"
66.249.74.103 - - [04/Sep/2026:15:12:23 +0200] "GET /shop/pg/C67212800 HTTP/1.1" 404 1251 "-" "Mozilla/5.0 (Linux; Android 6.0.1; Nexus 5X Build/MMB29P) AppleWebKit/537.36 (KHTML, like Gecko) Chrome/151.0.7922.173 Mobile Safari/537.36 (compatible; Googlebot/2.1; +http://www.google.com/bot.html)"
66.249.74.163 - - [04/Sep/2026:15:12:33 +0200] "GET /products/detail/I7374565249/ HTTP/1.1" 404 1251 "-" "Mozilla/5.0 (Linux; Android 6.0.1; Nexus 5X Build/MMB29P) AppleWebKit/537.36 (KHTML, like Gecko) Chrome/151.0.7922.173 Mobile Safari/537.36 (compatible; Googlebot/2.1; +http://www.google.com/bot.html)"
66.249.74.102 - - [04/Sep/2026:15:12:33 +0200] "GET /products/detail/C6755165287/ HTTP/1.1" 404 1251 "-" "Mozilla/5.0 (Linux; Android 6.0.1; Nexus 5X Build/MMB29P) AppleWebKit/537.36 (KHTML, like Gecko) Chrome/151.0.7922.173 Mobile Safari/537.36 (compatible; Googlebot/2.1; +http://www.google.com/bot.html)"
185.191.171.14 - - [04/Sep/2026:15:12:32 +0200] "GET /wp-content/themes/wp-admin/wp-content/XOEguCcAv-20260813220809-20260813222321-20260813222456-20260813222732-20260813222754-20260813222920-20260813223001-20260813224518-20260813224622-20260813224925-20260821065500-20260821074251-20260821075550-20260821075613-20260821125105-20260824122852.php HTTP/1.1" 200 302 "-" "Mozilla/5.0 (compatible; SemrushBot/7~bl; +http://www.semrush.com/bot.html)"
66.249.74.102 - - [04/Sep/2026:15:12:33 +0200] "GET /products/detail/C67779484638/ HTTP/1.1" 404 1251 "-" "Mozilla/5.0 (Linux; Android 6.0.1; Nexus 5X Build/MMB29P) AppleWebKit/537.36 (KHTML, like Gecko) Chrome/151.0.7922.173 Mobile Safari/537.36 (compatible; Googlebot/2.1; +http://www.google.com/bot.html)"
66.249.74.102 - - [04/Sep/2026:15:12:41 +0200] "GET /products/detail/C67772440641/ HTTP/1.1" 404 1251 "-" "Mozilla/5.0 (Linux; Android 6.0.1; Nexus 5X Build/MMB29P) AppleWebKit/537.36 (KHTML, like Gecko) Chrome/151.0.7922.173 Mobile Safari/537.36 (compatible; Googlebot/2.1; +http://www.google.com/bot.html)"
66.249.74.102 - - [04/Sep/2026:15:12:45 +0200] "GET /products/detail/C67521204993/ HTTP/1.1" 404 1251 "-" "Mozilla/5.0 (Linux; Android 6.0.1; Nexus 5X Build/MMB29P) AppleWebKit/537.36 (KHTML, like Gecko) Chrome/151.0.7922.173 Mobile Safari/537.36 (compatible; Googlebot/2.1; +http://www.google.com/bot.html)"
66.249.74.102 - - [04/Sep/2026:15:12:49 +0200] "GET /products/detail/C67653465706/ HTTP/1.1" 404 1251 "-" "Mozilla/5.0 (Linux; Android 6.0.1; Nexus 5X Build/MMB29P) AppleWebKit/537.36 (KHTML, like Gecko) Chrome/151.0.7922.173 Mobile Safari/537.36 (compatible; Googlebot/2.1; +http://www.google.com/bot.html)"
85.208.96.203 - - [04/Sep/2026:15:12:55 +0200] "GET /themes/themes/wp-admin/wp-content/themes/ HTTP/1.1" 200 1554 "-" "Mozilla/5.0 (compatible; SemrushBot/7~bl; +http://www.semrush.com/bot.html)"
66.249.74.102 - - [04/Sep/2026:15:13:02 +0200] "GET /products/detail/C67551182736/ HTTP/1.1" 404 1251 "-" "Mozilla/5.0 (Linux; Android 6.0.1; Nexus 5X Build/MMB29P) AppleWebKit/537.36 (KHTML, like Gecko) Chrome/151.0.7922.173 Mobile Safari/537.36 (compatible; Googlebot/2.1; +http://www.google.com/bot.html)"
66.249.74.102 - - [04/Sep/2026:15:13:09 +0200] "GET /products/detail/C67902395009/ HTTP/1.1" 404 1251 "-" "Mozilla/5.0 (Linux; Android 6.0.1; Nexus 5X Build/MMB29P) AppleWebKit/537.36 (KHTML, like Gecko) Chrome/151.0.7922.173 Mobile Safari/537.36 (compatible; Googlebot/2.1; +http://www.google.com/bot.html)"
103.228.201.95 - - [04/Sep/2026:15:13:12 +0200] "GET /wp/wp-content/XOEguCcAv-20260813220809-20260813222321-20260813222456-20260813222732-20260813222754-20260813222920-20260813223001-20260813224518-20260813231444-20260813233518-20260813235150-20260817043751-20260817055541-20260821133829-20260821135251-20260821135626.php HTTP/2" 200 254 "-" "Mozilla/5.0 (Linux; Android 15; Pixel 9) AppleWebKit/537.36 (KHTML, like Gecko) Chrome/151.0.0.0 Mobile Safari/537.36"
66.249.74.102 - - [04/Sep/2026:15:13:14 +0200] "GET /products/detail/C67132153343/ HTTP/1.1" 404 1251 "-" "Mozilla/5.0 (Linux; Android 6.0.1; Nexus 5X Build/MMB29P) AppleWebKit/537.36 (KHTML, like Gecko) Chrome/151.0.7922.173 Mobile Safari/537.36 (compatible; Googlebot/2.1; +http://www.google.com/bot.html)"
66.249.74.102 - - [04/Sep/2026:15:13:15 +0200] "GET /products/detail/C67131225878/ HTTP/1.1" 404 1251 "-" "Mozilla/5.0 (Linux; Android 6.0.1; Nexus 5X Build/MMB29P) AppleWebKit/537.36 (KHTML, like Gecko) Chrome/151.0.7922.173 Mobile Safari/537.36 (compatible; Googlebot/2.1; +http://www.google.com/bot.html)"
66.249.74.102 - - [04/Sep/2026:15:13:22 +0200] "GET /products/detail/C6785570914/ HTTP/1.1" 404 1251 "-" "Mozilla/5.0 (Linux; Android 6.0.1; Nexus 5X Build/MMB29P) AppleWebKit/537.36 (KHTML, like Gecko) Chrome/151.0.7922.173 Mobile Safari/537.36 (compatible; Googlebot/2.1; +http://www.google.com/bot.html)"
66.249.74.102 - - [04/Sep/2026:15:13:25 +0200] "GET /products/detail/C67434145981/ HTTP/1.1" 404 1251 "-" "Mozilla/5.0 (Linux; Android 6.0.1; Nexus 5X Build/MMB29P) AppleWebKit/537.36 (KHTML, like Gecko) Chrome/151.0.7922.173 Mobile Safari/537.36 (compatible; Googlebot/2.1; +http://www.google.com/bot.html)"
66.249.74.102 - - [04/Sep/2026:15:13:39 +0200] "GET /?a=1200211588901 HTTP/1.1" 200 1558 "-" "Mozilla/5.0 (Linux; Android 6.0.1; Nexus 5X Build/MMB29P) AppleWebKit/537.36 (KHTML, like Gecko) Chrome/151.0.7922.173 Mobile Safari/537.36 (compatible; Googlebot/2.1; +http://www.google.com/bot.html)"
185.191.171.13 - - [04/Sep/2026:15:13:41 +0200] "GET /halledegournay.fr/upgrade/wp-content/wp-content/XOEguCcAv-20260813220809-20260813222321-20260813222456-20260813222732-20260813222754-20260813222920-20260813223001-20260813224518-20260813224622-20260813224925-20260821065500-20260821074251-20260821075550-20260821075613-20260821125105-20260824050806.php HTTP/1.1" 200 302 "-" "Mozilla/5.0 (compatible; SemrushBot/7~bl; +http://www.semrush.com/bot.html)"
66.249.74.102 - - [04/Sep/2026:15:13:49 +0200] "GET /products/detail/C67733388167/ HTTP/1.1" 404 1251 "-" "Mozilla/5.0 (Linux; Android 6.0.1; Nexus 5X Build/MMB29P) AppleWebKit/537.36 (KHTML, like Gecko) Chrome/151.0.7922.173 Mobile Safari/537.36 (compatible; Googlebot/2.1; +http://www.google.com/bot.html)"
85.208.96.203 - - [04/Sep/2026:15:13:54 +0200] "GET /wp/wp-content/wp-content/wp-content/XOEguCcAv-20260813220809-20260813222321-20260813222456-20260813222732-20260813222754-20260813223013-20260813223249-20260813223304-20260813231222-20260813231437-20260821110848-20260821125031-20260821131558-20260821133834-20260821134024.php HTTP/1.1" 200 302 "-" "Mozilla/5.0 (compatible; SemrushBot/7~bl; +http://www.semrush.com/bot.html)"
66.249.74.102 - - [04/Sep/2026:15:13:57 +0200] "GET /?a=8265357265507 HTTP/1.1" 200 1558 "-" "Mozilla/5.0 (Linux; Android 6.0.1; Nexus 5X Build/MMB29P) AppleWebKit/537.36 (KHTML, like Gecko) Chrome/151.0.7922.173 Mobile Safari/537.36 (compatible; Googlebot/2.1; +http://www.google.com/bot.html)"
66.249.74.102 - - [04/Sep/2026:15:13:57 +0200] "GET /products/detail/C67683344353/ HTTP/1.1" 404 1251 "-" "Mozilla/5.0 (Linux; Android 6.0.1; Nexus 5X Build/MMB29P) AppleWebKit/537.36 (KHTML, like Gecko) Chrome/151.0.7922.173 Mobile Safari/537.36 (compatible; Googlebot/2.1; +http://www.google.com/bot.html)"
66.249.74.102 - - [04/Sep/2026:15:13:58 +0200] "GET /products/detail/C67689365409/ HTTP/1.1" 404 1251 "-" "Mozilla/5.0 (Linux; Android 6.0.1; Nexus 5X Build/MMB29P) AppleWebKit/537.36 (KHTML, like Gecko) Chrome/151.0.7922.173 Mobile Safari/537.36 (compatible; Googlebot/2.1; +http://www.google.com/bot.html)"
66.249.74.104 - - [04/Sep/2026:15:14:03 +0200] "GET /fashion/829067109460129.htm HTTP/1.1" 404 1251 "-" "Mozilla/5.0 (Linux; Android 6.0.1; Nexus 5X Build/MMB29P) AppleWebKit/537.36 (KHTML, like Gecko) Chrome/151.0.7922.173 Mobile Safari/537.36 (compatible; Googlebot/2.1; +http://www.google.com/bot.html)"
74.7.227.156 - - [04/Sep/2026:15:14:08 +0200] "GET /wp-includes/Text/wp-admin/css/wp/awPczbZVA.php?dir=2f686f6d652f67657261746874792f7075626c69635f68746d6c2f6d61726368656465736361707563696e732d32303236303832343031343735382f63616368652f7468656d65732f757067726164652f63616368652f77702d636f6e74656e742f757067726164652f77702f77702d636f6e74656e742f77702d61646d696e2f77702d636f6e74656e742f7468656d65732f77702f77702d636f6e74656e742f77702d61646d696e2f77702d636f6e74656e742f7468656d65732f77702f77702d636f6e74656e742f77702d61646d696e2f77702d636f6e74656e742f7468656d65732f77702f77702d636f6e74656e742f77702d61646d696e2f77702d636f6e74656e742f7468656d65732f77702f77702d636f6e74656e742f77702d61646d696e2f77702d636f6e74656e742f7468656d65732f77702f77702d636f6e74656e742f77702d61646d696e&response=failed HTTP/2" 200 3439 "https://marchesdevitry.com/wp-includes/Text/wp-admin/css/wp/awPczbZVA.php?backdoor=true&dir=2f686f6d652f67657261746874792f7075626c69635f68746d6c2f6d61726368656465736361707563696e732d32303236303832343031343735382f63616368652f7468656d65732f757067726164652f63616368652f77702d636f6e74656e742f757067726164652f77702f77702d636f6e74656e742f77702d61646d696e2f77702d636f6e74656e742f7468656d65732f77702f77702d636f6e74656e742f77702d61646d696e2f77702d636f6e74656e742f7468656d65732f77702f77702d636f6e74656e742f77702d61646d696e2f77702d636f6e74656e742f7468656d65732f77702f77702d636f6e74656e742f77702d61646d696e2f77702d636f6e74656e742f7468656d65732f77702f77702d636f6e74656e742f77702d61646d696e2f77702d636f6e74656e742f7468656d65732f77702f77702d636f6e74656e742f77702d61646d696e" "Mozilla/5.0 AppleWebKit/537.36 (KHTML, like Gecko; compatible; GPTBot/1.4; +https://openai.com/gptbot)"
85.208.96.196 - - [04/Sep/2026:15:14:14 +0200] "GET /halledegournay.fr/themes/wp/wp-content/XOEguCcAv-20260813220809-20260813222321-20260813222456-20260813222732-20260813222754-20260813222920-20260813223001-20260813224518-20260813224622-20260813224925-20260821065500-20260821074251-20260821075550-20260821075613-20260821125105-20260823221721.php HTTP/1.1" 200 302 "-" "Mozilla/5.0 (compatible; SemrushBot/7~bl; +http://www.semrush.com/bot.html)"
66.249.74.102 - - [04/Sep/2026:15:14:16 +0200] "GET /products/detail/C6717283784/ HTTP/1.1" 404 1251 "-" "Mozilla/5.0 (Linux; Android 6.0.1; Nexus 5X Build/MMB29P) AppleWebKit/537.36 (KHTML, like Gecko) Chrome/151.0.7922.173 Mobile Safari/537.36 (compatible; Googlebot/2.1; +http://www.google.com/bot.html)"
85.208.96.205 - - [04/Sep/2026:15:14:16 +0200] "GET /wp/themes/themes/wp-content/XOEguCcAv-20260813220809-20260813222321-20260813222456-20260813222732-20260813222754-20260813222920-20260813222934-20260813224132-20260813231221-20260814180433-20260814183107-20260821190457-20260821191223-20260821191517.php HTTP/1.1" 200 302 "-" "Mozilla/5.0 (compatible; SemrushBot/7~bl; +http://www.semrush.com/bot.html)"
85.208.96.208 - - [04/Sep/2026:15:14:32 +0200] "GET /halledegournay.fr/wp-content/themes/wp/XOEguCcAv-20260813220809-20260813222321-20260813222456-20260813222732-20260813222754-20260813223013-20260813223249-20260813223304-20260813231222-20260813231437.php HTTP/1.1" 200 302 "-" "Mozilla/5.0 (compatible; SemrushBot/7~bl; +http://www.semrush.com/bot.html)"
66.249.74.102 - - [04/Sep/2026:15:14:33 +0200] "GET /products/detail/C67753331761/ HTTP/1.1" 404 1251 "-" "Mozilla/5.0 (Linux; Android 6.0.1; Nexus 5X Build/MMB29P) AppleWebKit/537.36 (KHTML, like Gecko) Chrome/151.0.7922.173 Mobile Safari/537.36 (compatible; Googlebot/2.1; +http://www.google.com/bot.html)"
85.208.96.206 - - [04/Sep/2026:15:14:36 +0200] "GET /themes/themes/upgrade/wp-content/XOEguCcAv-20260813220809-20260813222321-20260813222456-20260813222732-20260813222754-20260813223013-20260813223249-20260813223304-20260813231222-20260813231437-20260821110848-20260821123252-20260821135208-20260821140510-20260821140623.php HTTP/1.1" 200 302 "-" "Mozilla/5.0 (compatible; SemrushBot/7~bl; +http://www.semrush.com/bot.html)"
66.249.74.102 - - [04/Sep/2026:15:14:44 +0200] "GET /products/detail/C67606214126/ HTTP/1.1" 404 1251 "-" "Mozilla/5.0 (Linux; Android 6.0.1; Nexus 5X Build/MMB29P) AppleWebKit/537.36 (KHTML, like Gecko) Chrome/151.0.7922.173 Mobile Safari/537.36 (compatible; Googlebot/2.1; +http://www.google.com/bot.html)"
66.249.74.102 - - [04/Sep/2026:15:14:46 +0200] "GET /fashion/774618109385825.htm HTTP/1.1" 404 1251 "-" "Mozilla/5.0 (Linux; Android 6.0.1; Nexus 5X Build/MMB29P) AppleWebKit/537.36 (KHTML, like Gecko) Chrome/151.0.7922.173 Mobile Safari/537.36 (compatible; Googlebot/2.1; +http://www.google.com/bot.html)"
66.249.74.102 - - [04/Sep/2026:15:14:47 +0200] "GET /products/detail/C67126172000/ HTTP/1.1" 404 1251 "-" "Mozilla/5.0 (Linux; Android 6.0.1; Nexus 5X Build/MMB29P) AppleWebKit/537.36 (KHTML, like Gecko) Chrome/151.0.7922.173 Mobile Safari/537.36 (compatible; Googlebot/2.1; +http://www.google.com/bot.html)"
66.249.74.102 - - [04/Sep/2026:15:14:50 +0200] "GET /products/detail/C6723889877/ HTTP/1.1" 404 1251 "-" "Mozilla/5.0 (Linux; Android 6.0.1; Nexus 5X Build/MMB29P) AppleWebKit/537.36 (KHTML, like Gecko) Chrome/151.0.7922.173 Mobile Safari/537.36 (compatible; Googlebot/2.1; +http://www.google.com/bot.html)"
66.249.74.102 - - [04/Sep/2026:15:14:50 +0200] "GET /products/detail/C67531275339/ HTTP/1.1" 404 1251 "-" "Mozilla/5.0 (Linux; Android 6.0.1; Nexus 5X Build/MMB29P) AppleWebKit/537.36 (KHTML, like Gecko) Chrome/151.0.7922.173 Mobile Safari/537.36 (compatible; Googlebot/2.1; +http://www.google.com/bot.html)"
66.249.74.102 - - [04/Sep/2026:15:14:55 +0200] "GET /products/detail/C67643407139/ HTTP/1.1" 404 1251 "-" "Mozilla/5.0 (Linux; Android 6.0.1; Nexus 5X Build/MMB29P) AppleWebKit/537.36 (KHTML, like Gecko) Chrome/151.0.7922.173 Mobile Safari/537.36 (compatible; Googlebot/2.1; +http://www.google.com/bot.html)"
66.249.74.102 - - [04/Sep/2026:15:14:57 +0200] "GET /products/detail/C67307162745/ HTTP/1.1" 404 1251 "-" "Mozilla/5.0 (Linux; Android 6.0.1; Nexus 5X Build/MMB29P) AppleWebKit/537.36 (KHTML, like Gecko) Chrome/151.0.7922.173 Mobile Safari/537.36 (compatible; Googlebot/2.1; +http://www.google.com/bot.html)"
66.249.74.103 - - [04/Sep/2026:15:15:04 +0200] "GET /products/detail/C6730753775/ HTTP/1.1" 404 1251 "-" "Mozilla/5.0 (Linux; Android 6.0.1; Nexus 5X Build/MMB29P) AppleWebKit/537.36 (KHTML, like Gecko) Chrome/151.0.7922.173 Mobile Safari/537.36 (compatible; Googlebot/2.1; +http://www.google.com/bot.html)"
66.249.74.104 - - [04/Sep/2026:15:15:05 +0200] "GET /products/detail/C67987182735/ HTTP/1.1" 404 1251 "-" "Mozilla/5.0 (Linux; Android 6.0.1; Nexus 5X Build/MMB29P) AppleWebKit/537.36 (KHTML, like Gecko) Chrome/151.0.7922.173 Mobile Safari/537.36 (compatible; Googlebot/2.1; +http://www.google.com/bot.html)"
85.208.96.200 - - [04/Sep/2026:15:15:07 +0200] "GET /wp-content/themes/themes/wp-content/XOEguCcAv-20260813220809-20260813222321-20260813222456-20260813222732-20260813222754-20260813222920-20260813222934-20260813224132-20260813231221-20260814180433-20260814183107-20260821190457-20260821191223-20260821191517-20260824185423.php HTTP/1.1" 200 302 "-" "Mozilla/5.0 (compatible; SemrushBot/7~bl; +http://www.semrush.com/bot.html)"
85.208.96.195 - - [04/Sep/2026:15:15:10 +0200] "GET /cache/themes/themes/wp-content/wp/ HTTP/1.1" 200 768 "-" "Mozilla/5.0 (compatible; SemrushBot/7~bl; +http://www.semrush.com/bot.html)"
85.208.96.211 - - [04/Sep/2026:15:15:20 +0200] "GET /halledegournay.fr/wp-content/wp/wp-content/XOEguCcAv-20260813220809-20260813222321-20260813222456-20260813222732-20260813222754-20260813223013-20260813223249-20260813223304-20260813231222-20260813231437-20260821110848-20260821123252-20260821135208-20260821140510-20260821142004-20260824191037.php HTTP/1.1" 200 302 "-" "Mozilla/5.0 (compatible; SemrushBot/7~bl; +http://www.semrush.com/bot.html)"
85.208.96.202 - - [04/Sep/2026:15:15:22 +0200] "GET /halledegournay.fr/upgrade/wp/wp-content/XOEguCcAv-20260813220809-20260813222321-20260813222456-20260813222732-20260813222754-20260813223013-20260813223249-20260813223304-20260813231222-20260813231437-20260821110848-20260821123252-20260821135208-20260821140510-20260821142004-20260824105935.php HTTP/1.1" 200 302 "-" "Mozilla/5.0 (compatible; SemrushBot/7~bl; +http://www.semrush.com/bot.html)"
66.249.74.102 - - [04/Sep/2026:15:15:29 +0200] "GET /products/detail/C6790274218/ HTTP/1.1" 404 1251 "-" "Mozilla/5.0 (Linux; Android 6.0.1; Nexus 5X Build/MMB29P) AppleWebKit/537.36 (KHTML, like Gecko) Chrome/151.0.7922.173 Mobile Safari/537.36 (compatible; Googlebot/2.1; +http://www.google.com/bot.html)"
85.208.96.193 - - [04/Sep/2026:15:15:34 +0200] "GET /robots.txt HTTP/1.1" 404 1251 "-" "Mozilla/5.0 (compatible; SemrushBot/7~bl; +http://www.semrush.com/bot.html)"
85.208.96.209 - - [04/Sep/2026:15:15:35 +0200] "GET /wp-content/upgrade/upgrade/wp-content/XOEguCcAv-20260813220809-20260813222321-20260813222456-20260813222732-20260813222754-20260813223013-20260813223249-20260813223304-20260813231222-20260813231437-20260821110848-20260821123252-20260821135208-20260821140510-20260821140623-20260824202009.php HTTP/1.1" 200 302 "-" "Mozilla/5.0 (compatible; SemrushBot/7~bl; +http://www.semrush.com/bot.html)"
185.191.171.2 - - [04/Sep/2026:15:15:40 +0200] "GET /halledegournay.fr/wp-content/themes/wp-content/XOEguCcAv-20260813220809-20260813222321-20260813222456-20260813222732-20260813222754-20260813222920-20260813223001-20260813224518-20260813224622-20260813224925-20260821065500-20260821074251-20260821075550-20260821075613-20260821125105-20260824123736.php HTTP/1.1" 200 302 "-" "Mozilla/5.0 (compatible; SemrushBot/7~bl; +http://www.semrush.com/bot.html)"
66.249.74.102 - - [04/Sep/2026:15:15:43 +0200] "GET /products/detail/C6718973825/ HTTP/1.1" 404 1251 "-" "Mozilla/5.0 (Linux; Android 6.0.1; Nexus 5X Build/MMB29P) AppleWebKit/537.36 (KHTML, like Gecko) Chrome/151.0.7922.173 Mobile Safari/537.36 (compatible; Googlebot/2.1; +http://www.google.com/bot.html)"
85.208.96.195 - - [04/Sep/2026:15:15:49 +0200] "GET /upgrade/wp-content/wp-content/wp-admin/XOEguCcAv-20260813220809-20260813222321-20260813222456-20260813222732-20260813222754-20260813223013-20260813223249-20260813223304-20260813231222-20260813231437-20260821110848-20260821125031-20260821131558-20260821133834-20260821134024-20260823221622.php HTTP/1.1" 200 302 "-" "Mozilla/5.0 (compatible; SemrushBot/7~bl; +http://www.semrush.com/bot.html)"
185.191.171.16 - - [04/Sep/2026:15:15:58 +0200] "GET /halledegournay.fr/upgrade/wp-content/themes/XOEguCcAv-20260813220809-20260813222321-20260813222456-20260813222732-20260813222754-20260813222920-20260813223001-20260813224518-20260813231444-20260813233518-20260813235150-20260817043751-20260817055541-20260821133829-20260821134323.php HTTP/1.1" 200 302 "-" "Mozilla/5.0 (compatible; SemrushBot/7~bl; +http://www.semrush.com/bot.html)"
66.249.74.102 - - [04/Sep/2026:15:16:04 +0200] "GET /products/detail/C67161343073/ HTTP/1.1" 404 1251 "-" "Mozilla/5.0 (Linux; Android 6.0.1; Nexus 5X Build/MMB29P) AppleWebKit/537.36 (KHTML, like Gecko) Chrome/151.0.7922.173 Mobile Safari/537.36 (compatible; Googlebot/2.1; +http://www.google.com/bot.html)"
66.249.74.102 - - [04/Sep/2026:15:16:04 +0200] "GET /products/detail/C67528314503/ HTTP/1.1" 404 1251 "-" "Mozilla/5.0 (Linux; Android 6.0.1; Nexus 5X Build/MMB29P) AppleWebKit/537.36 (KHTML, like Gecko) Chrome/151.0.7922.173 Mobile Safari/537.36 (compatible; Googlebot/2.1; +http://www.google.com/bot.html)"
185.191.171.12 - - [04/Sep/2026:15:16:07 +0200] "GET /upgrade/wp-content/wp-admin/wp-content/XOEguCcAv-20260813220809-20260813222321-20260813222456-20260813222732-20260813222754-20260813223013-20260813223249-20260813223304-20260813231222-20260813231437-20260821110848-20260821125031-20260821131558-20260821133834-20260821134024-20260823221722.php HTTP/1.1" 200 302 "-" "Mozilla/5.0 (compatible; SemrushBot/7~bl; +http://www.semrush.com/bot.html)"
66.249.74.102 - - [04/Sep/2026:15:16:20 +0200] "GET /products/detail/C67551396861/ HTTP/1.1" 404 1251 "-" "Mozilla/5.0 (Linux; Android 6.0.1; Nexus 5X Build/MMB29P) AppleWebKit/537.36 (KHTML, like Gecko) Chrome/151.0.7922.173 Mobile Safari/537.36 (compatible; Googlebot/2.1; +http://www.google.com/bot.html)"
66.249.74.102 - - [04/Sep/2026:15:16:21 +0200] "GET /?a=727781645604 HTTP/1.1" 200 1558 "-" "Mozilla/5.0 (Linux; Android 6.0.1; Nexus 5X Build/MMB29P) AppleWebKit/537.36 (KHTML, like Gecko) Chrome/151.0.7922.173 Mobile Safari/537.36 (compatible; Googlebot/2.1; +http://www.google.com/bot.html)"
66.249.74.103 - - [04/Sep/2026:15:16:23 +0200] "GET /products/detail/C67125417057/ HTTP/1.1" 404 1251 "-" "Mozilla/5.0 (Linux; Android 6.0.1; Nexus 5X Build/MMB29P) AppleWebKit/537.36 (KHTML, like Gecko) Chrome/151.0.7922.173 Mobile Safari/537.36 (compatible; Googlebot/2.1; +http://www.google.com/bot.html)"
66.249.74.102 - - [04/Sep/2026:15:16:29 +0200] "GET /products/detail/C67621481849/ HTTP/1.1" 404 1251 "-" "Mozilla/5.0 (Linux; Android 6.0.1; Nexus 5X Build/MMB29P) AppleWebKit/537.36 (KHTML, like Gecko) Chrome/151.0.7922.173 Mobile Safari/537.36 (compatible; Googlebot/2.1; +http://www.google.com/bot.html)"
66.249.74.102 - - [04/Sep/2026:15:16:29 +0200] "GET /shop/pg/C67449916 HTTP/1.1" 404 1251 "-" "Mozilla/5.0 (Linux; Android 6.0.1; Nexus 5X Build/MMB29P) AppleWebKit/537.36 (KHTML, like Gecko) Chrome/151.0.7922.173 Mobile Safari/537.36 (compatible; Googlebot/2.1; +http://www.google.com/bot.html)"
66.249.74.102 - - [04/Sep/2026:15:16:33 +0200] "GET /products/detail/C6768678212/ HTTP/1.1" 404 1251 "-" "Mozilla/5.0 (Linux; Android 6.0.1; Nexus 5X Build/MMB29P) AppleWebKit/537.36 (KHTML, like Gecko) Chrome/151.0.7922.173 Mobile Safari/537.36 (compatible; Googlebot/2.1; +http://www.google.com/bot.html)"
66.249.74.102 - - [04/Sep/2026:15:16:33 +0200] "GET /products/detail/C67621361570/ HTTP/1.1" 404 1251 "-" "Mozilla/5.0 (Linux; Android 6.0.1; Nexus 5X Build/MMB29P) AppleWebKit/537.36 (KHTML, like Gecko) Chrome/151.0.7922.173 Mobile Safari/537.36 (compatible; Googlebot/2.1; +http://www.google.com/bot.html)"
66.249.74.102 - - [04/Sep/2026:15:16:34 +0200] "GET /products/detail/C67654122577/ HTTP/1.1" 404 1251 "-" "Mozilla/5.0 (Linux; Android 6.0.1; Nexus 5X Build/MMB29P) AppleWebKit/537.36 (KHTML, like Gecko) Chrome/151.0.7922.173 Mobile Safari/537.36 (compatible; Googlebot/2.1; +http://www.google.com/bot.html)"
185.191.171.19 - - [04/Sep/2026:15:16:35 +0200] "GET /cache/upgrade/wp/wp/wp-admin/ HTTP/1.1" 200 1021 "-" "Mozilla/5.0 (compatible; SemrushBot/7~bl; +http://www.semrush.com/bot.html)"
46.232.208.59 - - [04/Sep/2026:15:16:48 +0200] "GET /wp/wp/XOEguCcAv-20260813220809-20260813222321-20260813222456-20260813222732-20260813222754-20260813222920-20260813223001-20260813224518-20260813224622-20260813224925-20260821065500-20260821074251-20260821075550-20260821075613-20260821125105-20260823211017.php HTTP/2" 200 254 "-" "Mozilla/5.0 (Linux; Android 15; SM-S938B) AppleWebKit/537.36 (KHTML, like Gecko) Chrome/150.0.0.0 Mobile Safari/537.36"
66.249.74.102 - - [04/Sep/2026:15:16:50 +0200] "GET /products/detail/C6767953805/ HTTP/1.1" 404 1251 "-" "Mozilla/5.0 (Linux; Android 6.0.1; Nexus 5X Build/MMB29P) AppleWebKit/537.36 (KHTML, like Gecko) Chrome/151.0.7922.173 Mobile Safari/537.36 (compatible; Googlebot/2.1; +http://www.google.com/bot.html)"
66.249.74.102 - - [04/Sep/2026:15:16:56 +0200] "GET /?a=04982279227700 HTTP/1.1" 200 1519 "-" "Mozilla/5.0 (Linux; Android 6.0.1; Nexus 5X Build/MMB29P) AppleWebKit/537.36 (KHTML, like Gecko) Chrome/151.0.7922.173 Mobile Safari/537.36 (compatible; Googlebot/2.1; +http://www.google.com/bot.html)"
66.249.74.102 - - [04/Sep/2026:15:16:59 +0200] "GET /products/detail/C67944475252/ HTTP/1.1" 404 1251 "-" "Mozilla/5.0 (Linux; Android 6.0.1; Nexus 5X Build/MMB29P) AppleWebKit/537.36 (KHTML, like Gecko) Chrome/151.0.7922.173 Mobile Safari/537.36 (compatible; Googlebot/2.1; +http://www.google.com/bot.html)"
66.249.74.102 - - [04/Sep/2026:15:17:00 +0200] "GET /products/detail/C67867202561/ HTTP/1.1" 404 1251 "-" "Mozilla/5.0 (Linux; Android 6.0.1; Nexus 5X Build/MMB29P) AppleWebKit/537.36 (KHTML, like Gecko) Chrome/151.0.7922.173 Mobile Safari/537.36 (compatible; Googlebot/2.1; +http://www.google.com/bot.html)"
185.191.171.8 - - [04/Sep/2026:15:17:14 +0200] "GET /wp-content/wp/wp/wp/wp-content/ HTTP/1.1" 200 765 "-" "Mozilla/5.0 (compatible; SemrushBot/7~bl; +http://www.semrush.com/bot.html)"
66.249.74.102 - - [04/Sep/2026:15:17:19 +0200] "GET /products/detail/C67673274026/ HTTP/1.1" 404 1251 "-" "Mozilla/5.0 (Linux; Android 6.0.1; Nexus 5X Build/MMB29P) AppleWebKit/537.36 (KHTML, like Gecko) Chrome/151.0.7922.173 Mobile Safari/537.36 (compatible; Googlebot/2.1; +http://www.google.com/bot.html)"
66.249.74.102 - - [04/Sep/2026:15:17:26 +0200] "GET /products/detail/C67960112580/ HTTP/1.1" 404 1251 "-" "Mozilla/5.0 (Linux; Android 6.0.1; Nexus 5X Build/MMB29P) AppleWebKit/537.36 (KHTML, like Gecko) Chrome/151.0.7922.173 Mobile Safari/537.36 (compatible; Googlebot/2.1; +http://www.google.com/bot.html)"
66.249.74.102 - - [04/Sep/2026:15:17:35 +0200] "GET /products/detail/C677769914/ HTTP/1.1" 404 1251 "-" "Mozilla/5.0 (Linux; Android 6.0.1; Nexus 5X Build/MMB29P) AppleWebKit/537.36 (KHTML, like Gecko) Chrome/151.0.7922.173 Mobile Safari/537.36 (compatible; Googlebot/2.1; +http://www.google.com/bot.html)"
114.119.130.183 - - [04/Sep/2026:15:17:41 +0200] "GET /robots.txt HTTP/1.1" 404 1251 "https://marchesdevitry.com/robots.txt" "Mozilla/5.0 (compatible;PetalBot;+https://webmaster.petalsearch.com/site/petalbot)"
185.191.171.2 - - [04/Sep/2026:15:17:44 +0200] "GET /wp-content/upgrade/wp-content/wp-content/XOEguCcAv-20260813220809-20260813222321-20260813222456-20260813222732-20260813222754-20260813222920-20260813223001-20260813224518-20260813224622-20260813224925-20260821065500-20260821074251-20260821075550-20260821075613.php HTTP/1.1" 200 302 "-" "Mozilla/5.0 (compatible; SemrushBot/7~bl; +http://www.semrush.com/bot.html)"
66.249.74.102 - - [04/Sep/2026:15:17:47 +0200] "GET /shop/pg/C67700931 HTTP/1.1" 404 1251 "-" "Mozilla/5.0 (Linux; Android 6.0.1; Nexus 5X Build/MMB29P) AppleWebKit/537.36 (KHTML, like Gecko) Chrome/151.0.7922.173 Mobile Safari/537.36 (compatible; Googlebot/2.1; +http://www.google.com/bot.html)"
66.249.74.163 - - [04/Sep/2026:15:17:54 +0200] "GET /products/detail/I73427393889/ HTTP/1.1" 404 1251 "-" "Mozilla/5.0 (Linux; Android 6.0.1; Nexus 5X Build/MMB29P) AppleWebKit/537.36 (KHTML, like Gecko) Chrome/151.0.7922.173 Mobile Safari/537.36 (compatible; Googlebot/2.1; +http://www.google.com/bot.html)"
66.249.74.104 - - [04/Sep/2026:15:18:00 +0200] "GET /products/detail/C67680293219/ HTTP/1.1" 404 1251 "-" "Mozilla/5.0 (Linux; Android 6.0.1; Nexus 5X Build/MMB29P) AppleWebKit/537.36 (KHTML, like Gecko) Chrome/151.0.7922.173 Mobile Safari/537.36 (compatible; Googlebot/2.1; +http://www.google.com/bot.html)"
66.249.74.103 - - [04/Sep/2026:15:18:01 +0200] "GET /?a=9660123264703 HTTP/1.1" 200 1558 "-" "Mozilla/5.0 (Linux; Android 6.0.1; Nexus 5X Build/MMB29P) AppleWebKit/537.36 (KHTML, like Gecko) Chrome/151.0.7922.173 Mobile Safari/537.36 (compatible; Googlebot/2.1; +http://www.google.com/bot.html)"
66.249.74.103 - - [04/Sep/2026:15:18:06 +0200] "GET /?a=0022119923300 HTTP/1.1" 200 1519 "-" "Mozilla/5.0 (Linux; Android 6.0.1; Nexus 5X Build/MMB29P) AppleWebKit/537.36 (KHTML, like Gecko) Chrome/151.0.7922.173 Mobile Safari/537.36 (compatible; Googlebot/2.1; +http://www.google.com/bot.html)"
185.191.171.3 - - [04/Sep/2026:15:18:12 +0200] "GET /upgrade/wp-content/wp-content/upgrade/XOEguCcAv-20260813220809-20260813222321-20260813222456-20260813222732-20260813222754-20260813223013-20260813223249-20260813223304-20260813231222-20260813231437-20260821110848-20260821123252-20260821135208-20260821140507-copy-20260821140716.php HTTP/1.1" 200 302 "-" "Mozilla/5.0 (compatible; SemrushBot/7~bl; +http://www.semrush.com/bot.html)"
185.191.171.10 - - [04/Sep/2026:15:18:16 +0200] "GET /themes/wp-content/wp-content/wp-content/XOEguCcAv-20260813220809-20260813222321-20260813222456-20260813222732-20260813222754-20260813223013-20260813223249-20260813223304-20260813231222-20260813231437-20260821110848-20260821123252-20260821135208-20260821140507-copy-20260824185421.php HTTP/1.1" 200 302 "-" "Mozilla/5.0 (compatible; SemrushBot/7~bl; +http://www.semrush.com/bot.html)"
66.249.74.102 - - [04/Sep/2026:15:18:16 +0200] "GET /products/detail/C6737620659/ HTTP/1.1" 404 1251 "-" "Mozilla/5.0 (Linux; Android 6.0.1; Nexus 5X Build/MMB29P) AppleWebKit/537.36 (KHTML, like Gecko) Chrome/151.0.7922.173 Mobile Safari/537.36 (compatible; Googlebot/2.1; +http://www.google.com/bot.html)"
66.249.74.102 - - [04/Sep/2026:15:18:17 +0200] "GET /?a=09048198575700 HTTP/1.1" 200 1558 "-" "Mozilla/5.0 (Linux; Android 6.0.1; Nexus 5X Build/MMB29P) AppleWebKit/537.36 (KHTML, like Gecko) Chrome/151.0.7922.173 Mobile Safari/537.36 (compatible; Googlebot/2.1; +http://www.google.com/bot.html)"
66.249.74.102 - - [04/Sep/2026:15:18:19 +0200] "GET /products/detail/C67900142346/ HTTP/1.1" 404 1251 "-" "Mozilla/5.0 (Linux; Android 6.0.1; Nexus 5X Build/MMB29P) AppleWebKit/537.36 (KHTML, like Gecko) Chrome/151.0.7922.173 Mobile Safari/537.36 (compatible; Googlebot/2.1; +http://www.google.com/bot.html)"
66.249.74.102 - - [04/Sep/2026:15:18:19 +0200] "GET /products/detail/C67401244617/ HTTP/1.1" 404 1251 "-" "Mozilla/5.0 (Linux; Android 6.0.1; Nexus 5X Build/MMB29P) AppleWebKit/537.36 (KHTML, like Gecko) Chrome/151.0.7922.173 Mobile Safari/537.36 (compatible; Googlebot/2.1; +http://www.google.com/bot.html)"
85.208.96.206 - - [04/Sep/2026:15:18:23 +0200] "GET /upgrade/wp-content/upgrade/wp/XOEguCcAv-20260813220809-20260813222321-20260813222456-20260813222732-20260813222754-20260813222920-20260813223001-20260813224518-20260813224622-20260813224925-20260821065500-20260821074251-20260821075550-20260821075613.php HTTP/1.1" 200 302 "-" "Mozilla/5.0 (compatible; SemrushBot/7~bl; +http://www.semrush.com/bot.html)"
66.249.74.102 - - [04/Sep/2026:15:18:35 +0200] "GET /?a=98167200775606 HTTP/1.1" 200 1558 "-" "Mozilla/5.0 (Linux; Android 6.0.1; Nexus 5X Build/MMB29P) AppleWebKit/537.36 (KHTML, like Gecko) Chrome/151.0.7922.173 Mobile Safari/537.36 (compatible; Googlebot/2.1; +http://www.google.com/bot.html)"
185.191.171.14 - - [04/Sep/2026:15:18:40 +0200] "GET /themes/wp-admin/wp-content/wp-admin/XOEguCcAv-20260813220809-20260813222321-20260813222456-20260813222732-20260813222754-20260813222920-20260813223001-20260813224518-20260813224622-20260813224925-20260821065500-20260821074251-20260821075550-20260821075613-20260821125105-20260823214231.php HTTP/1.1" 200 302 "-" "Mozilla/5.0 (compatible; SemrushBot/7~bl; +http://www.semrush.com/bot.html)"
66.249.74.102 - - [04/Sep/2026:15:18:41 +0200] "GET /products/detail/C67896189371/ HTTP/1.1" 404 1251 "-" "Mozilla/5.0 (Linux; Android 6.0.1; Nexus 5X Build/MMB29P) AppleWebKit/537.36 (KHTML, like Gecko) Chrome/151.0.7922.173 Mobile Safari/537.36 (compatible; Googlebot/2.1; +http://www.google.com/bot.html)"
85.208.96.206 - - [04/Sep/2026:15:18:47 +0200] "GET /cache/wp-content/themes/wp/wp-content/ HTTP/1.1" 200 2327 "-" "Mozilla/5.0 (compatible; SemrushBot/7~bl; +http://www.semrush.com/bot.html)"
66.249.74.102 - - [04/Sep/2026:15:18:50 +0200] "GET /products/detail/C67653328567/ HTTP/1.1" 404 1251 "-" "Mozilla/5.0 (Linux; Android 6.0.1; Nexus 5X Build/MMB29P) AppleWebKit/537.36 (KHTML, like Gecko) Chrome/151.0.7922.173 Mobile Safari/537.36 (compatible; Googlebot/2.1; +http://www.google.com/bot.html)"
185.191.171.10 - - [04/Sep/2026:15:18:52 +0200] "GET /cache/upgrade/wp-content/themes/wp/ HTTP/1.1" 200 1969 "-" "Mozilla/5.0 (compatible; SemrushBot/7~bl; +http://www.semrush.com/bot.html)"
66.249.74.102 - - [04/Sep/2026:15:18:59 +0200] "GET /products/detail/C67653326517/ HTTP/1.1" 404 1251 "-" "Mozilla/5.0 (Linux; Android 6.0.1; Nexus 5X Build/MMB29P) AppleWebKit/537.36 (KHTML, like Gecko) Chrome/151.0.7922.173 Mobile Safari/537.36 (compatible; Googlebot/2.1; +http://www.google.com/bot.html)"
66.249.74.102 - - [04/Sep/2026:15:19:01 +0200] "GET /products/detail/C67172312085/ HTTP/1.1" 404 1251 "-" "Mozilla/5.0 (Linux; Android 6.0.1; Nexus 5X Build/MMB29P) AppleWebKit/537.36 (KHTML, like Gecko) Chrome/151.0.7922.173 Mobile Safari/537.36 (compatible; Googlebot/2.1; +http://www.google.com/bot.html)"
66.249.74.102 - - [04/Sep/2026:15:19:01 +0200] "GET /products/detail/C6713443703/ HTTP/1.1" 404 1251 "-" "Mozilla/5.0 (Linux; Android 6.0.1; Nexus 5X Build/MMB29P) AppleWebKit/537.36 (KHTML, like Gecko) Chrome/151.0.7922.173 Mobile Safari/537.36 (compatible; Googlebot/2.1; +http://www.google.com/bot.html)"
185.191.171.6 - - [04/Sep/2026:15:19:02 +0200] "GET /wp/wp-content/wp-content/wp-admin/XOEguCcAv-20260813220809-20260813222321-20260813222456-20260813222732-20260813222754-20260813223013-20260813223249-20260813223304-20260813231222-20260813231437-20260821110848-20260821125031-20260821131558-20260821133834-20260821134024-20260823221722.php HTTP/1.1" 200 302 "-" "Mozilla/5.0 (compatible; SemrushBot/7~bl; +http://www.semrush.com/bot.html)"
66.249.74.102 - - [04/Sep/2026:15:19:07 +0200] "GET /products/detail/C6726628448/ HTTP/1.1" 404 1251 "-" "Mozilla/5.0 (Linux; Android 6.0.1; Nexus 5X Build/MMB29P) AppleWebKit/537.36 (KHTML, like Gecko) Chrome/151.0.7922.173 Mobile Safari/537.36 (compatible; Googlebot/2.1; +http://www.google.com/bot.html)"
66.249.74.102 - - [04/Sep/2026:15:19:18 +0200] "GET /products/detail/C67656145025/ HTTP/1.1" 404 1251 "-" "Mozilla/5.0 (Linux; Android 6.0.1; Nexus 5X Build/MMB29P) AppleWebKit/537.36 (KHTML, like Gecko) Chrome/151.0.7922.173 Mobile Safari/537.36 (compatible; Googlebot/2.1; +http://www.google.com/bot.html)"
85.208.96.200 - - [04/Sep/2026:15:19:21 +0200] "GET /wp/wp/wp-content/themes/XOEguCcAv-20260813220809-20260813222321-20260813222456-20260813222732-20260813222754-20260813223013-20260813223249-20260813223304-20260813231222-20260813231437-20260821110848-20260821123252-20260821135208-20260821140507-copy-20260821140617.php HTTP/1.1" 200 302 "-" "Mozilla/5.0 (compatible; SemrushBot/7~bl; +http://www.semrush.com/bot.html)"
185.191.171.15 - - [04/Sep/2026:15:19:23 +0200] "GET /wp-content/upgrade/wp-content/upgrade/XOEguCcAv-20260813220809-20260813222321-20260813222456-20260813222732-20260813222754-20260813223013-20260813223249-20260813223304-20260813231222-20260813231437-20260821110848-20260821125031-20260821131558-20260821133834-20260821134024-20260824230020.php HTTP/1.1" 200 302 "-" "Mozilla/5.0 (compatible; SemrushBot/7~bl; +http://www.semrush.com/bot.html)"
185.191.171.4 - - [04/Sep/2026:15:19:33 +0200] "GET /themes/wp/wp-content/wp-admin/XOEguCcAv-20260813220809-20260813222321-20260813222456-20260813222732-20260813222754-20260813223013-20260813223249-20260813223304-20260813231222-20260813231437-20260821110848-20260821125031-20260821131558-20260821133834-20260821134024-20260824033726.php HTTP/1.1" 200 302 "-" "Mozilla/5.0 (compatible; SemrushBot/7~bl; +http://www.semrush.com/bot.html)"
66.249.74.102 - - [04/Sep/2026:15:19:37 +0200] "GET /products/detail/C67787216593/ HTTP/1.1" 404 1251 "-" "Mozilla/5.0 (Linux; Android 6.0.1; Nexus 5X Build/MMB29P) AppleWebKit/537.36 (KHTML, like Gecko) Chrome/151.0.7922.173 Mobile Safari/537.36 (compatible; Googlebot/2.1; +http://www.google.com/bot.html)"
66.249.74.102 - - [04/Sep/2026:15:19:38 +0200] "GET /products/detail/C67815375487/ HTTP/1.1" 404 1251 "-" "Mozilla/5.0 (Linux; Android 6.0.1; Nexus 5X Build/MMB29P) AppleWebKit/537.36 (KHTML, like Gecko) Chrome/151.0.7922.173 Mobile Safari/537.36 (compatible; Googlebot/2.1; +http://www.google.com/bot.html)"
66.249.74.102 - - [04/Sep/2026:15:19:54 +0200] "GET /products/detail/C67653175385/ HTTP/1.1" 404 1251 "-" "Mozilla/5.0 (Linux; Android 6.0.1; Nexus 5X Build/MMB29P) AppleWebKit/537.36 (KHTML, like Gecko) Chrome/151.0.7922.173 Mobile Safari/537.36 (compatible; Googlebot/2.1; +http://www.google.com/bot.html)"
66.249.74.102 - - [04/Sep/2026:15:19:59 +0200] "GET /products/detail/C67490477995/ HTTP/1.1" 404 1251 "-" "Mozilla/5.0 (Linux; Android 6.0.1; Nexus 5X Build/MMB29P) AppleWebKit/537.36 (KHTML, like Gecko) Chrome/151.0.7922.173 Mobile Safari/537.36 (compatible; Googlebot/2.1; +http://www.google.com/bot.html)"
185.191.171.14 - - [04/Sep/2026:15:19:59 +0200] "GET /cache/wp/upgrade/wp-content/XOEguCcAv-20260813220809-20260813222321-20260813222456-20260813222732-20260813222754-20260813223013-20260813223249-20260813223304-20260813231222-20260813231437-20260821110848-20260821123252-20260821135208-20260821140510-20260821142004.php HTTP/1.1" 200 302 "-" "Mozilla/5.0 (compatible; SemrushBot/7~bl; +http://www.semrush.com/bot.html)"
185.191.171.2 - - [04/Sep/2026:15:20:01 +0200] "GET /wp/wp-content/wp-content/upgrade/XOEguCcAv-20260813220809-20260813222321-20260813222456-20260813222732-20260813222754-20260813223013-20260813223249-20260813223304-20260813231222-20260813231437-20260821110848-20260821123252-20260821135208-20260821140510-20260821140623-20260824172730.php HTTP/1.1" 200 302 "-" "Mozilla/5.0 (compatible; SemrushBot/7~bl; +http://www.semrush.com/bot.html)"
66.249.74.102 - - [04/Sep/2026:15:20:17 +0200] "GET /products/detail/C6739532033/ HTTP/1.1" 404 1251 "-" "Mozilla/5.0 (Linux; Android 6.0.1; Nexus 5X Build/MMB29P) AppleWebKit/537.36 (KHTML, like Gecko) Chrome/151.0.7922.173 Mobile Safari/537.36 (compatible; Googlebot/2.1; +http://www.google.com/bot.html)"
66.249.74.104 - - [04/Sep/2026:15:20:20 +0200] "GET /products/detail/C67634369852/ HTTP/1.1" 404 1251 "-" "Mozilla/5.0 (Linux; Android 6.0.1; Nexus 5X Build/MMB29P) AppleWebKit/537.36 (KHTML, like Gecko) Chrome/151.0.7922.173 Mobile Safari/537.36 (compatible; Googlebot/2.1; +http://www.google.com/bot.html)"
66.249.74.103 - - [04/Sep/2026:15:20:21 +0200] "GET /products/detail/C67680135869/ HTTP/1.1" 404 1251 "-" "Mozilla/5.0 (Linux; Android 6.0.1; Nexus 5X Build/MMB29P) AppleWebKit/537.36 (KHTML, like Gecko) Chrome/151.0.7922.173 Mobile Safari/537.36 (compatible; Googlebot/2.1; +http://www.google.com/bot.html)"
173.254.216.123 - - [04/Sep/2026:15:20:21 +0200] "GET /cache/wp-content/XOEguCcAv-20260813220809-20260813222321-20260813222456-20260813222732-20260813222754-20260813222920-20260813222934-20260813224132-20260813231221-20260814180433-20260814183107-20260821190457-20260821191223-20260821191500.php HTTP/2" 200 254 "-" "Mozilla/5.0 (Linux; Android 15; Pixel 9) AppleWebKit/537.36 (KHTML, like Gecko) Chrome/151.0.0.0 Mobile Safari/537.36"
185.191.171.11 - - [04/Sep/2026:15:20:35 +0200] "GET /wp-content/wp-content/themes/wp/wp-content/ HTTP/1.1" 200 1611 "-" "Mozilla/5.0 (compatible; SemrushBot/7~bl; +http://www.semrush.com/bot.html)"
185.191.171.8 - - [04/Sep/2026:15:20:39 +0200] "GET /wp-content/wp-content/wp-admin/wp-content/XOEguCcAv-20260813220809-20260813222321-20260813222456-20260813222732-20260813222754-20260813223013-20260813223249-20260813223304-20260813231222-20260813231437-20260821110848-20260821125031-20260821131558-20260821133834-20260821134024-20260824024621.php HTTP/1.1" 200 302 "-" "Mozilla/5.0 (compatible; SemrushBot/7~bl; +http://www.semrush.com/bot.html)"
66.249.74.102 - - [04/Sep/2026:15:20:49 +0200] "GET /products/detail/C67653420063/ HTTP/1.1" 404 1251 "-" "Mozilla/5.0 (Linux; Android 6.0.1; Nexus 5X Build/MMB29P) AppleWebKit/537.36 (KHTML, like Gecko) Chrome/151.0.7922.173 Mobile Safari/537.36 (compatible; Googlebot/2.1; +http://www.google.com/bot.html)"
66.249.74.102 - - [04/Sep/2026:15:20:55 +0200] "GET /products/detail/C67606380301/ HTTP/1.1" 404 1251 "-" "Mozilla/5.0 (Linux; Android 6.0.1; Nexus 5X Build/MMB29P) AppleWebKit/537.36 (KHTML, like Gecko) Chrome/151.0.7922.173 Mobile Safari/537.36 (compatible; Googlebot/2.1; +http://www.google.com/bot.html)"
66.249.74.104 - - [04/Sep/2026:15:21:07 +0200] "GET /products/detail/C67247164593/ HTTP/1.1" 404 1251 "-" "Mozilla/5.0 (Linux; Android 6.0.1; Nexus 5X Build/MMB29P) AppleWebKit/537.36 (KHTML, like Gecko) Chrome/151.0.7922.173 Mobile Safari/537.36 (compatible; Googlebot/2.1; +http://www.google.com/bot.html)"
66.249.74.102 - - [04/Sep/2026:15:21:18 +0200] "GET /products/detail/C67376498461/ HTTP/1.1" 404 1251 "-" "Mozilla/5.0 (Linux; Android 6.0.1; Nexus 5X Build/MMB29P) AppleWebKit/537.36 (KHTML, like Gecko) Chrome/151.0.7922.173 Mobile Safari/537.36 (compatible; Googlebot/2.1; +http://www.google.com/bot.html)"
66.249.74.102 - - [04/Sep/2026:15:21:20 +0200] "GET /products/detail/C67907471681/ HTTP/1.1" 404 1251 "-" "Mozilla/5.0 (Linux; Android 6.0.1; Nexus 5X Build/MMB29P) AppleWebKit/537.36 (KHTML, like Gecko) Chrome/151.0.7922.173 Mobile Safari/537.36 (compatible; Googlebot/2.1; +http://www.google.com/bot.html)"
66.249.74.102 - - [04/Sep/2026:15:21:36 +0200] "GET /products/detail/C67822220480/ HTTP/1.1" 404 1251 "-" "Mozilla/5.0 (Linux; Android 6.0.1; Nexus 5X Build/MMB29P) AppleWebKit/537.36 (KHTML, like Gecko) Chrome/151.0.7922.173 Mobile Safari/537.36 (compatible; Googlebot/2.1; +http://www.google.com/bot.html)"
185.191.171.2 - - [04/Sep/2026:15:21:55 +0200] "GET /themes/wp-content/wp-content/cache/XOEguCcAv-20260813220809-20260813222321-20260813222456-20260813222732-20260813222754-20260813223013-20260813223249-20260813223304-20260813231222-20260813231437-20260821110848-20260821125031-20260821131558-20260821133834-20260821134024-20260823214232.php HTTP/1.1" 200 302 "-" "Mozilla/5.0 (compatible; SemrushBot/7~bl; +http://www.semrush.com/bot.html)"
66.249.74.102 - - [04/Sep/2026:15:21:55 +0200] "GET /?a=02937127887101 HTTP/1.1" 200 1519 "-" "Mozilla/5.0 (Linux; Android 6.0.1; Nexus 5X Build/MMB29P) AppleWebKit/537.36 (KHTML, like Gecko) Chrome/151.0.7922.173 Mobile Safari/537.36 (compatible; Googlebot/2.1; +http://www.google.com/bot.html)"
