66.249.74.104 - - [04/Sep/2026:17:16:08 +0200] "GET /products/detail/C67499217697/ HTTP/1.1" 404 1251 "-" "Mozilla/5.0 (Linux; Android 6.0.1; Nexus 5X Build/MMB29P) AppleWebKit/537.36 (KHTML, like Gecko) Chrome/151.0.7922.173 Mobile Safari/537.36 (compatible; Googlebot/2.1; +http://www.google.com/bot.html)"
66.249.74.104 - - [04/Sep/2026:17:16:09 +0200] "GET /products/detail/C6797481206/ HTTP/1.1" 404 1251 "-" "Mozilla/5.0 (Linux; Android 6.0.1; Nexus 5X Build/MMB29P) AppleWebKit/537.36 (KHTML, like Gecko) Chrome/151.0.7922.173 Mobile Safari/537.36 (compatible; Googlebot/2.1; +http://www.google.com/bot.html)"
66.249.74.104 - - [04/Sep/2026:17:16:11 +0200] "GET /products/detail/C67119366259/ HTTP/1.1" 404 1251 "-" "Mozilla/5.0 (Linux; Android 6.0.1; Nexus 5X Build/MMB29P) AppleWebKit/537.36 (KHTML, like Gecko) Chrome/151.0.7922.173 Mobile Safari/537.36 (compatible; Googlebot/2.1; +http://www.google.com/bot.html)"
66.249.74.102 - - [04/Sep/2026:17:16:13 +0200] "GET /?a=97100165791204 HTTP/1.1" 200 1558 "-" "Mozilla/5.0 (Linux; Android 6.0.1; Nexus 5X Build/MMB29P) AppleWebKit/537.36 (KHTML, like Gecko) Chrome/151.0.7922.173 Mobile Safari/537.36 (compatible; Googlebot/2.1; +http://www.google.com/bot.html)"
66.249.74.102 - - [04/Sep/2026:17:16:14 +0200] "GET /products/detail/C67504123235/ HTTP/1.1" 404 1251 "-" "Mozilla/5.0 (Linux; Android 6.0.1; Nexus 5X Build/MMB29P) AppleWebKit/537.36 (KHTML, like Gecko) Chrome/151.0.7922.173 Mobile Safari/537.36 (compatible; Googlebot/2.1; +http://www.google.com/bot.html)"
85.208.96.201 - - [04/Sep/2026:17:16:17 +0200] "GET /halledegournay.fr/wp-content/wp/wp-content/XOEguCcAv-20260813220809-20260813222321-20260813222456-20260813222732-20260813222754-20260813222920-20260813223001-20260813224518-20260813231444-20260813233518-20260813235150-20260817043751-20260817055541-20260821133829-20260821134323-20260824123735.php HTTP/1.1" 200 302 "-" "Mozilla/5.0 (compatible; SemrushBot/7~bl; +http://www.semrush.com/bot.html)"
185.191.171.13 - - [04/Sep/2026:17:16:21 +0200] "GET /halledegournay.fr/themes/wp-content/upgrade/XOEguCcAv-20260813220809-20260813222321-20260813222456-20260813222732-20260813222754-20260813223013-20260813223249-20260813223304-20260813231222-20260813231437-20260821110848-20260821125031-20260821131558-20260821133834-20260821134024.php HTTP/1.1" 200 302 "-" "Mozilla/5.0 (compatible; SemrushBot/7~bl; +http://www.semrush.com/bot.html)"
66.249.74.102 - - [04/Sep/2026:17:16:33 +0200] "GET /products/detail/C67562305862/ HTTP/1.1" 404 1251 "-" "Mozilla/5.0 (Linux; Android 6.0.1; Nexus 5X Build/MMB29P) AppleWebKit/537.36 (KHTML, like Gecko) Chrome/151.0.7922.173 Mobile Safari/537.36 (compatible; Googlebot/2.1; +http://www.google.com/bot.html)"
66.249.74.102 - - [04/Sep/2026:17:16:35 +0200] "GET /products/detail/C67957133182/ HTTP/1.1" 404 1251 "-" "Mozilla/5.0 (Linux; Android 6.0.1; Nexus 5X Build/MMB29P) AppleWebKit/537.36 (KHTML, like Gecko) Chrome/151.0.7922.173 Mobile Safari/537.36 (compatible; Googlebot/2.1; +http://www.google.com/bot.html)"
66.249.74.102 - - [04/Sep/2026:17:16:35 +0200] "GET /products/detail/C67179456817/ HTTP/1.1" 404 1251 "-" "Mozilla/5.0 (Linux; Android 6.0.1; Nexus 5X Build/MMB29P) AppleWebKit/537.36 (KHTML, like Gecko) Chrome/151.0.7922.173 Mobile Safari/537.36 (compatible; Googlebot/2.1; +http://www.google.com/bot.html)"
85.208.96.209 - - [04/Sep/2026:17:16:39 +0200] "GET /robots.txt HTTP/1.1" 404 1251 "-" "Mozilla/5.0 (compatible; SemrushBot/7~bl; +http://www.semrush.com/bot.html)"
185.191.171.16 - - [04/Sep/2026:17:16:40 +0200] "GET /wp-content/wp-content/upgrade/wp/XOEguCcAv-20260813220809-20260813222321-20260813222456-20260813222732-20260813222754-20260813223013-20260813223249-20260813223304-20260813231222-20260813231437-20260821110848-20260821125031-20260821131558-20260821133834-20260821134024-20260824035143.php HTTP/1.1" 200 302 "-" "Mozilla/5.0 (compatible; SemrushBot/7~bl; +http://www.semrush.com/bot.html)"
185.191.171.7 - - [04/Sep/2026:17:16:42 +0200] "GET /cache/wp/upgrade/wp-content/themes/ HTTP/1.1" 200 1799 "-" "Mozilla/5.0 (compatible; SemrushBot/7~bl; +http://www.semrush.com/bot.html)"
66.249.74.102 - - [04/Sep/2026:17:16:52 +0200] "GET /products/detail/C6741833417/ HTTP/1.1" 404 1251 "-" "Mozilla/5.0 (Linux; Android 6.0.1; Nexus 5X Build/MMB29P) AppleWebKit/537.36 (KHTML, like Gecko) Chrome/151.0.7922.173 Mobile Safari/537.36 (compatible; Googlebot/2.1; +http://www.google.com/bot.html)"
66.249.74.102 - - [04/Sep/2026:17:16:54 +0200] "GET /products/detail/C67896315137/ HTTP/1.1" 404 1251 "-" "Mozilla/5.0 (Linux; Android 6.0.1; Nexus 5X Build/MMB29P) AppleWebKit/537.36 (KHTML, like Gecko) Chrome/151.0.7922.173 Mobile Safari/537.36 (compatible; Googlebot/2.1; +http://www.google.com/bot.html)"
85.208.96.203 - - [04/Sep/2026:17:17:00 +0200] "GET /wp/wp/wp-content/themes/XOEguCcAv-20260813220809-20260813222321-20260813222456-20260813222732-20260813222754-20260813222920-20260813222934-20260813224132-20260813231221-20260814180433-20260814183107-20260821190457-20260821191223-20260821191517-20260824185423.php HTTP/1.1" 200 302 "-" "Mozilla/5.0 (compatible; SemrushBot/7~bl; +http://www.semrush.com/bot.html)"
185.191.171.4 - - [04/Sep/2026:17:17:10 +0200] "GET /cache/wp-content/themes/wp-content/XOEguCcAv-20260813220809-20260813222321-20260813222456-20260813222732-20260813222754-20260813223013-20260813223249-20260813223304-20260813231222-20260813231437-20260821110848-20260821125031-20260821131558-20260821133834-20260821134024-20260824004611.php HTTP/1.1" 200 302 "-" "Mozilla/5.0 (compatible; SemrushBot/7~bl; +http://www.semrush.com/bot.html)"
66.249.74.104 - - [04/Sep/2026:17:17:15 +0200] "GET /products/detail/C67511156167/ HTTP/1.1" 404 1251 "-" "Mozilla/5.0 (Linux; Android 6.0.1; Nexus 5X Build/MMB29P) AppleWebKit/537.36 (KHTML, like Gecko) Chrome/151.0.7922.173 Mobile Safari/537.36 (compatible; Googlebot/2.1; +http://www.google.com/bot.html)"
66.249.74.103 - - [04/Sep/2026:17:17:15 +0200] "GET /products/detail/C67155477985/ HTTP/1.1" 404 1251 "-" "Mozilla/5.0 (Linux; Android 6.0.1; Nexus 5X Build/MMB29P) AppleWebKit/537.36 (KHTML, like Gecko) Chrome/151.0.7922.173 Mobile Safari/537.36 (compatible; Googlebot/2.1; +http://www.google.com/bot.html)"
185.191.171.3 - - [04/Sep/2026:17:17:18 +0200] "GET /themes/upgrade/wp-content/upgrade/XOEguCcAv-20260813220809-20260813222321-20260813222456-20260813222732-20260813222754-20260813222920-20260813222934-20260813224132-20260813231221-20260814180433-20260814183107-20260821190457-20260821191223-20260821191517-20260824185423.php HTTP/1.1" 200 302 "-" "Mozilla/5.0 (compatible; SemrushBot/7~bl; +http://www.semrush.com/bot.html)"
213.188.74.191 - - [04/Sep/2026:17:17:19 +0200] "GET /products/detail/C6712762932/ HTTP/2" 404 1251 "-" "Mozilla/5.0 (X11; Linux x86_64; rv:125.0) Gecko/20100101 Firefox/125.0"
213.188.74.191 - - [04/Sep/2026:17:17:19 +0200] "GET /favicon.ico HTTP/2" 404 1251 "https://marchesdevitry.com/products/detail/C6712762932/" "Mozilla/5.0 (X11; Linux x86_64; rv:125.0) Gecko/20100101 Firefox/125.0"
66.249.79.75 - - [04/Sep/2026:17:17:23 +0200] "GET /?a=2234466407502 HTTP/1.1" 200 1558 "-" "Mozilla/5.0 (Linux; Android 6.0.1; Nexus 5X Build/MMB29P) AppleWebKit/537.36 (KHTML, like Gecko) Chrome/151.0.7922.173 Mobile Safari/537.36 (compatible; Googlebot/2.1; +http://www.google.com/bot.html)"
66.249.74.102 - - [04/Sep/2026:17:17:34 +0200] "GET /products/detail/C67643390058/ HTTP/1.1" 404 1251 "-" "Mozilla/5.0 (Linux; Android 6.0.1; Nexus 5X Build/MMB29P) AppleWebKit/537.36 (KHTML, like Gecko) Chrome/151.0.7922.173 Mobile Safari/537.36 (compatible; Googlebot/2.1; +http://www.google.com/bot.html)"
66.249.74.102 - - [04/Sep/2026:17:17:45 +0200] "GET /products/detail/C67975215745/ HTTP/1.1" 404 1251 "-" "Mozilla/5.0 (Linux; Android 6.0.1; Nexus 5X Build/MMB29P) AppleWebKit/537.36 (KHTML, like Gecko) Chrome/151.0.7922.173 Mobile Safari/537.36 (compatible; Googlebot/2.1; +http://www.google.com/bot.html)"
66.249.74.102 - - [04/Sep/2026:17:17:48 +0200] "GET /products/detail/C67551186839/ HTTP/1.1" 404 1251 "-" "Mozilla/5.0 (Linux; Android 6.0.1; Nexus 5X Build/MMB29P) AppleWebKit/537.36 (KHTML, like Gecko) Chrome/151.0.7922.173 Mobile Safari/537.36 (compatible; Googlebot/2.1; +http://www.google.com/bot.html)"
66.249.74.102 - - [04/Sep/2026:17:17:49 +0200] "GET /products/detail/C6765351927/ HTTP/1.1" 404 1251 "-" "Mozilla/5.0 (Linux; Android 6.0.1; Nexus 5X Build/MMB29P) AppleWebKit/537.36 (KHTML, like Gecko) Chrome/151.0.7922.173 Mobile Safari/537.36 (compatible; Googlebot/2.1; +http://www.google.com/bot.html)"
66.249.74.102 - - [04/Sep/2026:17:17:51 +0200] "GET /products/detail/C67569300861/ HTTP/1.1" 404 1251 "-" "Mozilla/5.0 (Linux; Android 6.0.1; Nexus 5X Build/MMB29P) AppleWebKit/537.36 (KHTML, like Gecko) Chrome/151.0.7922.173 Mobile Safari/537.36 (compatible; Googlebot/2.1; +http://www.google.com/bot.html)"
66.249.74.102 - - [04/Sep/2026:17:17:52 +0200] "GET /products/detail/C67499327937/ HTTP/1.1" 404 1251 "-" "Mozilla/5.0 (Linux; Android 6.0.1; Nexus 5X Build/MMB29P) AppleWebKit/537.36 (KHTML, like Gecko) Chrome/151.0.7922.173 Mobile Safari/537.36 (compatible; Googlebot/2.1; +http://www.google.com/bot.html)"
85.208.96.195 - - [04/Sep/2026:17:17:53 +0200] "GET /upgrade/wp-admin/wp-content/wp-admin/XOEguCcAv-20260813220809-20260813222321-20260813222456-20260813222732-20260813222754-20260813222920-20260813223001-20260813224518-20260813224622-20260813224925-20260821065500-20260821074251-20260821075550-20260821075613-20260821125105-20260824024632.php HTTP/1.1" 200 302 "-" "Mozilla/5.0 (compatible; SemrushBot/7~bl; +http://www.semrush.com/bot.html)"
185.191.171.16 - - [04/Sep/2026:17:17:56 +0200] "GET /upgrade/wp/themes/wp-content/upgrade/ HTTP/1.1" 200 1738 "-" "Mozilla/5.0 (compatible; SemrushBot/7~bl; +http://www.semrush.com/bot.html)"
51.81.111.1 - - [04/Sep/2026:17:18:03 +0200] "GET /robots.txt HTTP/2" 404 1251 "-" "Mozilla/5.0 (compatible; AhrefsBot/7.0; +http://ahrefs.com/robot/)"
176.31.139.25 - - [04/Sep/2026:17:18:04 +0200] "GET /author/sonia/ HTTP/2" 404 1251 "-" "Mozilla/5.0 (compatible; AhrefsBot/7.0; +http://ahrefs.com/robot/)"
66.249.74.102 - - [04/Sep/2026:17:18:10 +0200] "GET /?a=9787145855304 HTTP/1.1" 200 1558 "-" "Mozilla/5.0 (Linux; Android 6.0.1; Nexus 5X Build/MMB29P) AppleWebKit/537.36 (KHTML, like Gecko) Chrome/151.0.7922.173 Mobile Safari/537.36 (compatible; Googlebot/2.1; +http://www.google.com/bot.html)"
66.249.74.103 - - [04/Sep/2026:17:18:24 +0200] "GET /products/detail/C67307184697/ HTTP/1.1" 404 1251 "-" "Mozilla/5.0 (Linux; Android 6.0.1; Nexus 5X Build/MMB29P) AppleWebKit/537.36 (KHTML, like Gecko) Chrome/151.0.7922.173 Mobile Safari/537.36 (compatible; Googlebot/2.1; +http://www.google.com/bot.html)"
66.249.74.103 - - [04/Sep/2026:17:18:25 +0200] "GET /products/detail/C67643279905/ HTTP/1.1" 404 1251 "-" "Mozilla/5.0 (Linux; Android 6.0.1; Nexus 5X Build/MMB29P) AppleWebKit/537.36 (KHTML, like Gecko) Chrome/151.0.7922.173 Mobile Safari/537.36 (compatible; Googlebot/2.1; +http://www.google.com/bot.html)"
85.208.96.198 - - [04/Sep/2026:17:18:26 +0200] "GET /halledegournay.fr/wp-content/wp/wp-content/wp-content/ HTTP/1.1" 200 2343 "-" "Mozilla/5.0 (compatible; SemrushBot/7~bl; +http://www.semrush.com/bot.html)"
185.191.171.18 - - [04/Sep/2026:17:18:36 +0200] "GET /wp/themes/themes/wp-content/XOEguCcAv-20260813220809-20260813222321-20260813222456-20260813222732-20260813222754-20260813222920-20260813223001-20260813224518-20260813224622-20260813224925-20260821065500-20260821074251-20260821075550-20260821075613-20260824050824.php HTTP/1.1" 200 302 "-" "Mozilla/5.0 (compatible; SemrushBot/7~bl; +http://www.semrush.com/bot.html)"
66.249.74.102 - - [04/Sep/2026:17:19:04 +0200] "GET /products/detail/C67504206378/ HTTP/1.1" 404 1251 "-" "Mozilla/5.0 (Linux; Android 6.0.1; Nexus 5X Build/MMB29P) AppleWebKit/537.36 (KHTML, like Gecko) Chrome/151.0.7922.173 Mobile Safari/537.36 (compatible; Googlebot/2.1; +http://www.google.com/bot.html)"
66.249.74.102 - - [04/Sep/2026:17:19:13 +0200] "GET /?a=517147989800 HTTP/1.1" 200 1558 "-" "Mozilla/5.0 (Linux; Android 6.0.1; Nexus 5X Build/MMB29P) AppleWebKit/537.36 (KHTML, like Gecko) Chrome/151.0.7922.173 Mobile Safari/537.36 (compatible; Googlebot/2.1; +http://www.google.com/bot.html)"
66.249.74.102 - - [04/Sep/2026:17:19:32 +0200] "GET /shop/pg/C6786240 HTTP/1.1" 404 1251 "-" "Mozilla/5.0 (Linux; Android 6.0.1; Nexus 5X Build/MMB29P) AppleWebKit/537.36 (KHTML, like Gecko) Chrome/151.0.7922.173 Mobile Safari/537.36 (compatible; Googlebot/2.1; +http://www.google.com/bot.html)"
185.191.171.7 - - [04/Sep/2026:17:19:32 +0200] "GET /cache/themes/wp-content/cache/wp-admin/ HTTP/1.1" 200 952 "-" "Mozilla/5.0 (compatible; SemrushBot/7~bl; +http://www.semrush.com/bot.html)"
85.89.207.60 - - [04/Sep/2026:17:19:35 +0200] "GET /cache/wp-content/XOEguCcAv-20260813220809-20260813222321-20260813222456-20260813222732-20260813222754-20260813223013-20260813223249-20260813223304-20260813231222-20260813231437-20260821110848-20260821123252-20260821135208-20260821140120-20260821140145.php HTTP/2" 200 254 "-" "Mozilla/5.0 (Linux; Android 15; CPH2653) AppleWebKit/537.36 (KHTML, like Gecko) Chrome/149.0.0.0 Mobile Safari/537.36"
85.208.96.208 - - [04/Sep/2026:17:19:35 +0200] "GET /cache/upgrade/themes/wp-content/XOEguCcAv-20260813220809-20260813222321-20260813222456-20260813222732-20260813222754-20260813223013-20260813223249-20260813223304-20260813231222-20260813231437.php HTTP/1.1" 200 302 "-" "Mozilla/5.0 (compatible; SemrushBot/7~bl; +http://www.semrush.com/bot.html)"
66.249.74.102 - - [04/Sep/2026:17:19:49 +0200] "GET /?a=03703222419706 HTTP/1.1" 200 1558 "-" "Mozilla/5.0 (Linux; Android 6.0.1; Nexus 5X Build/MMB29P) AppleWebKit/537.36 (KHTML, like Gecko) Chrome/151.0.7922.173 Mobile Safari/537.36 (compatible; Googlebot/2.1; +http://www.google.com/bot.html)"
185.191.171.4 - - [04/Sep/2026:17:20:01 +0200] "GET /themes/themes/wp-content/wp-admin/XOEguCcAv-20260813220809-20260813222321-20260813222456-20260813222732-20260813222754-20260813223013-20260813223249-20260813223304-20260813231222-20260813231437.php HTTP/1.1" 200 302 "-" "Mozilla/5.0 (compatible; SemrushBot/7~bl; +http://www.semrush.com/bot.html)"
185.191.171.2 - - [04/Sep/2026:17:20:22 +0200] "GET /cache/upgrade/themes/wp-content/XOEguCcAv-20260813220809-20260813222321-20260813222456-20260813222732-20260813222754-20260813222920-20260813223001-20260813224518-20260813224622-20260813224925-20260821065500-20260821074251-20260821075550-20260821075613.php HTTP/1.1" 200 302 "-" "Mozilla/5.0 (compatible; SemrushBot/7~bl; +http://www.semrush.com/bot.html)"
66.249.74.103 - - [04/Sep/2026:17:20:27 +0200] "GET /products/detail/C67975292033/ HTTP/1.1" 404 1251 "-" "Mozilla/5.0 (Linux; Android 6.0.1; Nexus 5X Build/MMB29P) AppleWebKit/537.36 (KHTML, like Gecko) Chrome/151.0.7922.173 Mobile Safari/537.36 (compatible; Googlebot/2.1; +http://www.google.com/bot.html)"
85.208.96.194 - - [04/Sep/2026:17:20:28 +0200] "GET /wp/themes/wp-content/wp-admin/XOEguCcAv-20260813220809-20260813222321-20260813222456-20260813222732-20260813222754-20260813222920-20260813223001-20260813224518-20260813224622-20260813224925-20260821065500-20260821074251-20260821075550-20260821075613-20260821125105-20260824024632.php HTTP/1.1" 200 302 "-" "Mozilla/5.0 (compatible; SemrushBot/7~bl; +http://www.semrush.com/bot.html)"
66.249.74.102 - - [04/Sep/2026:17:20:32 +0200] "GET /products/detail/C67680378862/ HTTP/1.1" 404 1251 "-" "Mozilla/5.0 (Linux; Android 6.0.1; Nexus 5X Build/MMB29P) AppleWebKit/537.36 (KHTML, like Gecko) Chrome/151.0.7922.173 Mobile Safari/537.36 (compatible; Googlebot/2.1; +http://www.google.com/bot.html)"
85.208.96.193 - - [04/Sep/2026:17:20:32 +0200] "GET /wp/wp-content/upgrade/wp/wp-content/ HTTP/1.1" 200 1850 "-" "Mozilla/5.0 (compatible; SemrushBot/7~bl; +http://www.semrush.com/bot.html)"
66.249.74.102 - - [04/Sep/2026:17:20:37 +0200] "GET /products/detail/C67531459859/ HTTP/1.1" 404 1251 "-" "Mozilla/5.0 (Linux; Android 6.0.1; Nexus 5X Build/MMB29P) AppleWebKit/537.36 (KHTML, like Gecko) Chrome/151.0.7922.173 Mobile Safari/537.36 (compatible; Googlebot/2.1; +http://www.google.com/bot.html)"
66.249.74.164 - - [04/Sep/2026:17:20:41 +0200] "GET /products/detail/I7394719260/ HTTP/1.1" 404 1251 "-" "Mozilla/5.0 (compatible; Googlebot/2.1; +http://www.google.com/bot.html)"
66.249.74.102 - - [04/Sep/2026:17:20:42 +0200] "GET /products/detail/C6780299201/ HTTP/1.1" 404 1251 "-" "Mozilla/5.0 (Linux; Android 6.0.1; Nexus 5X Build/MMB29P) AppleWebKit/537.36 (KHTML, like Gecko) Chrome/151.0.7922.173 Mobile Safari/537.36 (compatible; Googlebot/2.1; +http://www.google.com/bot.html)"
66.249.74.104 - - [04/Sep/2026:17:21:03 +0200] "GET /products/detail/C67155457147/ HTTP/1.1" 404 1251 "-" "Mozilla/5.0 (Linux; Android 6.0.1; Nexus 5X Build/MMB29P) AppleWebKit/537.36 (KHTML, like Gecko) Chrome/151.0.7922.173 Mobile Safari/537.36 (compatible; Googlebot/2.1; +http://www.google.com/bot.html)"
85.208.96.208 - - [04/Sep/2026:17:21:10 +0200] "GET /cache/wp/wp/wp-content/wp-content/ HTTP/1.1" 200 2448 "-" "Mozilla/5.0 (compatible; SemrushBot/7~bl; +http://www.semrush.com/bot.html)"
66.249.74.103 - - [04/Sep/2026:17:21:17 +0200] "GET /products/detail/C67167361260/ HTTP/1.1" 404 1251 "-" "Mozilla/5.0 (Linux; Android 6.0.1; Nexus 5X Build/MMB29P) AppleWebKit/537.36 (KHTML, like Gecko) Chrome/151.0.7922.173 Mobile Safari/537.36 (compatible; Googlebot/2.1; +http://www.google.com/bot.html)"
66.249.74.102 - - [04/Sep/2026:17:21:17 +0200] "GET /products/detail/C67804141729/ HTTP/1.1" 404 1251 "-" "Mozilla/5.0 (Linux; Android 6.0.1; Nexus 5X Build/MMB29P) AppleWebKit/537.36 (KHTML, like Gecko) Chrome/151.0.7922.173 Mobile Safari/537.36 (compatible; Googlebot/2.1; +http://www.google.com/bot.html)"
85.208.96.196 - - [04/Sep/2026:17:21:23 +0200] "GET /cache/wp-content/wp-content/themes/wp/ HTTP/1.1" 200 1926 "-" "Mozilla/5.0 (compatible; SemrushBot/7~bl; +http://www.semrush.com/bot.html)"
66.249.74.102 - - [04/Sep/2026:17:21:28 +0200] "GET /products/detail/C67172368755/ HTTP/1.1" 404 1251 "-" "Mozilla/5.0 (Linux; Android 6.0.1; Nexus 5X Build/MMB29P) AppleWebKit/537.36 (KHTML, like Gecko) Chrome/151.0.7922.173 Mobile Safari/537.36 (compatible; Googlebot/2.1; +http://www.google.com/bot.html)"
66.249.74.102 - - [04/Sep/2026:17:21:29 +0200] "GET /?a=68822147861806 HTTP/1.1" 200 1558 "-" "Mozilla/5.0 (Linux; Android 6.0.1; Nexus 5X Build/MMB29P) AppleWebKit/537.36 (KHTML, like Gecko) Chrome/151.0.7922.173 Mobile Safari/537.36 (compatible; Googlebot/2.1; +http://www.google.com/bot.html)"
66.249.74.102 - - [04/Sep/2026:17:21:29 +0200] "GET /fashion/824356109342312.htm HTTP/1.1" 404 1251 "-" "Mozilla/5.0 (Linux; Android 6.0.1; Nexus 5X Build/MMB29P) AppleWebKit/537.36 (KHTML, like Gecko) Chrome/151.0.7922.173 Mobile Safari/537.36 (compatible; Googlebot/2.1; +http://www.google.com/bot.html)"
66.249.74.102 - - [04/Sep/2026:17:21:29 +0200] "GET /products/detail/C67499224481/ HTTP/1.1" 404 1251 "-" "Mozilla/5.0 (Linux; Android 6.0.1; Nexus 5X Build/MMB29P) AppleWebKit/537.36 (KHTML, like Gecko) Chrome/151.0.7922.173 Mobile Safari/537.36 (compatible; Googlebot/2.1; +http://www.google.com/bot.html)"
185.191.171.6 - - [04/Sep/2026:17:21:30 +0200] "GET /wp-content/wp-content/wp-content/wp-content/XOEguCcAv-20260813220809-20260813222321-20260813222456-20260813222732-20260813222754-20260813223013-20260813223249-20260813223304-20260813231222-20260813231437-20260821110848-20260821123252-20260821135208-20260821140507-copy-20260824185421.php HTTP/1.1" 200 302 "-" "Mozilla/5.0 (compatible; SemrushBot/7~bl; +http://www.semrush.com/bot.html)"
66.249.74.102 - - [04/Sep/2026:17:21:43 +0200] "GET /products/detail/C67366482113/ HTTP/1.1" 404 1251 "-" "Mozilla/5.0 (Linux; Android 6.0.1; Nexus 5X Build/MMB29P) AppleWebKit/537.36 (KHTML, like Gecko) Chrome/151.0.7922.173 Mobile Safari/537.36 (compatible; Googlebot/2.1; +http://www.google.com/bot.html)"
85.208.96.204 - - [04/Sep/2026:17:21:46 +0200] "GET /upgrade/upgrade/wp-content/themes/XOEguCcAv-20260813220809-20260813222321-20260813222456-20260813222732-20260813222754-20260813222920-20260813223001-20260813224518-20260813224622-20260813224925-20260821065500-20260821074251-20260821075550-20260821075613-20260821125105-20260823211017.php HTTP/1.1" 200 302 "-" "Mozilla/5.0 (compatible; SemrushBot/7~bl; +http://www.semrush.com/bot.html)"
185.191.171.10 - - [04/Sep/2026:17:21:48 +0200] "GET /wp-content/wp-content/wp-content/upgrade/XOEguCcAv-20260813220809-20260813222321-20260813222456-20260813222732-20260813222754-20260813222920-20260813223001-20260813224518-20260813224622-20260813224925-20260821065500-20260821074251-20260821075550-20260821075613-20260821125105-20260824195806.php HTTP/1.1" 200 302 "-" "Mozilla/5.0 (compatible; SemrushBot/7~bl; +http://www.semrush.com/bot.html)"
185.191.171.10 - - [04/Sep/2026:17:22:01 +0200] "GET /wp/upgrade/wp-content/upgrade/XOEguCcAv-20260813220809-20260813222321-20260813222456-20260813222732-20260813222754-20260813222920-20260813223001-20260813224518-20260813224622-20260813224925-20260821065500-20260821074251-20260821075550-20260821075613-20260821125105-20260824122852.php HTTP/1.1" 200 302 "-" "Mozilla/5.0 (compatible; SemrushBot/7~bl; +http://www.semrush.com/bot.html)"
66.249.74.102 - - [04/Sep/2026:17:22:12 +0200] "GET /products/detail/C67525360918/ HTTP/1.1" 404 1251 "-" "Mozilla/5.0 (Linux; Android 6.0.1; Nexus 5X Build/MMB29P) AppleWebKit/537.36 (KHTML, like Gecko) Chrome/151.0.7922.173 Mobile Safari/537.36 (compatible; Googlebot/2.1; +http://www.google.com/bot.html)"
66.249.74.102 - - [04/Sep/2026:17:22:13 +0200] "GET /products/detail/C6768693850/ HTTP/1.1" 404 1251 "-" "Mozilla/5.0 (Linux; Android 6.0.1; Nexus 5X Build/MMB29P) AppleWebKit/537.36 (KHTML, like Gecko) Chrome/151.0.7922.173 Mobile Safari/537.36 (compatible; Googlebot/2.1; +http://www.google.com/bot.html)"
185.191.171.12 - - [04/Sep/2026:17:22:13 +0200] "GET /themes/themes/wp/wp-content/wp/ HTTP/1.1" 200 687 "-" "Mozilla/5.0 (compatible; SemrushBot/7~bl; +http://www.semrush.com/bot.html)"
66.249.74.102 - - [04/Sep/2026:17:22:23 +0200] "GET /products/detail/C67814202350/ HTTP/1.1" 404 1251 "-" "Mozilla/5.0 (compatible; Googlebot/2.1; +http://www.google.com/bot.html)"
66.249.74.102 - - [04/Sep/2026:17:22:33 +0200] "GET /products/detail/C6749075928/ HTTP/1.1" 404 1251 "-" "Mozilla/5.0 (Linux; Android 6.0.1; Nexus 5X Build/MMB29P) AppleWebKit/537.36 (KHTML, like Gecko) Chrome/151.0.7922.173 Mobile Safari/537.36 (compatible; Googlebot/2.1; +http://www.google.com/bot.html)"
66.249.74.102 - - [04/Sep/2026:17:22:33 +0200] "GET /?a=0884779390201 HTTP/1.1" 200 1519 "-" "Mozilla/5.0 (Linux; Android 6.0.1; Nexus 5X Build/MMB29P) AppleWebKit/537.36 (KHTML, like Gecko) Chrome/151.0.7922.173 Mobile Safari/537.36 (compatible; Googlebot/2.1; +http://www.google.com/bot.html)"
66.249.74.102 - - [04/Sep/2026:17:22:39 +0200] "GET /products/detail/C67653274045/ HTTP/1.1" 404 1251 "-" "Mozilla/5.0 (Linux; Android 6.0.1; Nexus 5X Build/MMB29P) AppleWebKit/537.36 (KHTML, like Gecko) Chrome/151.0.7922.173 Mobile Safari/537.36 (compatible; Googlebot/2.1; +http://www.google.com/bot.html)"
66.249.74.102 - - [04/Sep/2026:17:22:45 +0200] "GET /products/detail/C67654326630/ HTTP/1.1" 404 1251 "-" "Mozilla/5.0 (Linux; Android 6.0.1; Nexus 5X Build/MMB29P) AppleWebKit/537.36 (KHTML, like Gecko) Chrome/151.0.7922.173 Mobile Safari/537.36 (compatible; Googlebot/2.1; +http://www.google.com/bot.html)"
66.249.74.102 - - [04/Sep/2026:17:22:58 +0200] "GET /products/detail/C67680204516/ HTTP/1.1" 404 1251 "-" "Mozilla/5.0 (Linux; Android 6.0.1; Nexus 5X Build/MMB29P) AppleWebKit/537.36 (KHTML, like Gecko) Chrome/151.0.7922.173 Mobile Safari/537.36 (compatible; Googlebot/2.1; +http://www.google.com/bot.html)"
66.249.74.102 - - [04/Sep/2026:17:23:01 +0200] "GET /products/detail/C67791337565/ HTTP/1.1" 404 1251 "-" "Mozilla/5.0 (Linux; Android 6.0.1; Nexus 5X Build/MMB29P) AppleWebKit/537.36 (KHTML, like Gecko) Chrome/151.0.7922.173 Mobile Safari/537.36 (compatible; Googlebot/2.1; +http://www.google.com/bot.html)"
209.207.162.139 - - [04/Sep/2026:17:23:11 +0200] "GET /themes/upgrade/XOEguCcAv-20260813220809-20260813222321-20260813222456-20260813222732-20260813222754-20260813223013-20260813223249-20260813223304-20260813231222-20260813231437-20260821110848-20260821123252-20260821135208-20260821140510-20260821140623-20260824100818.php HTTP/2" 200 254 "-" "Mozilla/5.0 (iPhone; CPU iPhone OS 18_4 like Mac OS X) AppleWebKit/605.1.15 (KHTML, like Gecko) CriOS/151.0.0.0 Mobile/15E148 Safari/604.1"
185.191.171.6 - - [04/Sep/2026:17:23:09 +0200] "GET /upgrade/wp/wp-content/cache/XOEguCcAv-20260813220809-20260813222321-20260813222456-20260813222732-20260813222754-20260813222920-20260813223001-20260813224518-20260813224622-20260813224925-20260821065500-20260821074251-20260821075550-20260821075613-20260821125105-20260823211017.php HTTP/1.1" 200 302 "-" "Mozilla/5.0 (compatible; SemrushBot/7~bl; +http://www.semrush.com/bot.html)"
66.249.74.102 - - [04/Sep/2026:17:23:15 +0200] "GET /products/detail/C67247158817/ HTTP/1.1" 404 1251 "-" "Mozilla/5.0 (Linux; Android 6.0.1; Nexus 5X Build/MMB29P) AppleWebKit/537.36 (KHTML, like Gecko) Chrome/151.0.7922.173 Mobile Safari/537.36 (compatible; Googlebot/2.1; +http://www.google.com/bot.html)"
66.249.74.102 - - [04/Sep/2026:17:23:20 +0200] "GET /?a=5101066733700 HTTP/1.1" 200 1558 "-" "Mozilla/5.0 (Linux; Android 6.0.1; Nexus 5X Build/MMB29P) AppleWebKit/537.36 (KHTML, like Gecko) Chrome/151.0.7922.173 Mobile Safari/537.36 (compatible; Googlebot/2.1; +http://www.google.com/bot.html)"
185.191.171.1 - - [04/Sep/2026:17:23:26 +0200] "GET /themes/wp/upgrade/wp/wp-content/ HTTP/1.1" 200 768 "-" "Mozilla/5.0 (compatible; SemrushBot/7~bl; +http://www.semrush.com/bot.html)"
185.191.171.11 - - [04/Sep/2026:17:23:53 +0200] "GET /wp-content/wp-content/wp-content/wp-content/XOEguCcAv-20260813220809-20260813222321-20260813222456-20260813222732-20260813222754-20260813222920-20260813223001-20260813224518-20260813224622-20260813224925-20260821065500-20260821074251-20260821075550-20260821075613-20260821125105-20260824050806.php HTTP/1.1" 200 302 "-" "Mozilla/5.0 (compatible; SemrushBot/7~bl; +http://www.semrush.com/bot.html)"
66.249.74.164 - - [04/Sep/2026:17:23:54 +0200] "GET /products/detail/I7325586506/ HTTP/1.1" 404 1251 "-" "Mozilla/5.0 (Linux; Android 6.0.1; Nexus 5X Build/MMB29P) AppleWebKit/537.36 (KHTML, like Gecko) Chrome/151.0.7922.173 Mobile Safari/537.36 (compatible; Googlebot/2.1; +http://www.google.com/bot.html)"
85.208.96.201 - - [04/Sep/2026:17:23:56 +0200] "GET /upgrade/wp-content/themes/themes/wp/ HTTP/1.1" 200 1724 "-" "Mozilla/5.0 (compatible; SemrushBot/7~bl; +http://www.semrush.com/bot.html)"
66.249.74.104 - - [04/Sep/2026:17:24:06 +0200] "GET /products/detail/C67208437441/ HTTP/1.1" 404 1251 "-" "Mozilla/5.0 (Linux; Android 6.0.1; Nexus 5X Build/MMB29P) AppleWebKit/537.36 (KHTML, like Gecko) Chrome/151.0.7922.173 Mobile Safari/537.36 (compatible; Googlebot/2.1; +http://www.google.com/bot.html)"
66.249.74.102 - - [04/Sep/2026:17:24:13 +0200] "GET /products/detail/C67347117379/ HTTP/1.1" 404 1251 "-" "Mozilla/5.0 (Linux; Android 6.0.1; Nexus 5X Build/MMB29P) AppleWebKit/537.36 (KHTML, like Gecko) Chrome/151.0.7922.173 Mobile Safari/537.36 (compatible; Googlebot/2.1; +http://www.google.com/bot.html)"
185.191.171.2 - - [04/Sep/2026:17:24:20 +0200] "GET /wp-content/wp-content/wp-content/upgrade/XOEguCcAv-20260813220809-20260813222321-20260813222456-20260813222732-20260813222754-20260813223013-20260813223249-20260813223304-20260813231222-20260813231437.php HTTP/1.1" 200 302 "-" "Mozilla/5.0 (compatible; SemrushBot/7~bl; +http://www.semrush.com/bot.html)"
85.208.96.204 - - [04/Sep/2026:17:24:23 +0200] "GET /halledegournay.fr/wp-content/wp-content/wp-content/XOEguCcAv-20260813220809-20260813222321-20260813222456-20260813222732-20260813222754-20260813222920-20260813223001-20260813224518-20260813224622-20260813224925-20260821065500-20260821074251-20260821075550-20260821075613-20260824030600-20260824032017.php HTTP/1.1" 200 302 "-" "Mozilla/5.0 (compatible; SemrushBot/7~bl; +http://www.semrush.com/bot.html)"
185.191.171.11 - - [04/Sep/2026:17:24:25 +0200] "GET /cache/themes/wp/wp-content/XOEguCcAv-20260813220809-20260813222321-20260813222456-20260813222732-20260813222754-20260813223013-20260813223249-20260813223304-20260813231222-20260813231437-20260821110848-20260821123252-20260821135208-20260821140510-20260821140623.php HTTP/1.1" 200 302 "-" "Mozilla/5.0 (compatible; SemrushBot/7~bl; +http://www.semrush.com/bot.html)"
66.249.74.103 - - [04/Sep/2026:17:24:32 +0200] "GET /products/detail/C67679256370/ HTTP/1.1" 404 1251 "-" "Mozilla/5.0 (Linux; Android 6.0.1; Nexus 5X Build/MMB29P) AppleWebKit/537.36 (KHTML, like Gecko) Chrome/151.0.7922.173 Mobile Safari/537.36 (compatible; Googlebot/2.1; +http://www.google.com/bot.html)"
66.249.74.102 - - [04/Sep/2026:17:24:52 +0200] "GET /products/detail/C67791395112/ HTTP/1.1" 404 1251 "-" "Mozilla/5.0 (Linux; Android 6.0.1; Nexus 5X Build/MMB29P) AppleWebKit/537.36 (KHTML, like Gecko) Chrome/151.0.7922.173 Mobile Safari/537.36 (compatible; Googlebot/2.1; +http://www.google.com/bot.html)"
66.249.74.102 - - [04/Sep/2026:17:24:55 +0200] "GET /products/detail/C67397286817/ HTTP/1.1" 404 1251 "-" "Mozilla/5.0 (Linux; Android 6.0.1; Nexus 5X Build/MMB29P) AppleWebKit/537.36 (KHTML, like Gecko) Chrome/151.0.7922.173 Mobile Safari/537.36 (compatible; Googlebot/2.1; +http://www.google.com/bot.html)"
66.249.74.103 - - [04/Sep/2026:17:25:02 +0200] "GET /products/detail/C67924307411/ HTTP/1.1" 404 1251 "-" "Mozilla/5.0 (Linux; Android 6.0.1; Nexus 5X Build/MMB29P) AppleWebKit/537.36 (KHTML, like Gecko) Chrome/151.0.7922.173 Mobile Safari/537.36 (compatible; Googlebot/2.1; +http://www.google.com/bot.html)"
185.191.171.11 - - [04/Sep/2026:17:25:03 +0200] "GET /wp/wp-content/themes/wp-content/XOEguCcAv-20260813220809-20260813222321-20260813222456-20260813222732-20260813222754-20260813222920-20260813222934-20260813224132-20260813231221-20260814180433-20260814183107-20260821190457-20260821191223-20260821191517-20260824185423.php HTTP/1.1" 200 302 "-" "Mozilla/5.0 (compatible; SemrushBot/7~bl; +http://www.semrush.com/bot.html)"
66.249.74.103 - - [04/Sep/2026:17:25:21 +0200] "GET /fashion/820204109107710.htm HTTP/1.1" 404 1251 "-" "Mozilla/5.0 (Linux; Android 6.0.1; Nexus 5X Build/MMB29P) AppleWebKit/537.36 (KHTML, like Gecko) Chrome/151.0.7922.173 Mobile Safari/537.36 (compatible; Googlebot/2.1; +http://www.google.com/bot.html)"
85.208.96.196 - - [04/Sep/2026:17:25:22 +0200] "GET /wp-content/themes/themes/wp/XOEguCcAv-20260813220809-20260813222321-20260813222456-20260813222732-20260813222754-20260813222920-20260813223001-20260813224518-20260813231444-20260813233518-20260813235150-20260817043751-20260817055541-20260821133829-20260821134323.php HTTP/1.1" 200 302 "-" "Mozilla/5.0 (compatible; SemrushBot/7~bl; +http://www.semrush.com/bot.html)"
185.191.171.16 - - [04/Sep/2026:17:25:31 +0200] "GET /themes/wp-content/upgrade/wp/XOEguCcAv-20260813220809-20260813222321-20260813222456-20260813222732-20260813222754-20260813223013-20260813223249-20260813223304-20260813231222-20260813231437-20260821110848-20260821125031-20260821131558-20260821133834-20260821134024-20260824035143.php HTTP/1.1" 200 302 "-" "Mozilla/5.0 (compatible; SemrushBot/7~bl; +http://www.semrush.com/bot.html)"
85.208.96.196 - - [04/Sep/2026:17:25:39 +0200] "GET /themes/upgrade/themes/upgrade/XOEguCcAv-20260813220809-20260813222321-20260813222456-20260813222732-20260813222754-20260813223013-20260813223249-20260813223304-20260813231222-20260813231437-20260821110848-20260821123252-20260821135208-20260821140510-20260821142004-20260824191037.php HTTP/1.1" 200 302 "-" "Mozilla/5.0 (compatible; SemrushBot/7~bl; +http://www.semrush.com/bot.html)"
85.208.96.196 - - [04/Sep/2026:17:25:42 +0200] "GET /halledegournay.fr/wp-content/themes/wp-content/XOEguCcAv-20260813220809-20260813222321-20260813222456-20260813222732-20260813222754-20260813222920-20260813223001-20260813224518-20260813231444-20260813233518-20260813235150-20260817043751-20260817055541-20260821133829-20260821134323-20260824122851.php HTTP/1.1" 200 302 "-" "Mozilla/5.0 (compatible; SemrushBot/7~bl; +http://www.semrush.com/bot.html)"
185.191.171.11 - - [04/Sep/2026:17:25:48 +0200] "GET /halledegournay.fr/wp-content/wp-content/wp-content/XOEguCcAv-20260813220809-20260813222321-20260813222456-20260813222732-20260813222754-20260813223013-20260813223249-20260813223304-20260813231222-20260813231437-20260821110848-20260821123252-20260821135208-20260821140510-20260821140623.php HTTP/1.1" 200 302 "-" "Mozilla/5.0 (compatible; SemrushBot/7~bl; +http://www.semrush.com/bot.html)"
66.249.74.103 - - [04/Sep/2026:17:26:08 +0200] "GET /products/detail/C67463336484/ HTTP/1.1" 404 1251 "-" "Mozilla/5.0 (Linux; Android 6.0.1; Nexus 5X Build/MMB29P) AppleWebKit/537.36 (KHTML, like Gecko) Chrome/151.0.7922.173 Mobile Safari/537.36 (compatible; Googlebot/2.1; +http://www.google.com/bot.html)"
85.208.96.195 - - [04/Sep/2026:17:26:15 +0200] "GET /wp-content/themes/wp/wp-content/wp-content/ HTTP/1.1" 200 2297 "-" "Mozilla/5.0 (compatible; SemrushBot/7~bl; +http://www.semrush.com/bot.html)"
66.249.74.102 - - [04/Sep/2026:17:26:17 +0200] "GET /products/detail/C6790323457/ HTTP/1.1" 404 1251 "-" "Mozilla/5.0 (compatible; Googlebot/2.1; +http://www.google.com/bot.html)"
66.249.74.102 - - [04/Sep/2026:17:26:19 +0200] "GET /products/detail/C67556441217/ HTTP/1.1" 404 1251 "-" "Mozilla/5.0 (Linux; Android 6.0.1; Nexus 5X Build/MMB29P) AppleWebKit/537.36 (KHTML, like Gecko) Chrome/151.0.7922.173 Mobile Safari/537.36 (compatible; Googlebot/2.1; +http://www.google.com/bot.html)"
66.249.74.102 - - [04/Sep/2026:17:26:19 +0200] "GET /products/detail/C6790323457/ HTTP/1.1" 404 1251 "-" "Mozilla/5.0 (Linux; Android 6.0.1; Nexus 5X Build/MMB29P) AppleWebKit/537.36 (KHTML, like Gecko) Chrome/151.0.7922.173 Mobile Safari/537.36 (compatible; Googlebot/2.1; +http://www.google.com/bot.html)"
66.249.74.102 - - [04/Sep/2026:17:26:25 +0200] "GET /products/detail/C67106275105/ HTTP/1.1" 404 1251 "-" "Mozilla/5.0 (Linux; Android 6.0.1; Nexus 5X Build/MMB29P) AppleWebKit/537.36 (KHTML, like Gecko) Chrome/151.0.7922.173 Mobile Safari/537.36 (compatible; Googlebot/2.1; +http://www.google.com/bot.html)"
66.249.74.102 - - [04/Sep/2026:17:26:44 +0200] "GET /?a=44132168994100 HTTP/1.1" 200 1519 "-" "Mozilla/5.0 (Linux; Android 6.0.1; Nexus 5X Build/MMB29P) AppleWebKit/537.36 (KHTML, like Gecko) Chrome/151.0.7922.173 Mobile Safari/537.36 (compatible; Googlebot/2.1; +http://www.google.com/bot.html)"
66.249.74.102 - - [04/Sep/2026:17:26:45 +0200] "GET /?a=0891952128702 HTTP/1.1" 200 1519 "-" "Mozilla/5.0 (Linux; Android 6.0.1; Nexus 5X Build/MMB29P) AppleWebKit/537.36 (KHTML, like Gecko) Chrome/151.0.7922.173 Mobile Safari/537.36 (compatible; Googlebot/2.1; +http://www.google.com/bot.html)"
77.81.95.101 - - [04/Sep/2026:17:26:45 +0200] "GET /cache/wp-content/XOEguCcAv-20260813220809-20260813222321-20260813222456-20260813222732-20260813222754-20260813223013-20260813223249-20260813223304-20260813231222-20260813231437-20260821110848-20260821123252-20260821135208-20260821140507-20260821140628.php HTTP/2" 200 254 "-" "Mozilla/5.0 (Linux; Android 14; Pixel 8 Pro) AppleWebKit/537.36 (KHTML, like Gecko) Chrome/148.0.0.0 Mobile Safari/537.36"
66.249.74.102 - - [04/Sep/2026:17:26:45 +0200] "GET /products/detail/C67858247361/ HTTP/1.1" 404 1251 "-" "Mozilla/5.0 (Linux; Android 6.0.1; Nexus 5X Build/MMB29P) AppleWebKit/537.36 (KHTML, like Gecko) Chrome/151.0.7922.173 Mobile Safari/537.36 (compatible; Googlebot/2.1; +http://www.google.com/bot.html)"
66.249.74.102 - - [04/Sep/2026:17:26:56 +0200] "GET /products/detail/C6753155620/ HTTP/1.1" 404 1251 "-" "Mozilla/5.0 (Linux; Android 6.0.1; Nexus 5X Build/MMB29P) AppleWebKit/537.36 (KHTML, like Gecko) Chrome/151.0.7922.173 Mobile Safari/537.36 (compatible; Googlebot/2.1; +http://www.google.com/bot.html)"
66.249.74.102 - - [04/Sep/2026:17:26:57 +0200] "GET /products/detail/C67269186967/ HTTP/1.1" 404 1251 "-" "Mozilla/5.0 (Linux; Android 6.0.1; Nexus 5X Build/MMB29P) AppleWebKit/537.36 (KHTML, like Gecko) Chrome/151.0.7922.173 Mobile Safari/537.36 (compatible; Googlebot/2.1; +http://www.google.com/bot.html)"
66.249.74.102 - - [04/Sep/2026:17:27:06 +0200] "GET /products/detail/C67548250844/ HTTP/1.1" 404 1251 "-" "Mozilla/5.0 (compatible; Googlebot/2.1; +http://www.google.com/bot.html)"
66.249.74.103 - - [04/Sep/2026:17:27:14 +0200] "GET /products/detail/C67802420826/ HTTP/1.1" 404 1251 "-" "Mozilla/5.0 (Linux; Android 6.0.1; Nexus 5X Build/MMB29P) AppleWebKit/537.36 (KHTML, like Gecko) Chrome/151.0.7922.173 Mobile Safari/537.36 (compatible; Googlebot/2.1; +http://www.google.com/bot.html)"
85.208.96.207 - - [04/Sep/2026:17:27:25 +0200] "GET /cache/themes/wp-content/wp-content/themes/ HTTP/1.1" 200 1381 "-" "Mozilla/5.0 (compatible; SemrushBot/7~bl; +http://www.semrush.com/bot.html)"
185.191.171.2 - - [04/Sep/2026:17:27:31 +0200] "GET /upgrade/wp/wp-content/wp-admin/XOEguCcAv-20260813220809-20260813222321-20260813222456-20260813222732-20260813222754-20260813223013-20260813223249-20260813223304-20260813231222-20260813231437-20260821110848-20260821125031-20260821131558-20260821133834-20260821134024-20260823221622.php HTTP/1.1" 200 302 "-" "Mozilla/5.0 (compatible; SemrushBot/7~bl; +http://www.semrush.com/bot.html)"
66.249.74.102 - - [04/Sep/2026:17:27:48 +0200] "GET /products/detail/C67684220961/ HTTP/1.1" 404 1251 "-" "Mozilla/5.0 (Linux; Android 6.0.1; Nexus 5X Build/MMB29P) AppleWebKit/537.36 (KHTML, like Gecko) Chrome/151.0.7922.173 Mobile Safari/537.36 (compatible; Googlebot/2.1; +http://www.google.com/bot.html)"
66.249.74.102 - - [04/Sep/2026:17:27:49 +0200] "GET /fashion/845132109176206.htm HTTP/1.1" 404 1251 "-" "Mozilla/5.0 (Linux; Android 6.0.1; Nexus 5X Build/MMB29P) AppleWebKit/537.36 (KHTML, like Gecko) Chrome/151.0.7922.173 Mobile Safari/537.36 (compatible; Googlebot/2.1; +http://www.google.com/bot.html)"
66.249.74.102 - - [04/Sep/2026:17:27:54 +0200] "GET /?a=51143205556002 HTTP/1.1" 200 1558 "-" "Mozilla/5.0 (Linux; Android 6.0.1; Nexus 5X Build/MMB29P) AppleWebKit/537.36 (KHTML, like Gecko) Chrome/151.0.7922.173 Mobile Safari/537.36 (compatible; Googlebot/2.1; +http://www.google.com/bot.html)"
66.249.74.102 - - [04/Sep/2026:17:27:57 +0200] "GET /products/detail/C67927413925/ HTTP/1.1" 404 1251 "-" "Mozilla/5.0 (Linux; Android 6.0.1; Nexus 5X Build/MMB29P) AppleWebKit/537.36 (KHTML, like Gecko) Chrome/151.0.7922.173 Mobile Safari/537.36 (compatible; Googlebot/2.1; +http://www.google.com/bot.html)"
85.208.96.212 - - [04/Sep/2026:17:28:03 +0200] "GET /upgrade/wp/wp-content/themes/XOEguCcAv-20260813220809-20260813222321-20260813222456-20260813222732-20260813222754-20260813222920-20260813222934-20260813224132-20260813231221-20260814180433-20260814183107-20260821190457-20260821191223-20260821191517-20260824185423.php HTTP/1.1" 200 302 "-" "Mozilla/5.0 (compatible; SemrushBot/7~bl; +http://www.semrush.com/bot.html)"
66.249.74.104 - - [04/Sep/2026:17:28:13 +0200] "GET /products/detail/C67738417604/ HTTP/1.1" 404 1251 "-" "Mozilla/5.0 (Linux; Android 6.0.1; Nexus 5X Build/MMB29P) AppleWebKit/537.36 (KHTML, like Gecko) Chrome/151.0.7922.173 Mobile Safari/537.36 (compatible; Googlebot/2.1; +http://www.google.com/bot.html)"
66.249.74.102 - - [04/Sep/2026:17:28:14 +0200] "GET /fashion/53831310912633.htm HTTP/1.1" 404 1251 "-" "Mozilla/5.0 (Linux; Android 6.0.1; Nexus 5X Build/MMB29P) AppleWebKit/537.36 (KHTML, like Gecko) Chrome/151.0.7922.173 Mobile Safari/537.36 (compatible; Googlebot/2.1; +http://www.google.com/bot.html)"
66.249.74.102 - - [04/Sep/2026:17:28:18 +0200] "GET /?a=10799194896302 HTTP/1.1" 200 1558 "-" "Mozilla/5.0 (Linux; Android 6.0.1; Nexus 5X Build/MMB29P) AppleWebKit/537.36 (KHTML, like Gecko) Chrome/151.0.7922.173 Mobile Safari/537.36 (compatible; Googlebot/2.1; +http://www.google.com/bot.html)"
66.249.74.102 - - [04/Sep/2026:17:28:20 +0200] "GET /_autoindex/assets/icons/file-text.svg HTTP/1.1" 200 394 "https://marchesdevitry.com/?a=10799194896302" "Mozilla/5.0 (Linux; Android 6.0.1; Nexus 5X Build/MMB29P) AppleWebKit/537.36 (KHTML, like Gecko) Chrome/151.0.7922.173 Mobile Safari/537.36 (compatible; Googlebot/2.1; +http://www.google.com/bot.html)"
85.208.96.200 - - [04/Sep/2026:17:28:26 +0200] "GET /wp/upgrade/themes/wp-content/XOEguCcAv-20260813220809-20260813222321-20260813222456-20260813222732-20260813222754-20260813222920-20260813223001-20260813224518-20260813231444-20260813233518-20260813235150-20260817043751-20260817055541-20260821133829-20260821134323.php HTTP/1.1" 200 302 "-" "Mozilla/5.0 (compatible; SemrushBot/7~bl; +http://www.semrush.com/bot.html)"
66.249.74.102 - - [04/Sep/2026:17:28:27 +0200] "GET /products/detail/C67957293832/ HTTP/1.1" 404 1251 "-" "Mozilla/5.0 (Linux; Android 6.0.1; Nexus 5X Build/MMB29P) AppleWebKit/537.36 (KHTML, like Gecko) Chrome/151.0.7922.173 Mobile Safari/537.36 (compatible; Googlebot/2.1; +http://www.google.com/bot.html)"
66.249.74.102 - - [04/Sep/2026:17:28:28 +0200] "GET /products/detail/C67307432909/ HTTP/1.1" 404 1251 "-" "Mozilla/5.0 (Linux; Android 6.0.1; Nexus 5X Build/MMB29P) AppleWebKit/537.36 (KHTML, like Gecko) Chrome/151.0.7922.173 Mobile Safari/537.36 (compatible; Googlebot/2.1; +http://www.google.com/bot.html)"
66.249.74.102 - - [04/Sep/2026:17:28:31 +0200] "GET /?a=82210283388200 HTTP/1.1" 200 1519 "-" "Mozilla/5.0 (Linux; Android 6.0.1; Nexus 5X Build/MMB29P) AppleWebKit/537.36 (KHTML, like Gecko) Chrome/151.0.7922.173 Mobile Safari/537.36 (compatible; Googlebot/2.1; +http://www.google.com/bot.html)"
66.249.74.163 - - [04/Sep/2026:17:28:31 +0200] "GET /products/detail/I7365478081/ HTTP/1.1" 404 1251 "-" "Mozilla/5.0 (Linux; Android 6.0.1; Nexus 5X Build/MMB29P) AppleWebKit/537.36 (KHTML, like Gecko) Chrome/151.0.7922.173 Mobile Safari/537.36 (compatible; Googlebot/2.1; +http://www.google.com/bot.html)"
85.208.96.212 - - [04/Sep/2026:17:28:41 +0200] "GET /wp-content/themes/upgrade/wp-content/XOEguCcAv-20260813220809-20260813222321-20260813222456-20260813222732-20260813222754-20260813222920-20260813223001-20260813224518-20260813224622-20260813224925-20260821065500-20260821074251-20260821075550-20260821075613-20260821125105-20260824123736.php HTTP/1.1" 200 302 "-" "Mozilla/5.0 (compatible; SemrushBot/7~bl; +http://www.semrush.com/bot.html)"
185.191.171.7 - - [04/Sep/2026:17:29:02 +0200] "GET /wp-content/wp-content/themes/wp-content/XOEguCcAv-20260813220809-20260813222321-20260813222456-20260813222732-20260813222754-20260813222920-20260813222934-20260813224132-20260813231221-20260814180433-20260814183107-20260821190457-20260821191223-20260821191517-20260824185423.php HTTP/1.1" 200 302 "-" "Mozilla/5.0 (compatible; SemrushBot/7~bl; +http://www.semrush.com/bot.html)"
185.191.171.3 - - [04/Sep/2026:17:29:40 +0200] "GET /themes/upgrade/wp-content/themes/XOEguCcAv-20260813220809-20260813222321-20260813222456-20260813222732-20260813222754-20260813222920-20260813223001-20260813224518-20260813224622-20260813224925-20260821065500-20260821074251-20260821075550-20260821075613-20260824030600-20260824032017.php HTTP/1.1" 200 302 "-" "Mozilla/5.0 (compatible; SemrushBot/7~bl; +http://www.semrush.com/bot.html)"
185.191.171.17 - - [04/Sep/2026:17:30:06 +0200] "GET /wp-content/themes/wp/wp-content/XOEguCcAv-20260813220809-20260813222321-20260813222456-20260813222732-20260813222754-20260813223013-20260813223249-20260813223304-20260813231222-20260813231437-20260821110848-20260821123252-20260821135208-20260821140510-20260821140623.php HTTP/1.1" 200 302 "-" "Mozilla/5.0 (compatible; SemrushBot/7~bl; +http://www.semrush.com/bot.html)"
66.249.74.102 - - [04/Sep/2026:17:30:14 +0200] "GET /?a=56969251693801 HTTP/1.1" 200 1558 "-" "Mozilla/5.0 (Linux; Android 6.0.1; Nexus 5X Build/MMB29P) AppleWebKit/537.36 (KHTML, like Gecko) Chrome/151.0.7922.173 Mobile Safari/537.36 (compatible; Googlebot/2.1; +http://www.google.com/bot.html)"
66.249.74.104 - - [04/Sep/2026:17:30:15 +0200] "GET /?a=85590188305001 HTTP/1.1" 200 1558 "-" "Mozilla/5.0 (Linux; Android 6.0.1; Nexus 5X Build/MMB29P) AppleWebKit/537.36 (KHTML, like Gecko) Chrome/151.0.7922.173 Mobile Safari/537.36 (compatible; Googlebot/2.1; +http://www.google.com/bot.html)"
185.191.171.4 - - [04/Sep/2026:17:30:16 +0200] "GET /halledegournay.fr/wp-admin/wp-content/themes/XOEguCcAv-20260813220809-20260813222321-20260813222456-20260813222732-20260813222754-20260813222920-20260813223001-20260813224518-20260813231444-20260813233518-20260813235150-20260817043751-20260817055541-20260821133829-20260821134323-20260824123735.php HTTP/1.1" 200 302 "-" "Mozilla/5.0 (compatible; SemrushBot/7~bl; +http://www.semrush.com/bot.html)"
185.191.171.12 - - [04/Sep/2026:17:30:20 +0200] "GET /wp/upgrade/wp-content/themes/XOEguCcAv-20260813220809-20260813222321-20260813222456-20260813222732-20260813222754-20260813222920-20260813223001-20260813224518-20260813224622-20260813224925-20260821065500-20260821074251-20260821075550-20260821075613-20260821125105-20260824122852.php HTTP/1.1" 200 302 "-" "Mozilla/5.0 (compatible; SemrushBot/7~bl; +http://www.semrush.com/bot.html)"
192.204.139.219 - - [04/Sep/2026:17:30:22 +0200] "GET /upgrade/wp-admin/XOEguCcAv-20260813220809-20260813222321-20260813222456-20260813222732-20260813222754-20260813222920-20260813223001-20260813224518-20260813231444-20260813233518-20260813235150-20260817043751-20260817055541-20260821133829-20260821134323-copy.php HTTP/2" 200 254 "-" "Mozilla/5.0 (Linux; Android 14; Pixel 8 Pro) AppleWebKit/537.36 (KHTML, like Gecko) Chrome/148.0.0.0 Mobile Safari/537.36"
85.208.96.210 - - [04/Sep/2026:17:30:24 +0200] "GET /upgrade/wp-content/themes/upgrade/upgrade/ HTTP/1.1" 200 773 "-" "Mozilla/5.0 (compatible; SemrushBot/7~bl; +http://www.semrush.com/bot.html)"
66.249.74.103 - - [04/Sep/2026:17:30:25 +0200] "GET /?a=25991511200 HTTP/1.1" 200 1558 "-" "Mozilla/5.0 (Linux; Android 6.0.1; Nexus 5X Build/MMB29P) AppleWebKit/537.36 (KHTML, like Gecko) Chrome/151.0.7922.173 Mobile Safari/537.36 (compatible; Googlebot/2.1; +http://www.google.com/bot.html)"
66.249.74.102 - - [04/Sep/2026:17:30:28 +0200] "GET /shop/motherboard/foremanship0160764667 HTTP/1.1" 404 1251 "-" "Mozilla/5.0 (Linux; Android 6.0.1; Nexus 5X Build/MMB29P) AppleWebKit/537.36 (KHTML, like Gecko) Chrome/151.0.7922.173 Mobile Safari/537.36 (compatible; Googlebot/2.1; +http://www.google.com/bot.html)"
66.249.74.102 - - [04/Sep/2026:17:30:37 +0200] "GET /products/detail/C6762129473/ HTTP/1.1" 404 1251 "-" "Mozilla/5.0 (Linux; Android 6.0.1; Nexus 5X Build/MMB29P) AppleWebKit/537.36 (KHTML, like Gecko) Chrome/151.0.7922.173 Mobile Safari/537.36 (compatible; Googlebot/2.1; +http://www.google.com/bot.html)"
66.249.74.102 - - [04/Sep/2026:17:30:44 +0200] "GET /products/detail/C67398171324/ HTTP/1.1" 404 1251 "-" "Mozilla/5.0 (Linux; Android 6.0.1; Nexus 5X Build/MMB29P) AppleWebKit/537.36 (KHTML, like Gecko) Chrome/151.0.7922.173 Mobile Safari/537.36 (compatible; Googlebot/2.1; +http://www.google.com/bot.html)"
66.249.74.103 - - [04/Sep/2026:17:31:07 +0200] "GET /products/detail/C67871258713/ HTTP/1.1" 404 1251 "-" "Mozilla/5.0 (Linux; Android 6.0.1; Nexus 5X Build/MMB29P) AppleWebKit/537.36 (KHTML, like Gecko) Chrome/151.0.7922.173 Mobile Safari/537.36 (compatible; Googlebot/2.1; +http://www.google.com/bot.html)"
66.249.74.103 - - [04/Sep/2026:17:31:08 +0200] "GET /products/detail/C67208211521/ HTTP/1.1" 404 1251 "-" "Mozilla/5.0 (Linux; Android 6.0.1; Nexus 5X Build/MMB29P) AppleWebKit/537.36 (KHTML, like Gecko) Chrome/151.0.7922.173 Mobile Safari/537.36 (compatible; Googlebot/2.1; +http://www.google.com/bot.html)"
66.249.74.103 - - [04/Sep/2026:17:31:12 +0200] "GET /?a=30145253933301 HTTP/1.1" 200 1519 "-" "Mozilla/5.0 (Linux; Android 6.0.1; Nexus 5X Build/MMB29P) AppleWebKit/537.36 (KHTML, like Gecko) Chrome/151.0.7922.173 Mobile Safari/537.36 (compatible; Googlebot/2.1; +http://www.google.com/bot.html)"
185.191.171.10 - - [04/Sep/2026:17:31:14 +0200] "GET /halledegournay.fr/wp-content/wp-content/upgrade/XOEguCcAv-20260813220809-20260813222321-20260813222456-20260813222732-20260813222754-20260813222920-20260813223001-20260813224518-20260813224622-20260813224925-20260821065500-20260821074251-20260821075550-20260821075613-20260821125105-20260824122852.php HTTP/1.1" 200 302 "-" "Mozilla/5.0 (compatible; SemrushBot/7~bl; +http://www.semrush.com/bot.html)"
66.249.74.102 - - [04/Sep/2026:17:31:19 +0200] "GET /products/detail/C67161322673/ HTTP/1.1" 404 1251 "-" "Mozilla/5.0 (Linux; Android 6.0.1; Nexus 5X Build/MMB29P) AppleWebKit/537.36 (KHTML, like Gecko) Chrome/151.0.7922.173 Mobile Safari/537.36 (compatible; Googlebot/2.1; +http://www.google.com/bot.html)"
66.249.74.102 - - [04/Sep/2026:17:31:21 +0200] "GET /?a=9216967650000 HTTP/1.1" 200 1558 "-" "Mozilla/5.0 (Linux; Android 6.0.1; Nexus 5X Build/MMB29P) AppleWebKit/537.36 (KHTML, like Gecko) Chrome/151.0.7922.173 Mobile Safari/537.36 (compatible; Googlebot/2.1; +http://www.google.com/bot.html)"
185.191.171.14 - - [04/Sep/2026:17:31:27 +0200] "GET /wp/upgrade/wp-content/wp-content/wp-admin/ HTTP/1.1" 200 771 "-" "Mozilla/5.0 (compatible; SemrushBot/7~bl; +http://www.semrush.com/bot.html)"
66.249.74.164 - - [04/Sep/2026:17:31:30 +0200] "GET /products/detail/I73787280321/ HTTP/1.1" 404 1251 "-" "Mozilla/5.0 (Linux; Android 6.0.1; Nexus 5X Build/MMB29P) AppleWebKit/537.36 (KHTML, like Gecko) Chrome/151.0.7922.173 Mobile Safari/537.36 (compatible; Googlebot/2.1; +http://www.google.com/bot.html)"
