185.191.171.8 - - [04/Sep/2026:17:31:46 +0200] "GET /halledegournay.fr/upgrade/wp-content/upgrade/XOEguCcAv-20260813220809-20260813222321-20260813222456-20260813222732-20260813222754-20260813223013-20260813223249-20260813223304-20260813231222-20260813231437-20260821110848-20260821123252-20260821135208-20260821140510-20260821140623-20260824172730.php HTTP/1.1" 200 302 "-" "Mozilla/5.0 (compatible; SemrushBot/7~bl; +http://www.semrush.com/bot.html)"
66.249.74.163 - - [04/Sep/2026:17:31:57 +0200] "GET /products/detail/I7360795841/ HTTP/1.1" 404 1251 "-" "Mozilla/5.0 (Linux; Android 6.0.1; Nexus 5X Build/MMB29P) AppleWebKit/537.36 (KHTML, like Gecko) Chrome/151.0.7922.173 Mobile Safari/537.36 (compatible; Googlebot/2.1; +http://www.google.com/bot.html)"
66.249.74.103 - - [04/Sep/2026:17:32:01 +0200] "GET /products/detail/C67528384365/ HTTP/1.1" 404 1251 "-" "Mozilla/5.0 (Linux; Android 6.0.1; Nexus 5X Build/MMB29P) AppleWebKit/537.36 (KHTML, like Gecko) Chrome/151.0.7922.173 Mobile Safari/537.36 (compatible; Googlebot/2.1; +http://www.google.com/bot.html)"
66.249.74.102 - - [04/Sep/2026:17:32:02 +0200] "GET /?a=70930297265602 HTTP/1.1" 200 1558 "-" "Mozilla/5.0 (Linux; Android 6.0.1; Nexus 5X Build/MMB29P) AppleWebKit/537.36 (KHTML, like Gecko) Chrome/151.0.7922.173 Mobile Safari/537.36 (compatible; Googlebot/2.1; +http://www.google.com/bot.html)"
85.208.96.196 - - [04/Sep/2026:17:32:04 +0200] "GET /halledegournay.fr/wp/wp-content/wp-content/XOEguCcAv-20260813220809-20260813222321-20260813222456-20260813222732-20260813222754-20260813223013-20260813223249-20260813223304-20260813231222-20260813231437-20260821110848-20260821123252-20260821135208-20260821140510-20260821142004.php HTTP/1.1" 200 302 "-" "Mozilla/5.0 (compatible; SemrushBot/7~bl; +http://www.semrush.com/bot.html)"
66.249.74.102 - - [04/Sep/2026:17:32:11 +0200] "GET /products/detail/C6767678721/ HTTP/1.1" 404 1251 "-" "Mozilla/5.0 (Linux; Android 6.0.1; Nexus 5X Build/MMB29P) AppleWebKit/537.36 (KHTML, like Gecko) Chrome/151.0.7922.173 Mobile Safari/537.36 (compatible; Googlebot/2.1; +http://www.google.com/bot.html)"
85.208.96.207 - - [04/Sep/2026:17:32:14 +0200] "GET /upgrade/wp-content/wp-content/upgrade/XOEguCcAv-20260813220809-20260813222321-20260813222456-20260813222732-20260813222754-20260813222920-20260813223001-20260813224518-20260813224622-20260813224925-20260821065500-20260821074251-20260821075550-20260821075613-20260821125105.php HTTP/1.1" 200 302 "-" "Mozilla/5.0 (compatible; SemrushBot/7~bl; +http://www.semrush.com/bot.html)"
66.249.74.102 - - [04/Sep/2026:17:32:22 +0200] "GET /products/detail/C67607441185/ HTTP/1.1" 404 1251 "-" "Mozilla/5.0 (Linux; Android 6.0.1; Nexus 5X Build/MMB29P) AppleWebKit/537.36 (KHTML, like Gecko) Chrome/151.0.7922.173 Mobile Safari/537.36 (compatible; Googlebot/2.1; +http://www.google.com/bot.html)"
85.208.96.199 - - [04/Sep/2026:17:32:23 +0200] "GET /halledegournay.fr/themes/wp-content/wp-admin/XOEguCcAv-20260813220809-20260813222321-20260813222456-20260813222732-20260813222754-20260813223013-20260813223249-20260813223304-20260813231222-20260813231437.php HTTP/1.1" 200 302 "-" "Mozilla/5.0 (compatible; SemrushBot/7~bl; +http://www.semrush.com/bot.html)"
85.208.96.199 - - [04/Sep/2026:17:32:39 +0200] "GET /themes/wp-content/wp-content/wp-admin/XOEguCcAv-20260813220809-20260813222321-20260813222456-20260813222732-20260813222754-20260813223013-20260813223249-20260813223304-20260813231222-20260813231437-20260821110848-20260821123252-20260821135208-20260821140507-copy-20260821140617.php HTTP/1.1" 200 302 "-" "Mozilla/5.0 (compatible; SemrushBot/7~bl; +http://www.semrush.com/bot.html)"
66.249.74.102 - - [04/Sep/2026:17:32:48 +0200] "GET /products/detail/C67581448771/ HTTP/1.1" 404 1251 "-" "Mozilla/5.0 (Linux; Android 6.0.1; Nexus 5X Build/MMB29P) AppleWebKit/537.36 (KHTML, like Gecko) Chrome/151.0.7922.173 Mobile Safari/537.36 (compatible; Googlebot/2.1; +http://www.google.com/bot.html)"
66.249.74.102 - - [04/Sep/2026:17:32:49 +0200] "GET /fashion/896197109257192.htm HTTP/1.1" 404 1251 "-" "Mozilla/5.0 (Linux; Android 6.0.1; Nexus 5X Build/MMB29P) AppleWebKit/537.36 (KHTML, like Gecko) Chrome/151.0.7922.173 Mobile Safari/537.36 (compatible; Googlebot/2.1; +http://www.google.com/bot.html)"
66.249.74.102 - - [04/Sep/2026:17:32:51 +0200] "GET /shop/pg/C67440120 HTTP/1.1" 404 1251 "-" "Mozilla/5.0 (Linux; Android 6.0.1; Nexus 5X Build/MMB29P) AppleWebKit/537.36 (KHTML, like Gecko) Chrome/151.0.7922.173 Mobile Safari/537.36 (compatible; Googlebot/2.1; +http://www.google.com/bot.html)"
185.191.171.13 - - [04/Sep/2026:17:32:51 +0200] "GET /wp/wp-content/wp-content/themes/XOEguCcAv-20260813220809-20260813222321-20260813222456-20260813222732-20260813222754-20260813222920-20260813223001-20260813224518-20260813231444-20260813233518-20260813235150-20260817043751-20260817055541-20260821133829-20260821134323-copy.php HTTP/1.1" 200 302 "-" "Mozilla/5.0 (compatible; SemrushBot/7~bl; +http://www.semrush.com/bot.html)"
66.249.74.103 - - [04/Sep/2026:17:33:02 +0200] "GET /?a=76145169105202 HTTP/1.1" 200 1558 "-" "Mozilla/5.0 (Linux; Android 6.0.1; Nexus 5X Build/MMB29P) AppleWebKit/537.36 (KHTML, like Gecko) Chrome/151.0.7922.173 Mobile Safari/537.36 (compatible; Googlebot/2.1; +http://www.google.com/bot.html)"
185.191.171.14 - - [04/Sep/2026:17:33:02 +0200] "GET /wp-content/wp-content/upgrade/wp/XOEguCcAv-20260813220809-20260813222321-20260813222456-20260813222732-20260813222754-20260813222920-20260813223001-20260813224518-20260813224622-20260813224925-20260821065500-20260821074251-20260821075550-20260821075613.php HTTP/1.1" 200 302 "-" "Mozilla/5.0 (compatible; SemrushBot/7~bl; +http://www.semrush.com/bot.html)"
66.249.74.103 - - [04/Sep/2026:17:33:11 +0200] "GET /products/detail/C6720974458/ HTTP/1.1" 404 1251 "-" "Mozilla/5.0 (Linux; Android 6.0.1; Nexus 5X Build/MMB29P) AppleWebKit/537.36 (KHTML, like Gecko) Chrome/151.0.7922.173 Mobile Safari/537.36 (compatible; Googlebot/2.1; +http://www.google.com/bot.html)"
66.249.74.103 - - [04/Sep/2026:17:33:14 +0200] "GET /?a=79728108128001 HTTP/1.1" 200 1558 "-" "Mozilla/5.0 (Linux; Android 6.0.1; Nexus 5X Build/MMB29P) AppleWebKit/537.36 (KHTML, like Gecko) Chrome/151.0.7922.173 Mobile Safari/537.36 (compatible; Googlebot/2.1; +http://www.google.com/bot.html)"
66.249.74.103 - - [04/Sep/2026:17:33:14 +0200] "GET /products/detail/C67531134672/ HTTP/1.1" 404 1251 "-" "Mozilla/5.0 (Linux; Android 6.0.1; Nexus 5X Build/MMB29P) AppleWebKit/537.36 (KHTML, like Gecko) Chrome/151.0.7922.173 Mobile Safari/537.36 (compatible; Googlebot/2.1; +http://www.google.com/bot.html)"
185.191.171.6 - - [04/Sep/2026:17:33:45 +0200] "GET /wp/wp-content/wp-content/wp-admin/XOEguCcAv-20260813220809-20260813222321-20260813222456-20260813222732-20260813222754-20260813223013-20260813223249-20260813223304-20260813231222-20260813231437-20260821110848-20260821123252-20260821135208-20260821140510-20260821143903-20260824024631.php HTTP/1.1" 200 302 "-" "Mozilla/5.0 (compatible; SemrushBot/7~bl; +http://www.semrush.com/bot.html)"
128.242.226.54 - - [04/Sep/2026:17:33:57 +0200] "GET /cache/wp-content/XOEguCcAv-20260813220809-20260813222321-20260813222456-20260813222732-20260813222754-20260813223013-20260813223249-20260813223304-20260813231222-20260813231437-20260821110848-20260821125031-20260821131558-20260821133834-20260821134024-20260824004611.php HTTP/2" 200 254 "-" "Mozilla/5.0 (Linux; Android 15; Pixel 9) AppleWebKit/537.36 (KHTML, like Gecko) Chrome/151.0.0.0 Mobile Safari/537.36"
185.191.171.13 - - [04/Sep/2026:17:34:01 +0200] "GET /wp-content/wp-admin/wp-content/cache/XOEguCcAv-20260813220809-20260813222321-20260813222456-20260813222732-20260813222754-20260813222920-20260813222934-20260813224132-20260813231221-20260814180433-20260814183107-20260821190457-20260821191223-20260821191500.php HTTP/1.1" 200 302 "-" "Mozilla/5.0 (compatible; SemrushBot/7~bl; +http://www.semrush.com/bot.html)"
66.249.74.104 - - [04/Sep/2026:17:34:05 +0200] "GET /products/detail/C67896349395/ HTTP/1.1" 404 1251 "-" "Mozilla/5.0 (Linux; Android 6.0.1; Nexus 5X Build/MMB29P) AppleWebKit/537.36 (KHTML, like Gecko) Chrome/151.0.7922.173 Mobile Safari/537.36 (compatible; Googlebot/2.1; +http://www.google.com/bot.html)"
66.249.74.103 - - [04/Sep/2026:17:34:25 +0200] "GET /products/detail/C6718939874/ HTTP/1.1" 404 1251 "-" "Mozilla/5.0 (Linux; Android 6.0.1; Nexus 5X Build/MMB29P) AppleWebKit/537.36 (KHTML, like Gecko) Chrome/151.0.7922.173 Mobile Safari/537.36 (compatible; Googlebot/2.1; +http://www.google.com/bot.html)"
66.249.74.103 - - [04/Sep/2026:17:34:26 +0200] "GET /products/detail/C6780682344/ HTTP/1.1" 404 1251 "-" "Mozilla/5.0 (Linux; Android 6.0.1; Nexus 5X Build/MMB29P) AppleWebKit/537.36 (KHTML, like Gecko) Chrome/151.0.7922.173 Mobile Safari/537.36 (compatible; Googlebot/2.1; +http://www.google.com/bot.html)"
66.249.74.102 - - [04/Sep/2026:17:34:28 +0200] "GET /products/detail/C67924102977/ HTTP/1.1" 404 1251 "-" "Mozilla/5.0 (Linux; Android 6.0.1; Nexus 5X Build/MMB29P) AppleWebKit/537.36 (KHTML, like Gecko) Chrome/151.0.7922.173 Mobile Safari/537.36 (compatible; Googlebot/2.1; +http://www.google.com/bot.html)"
185.191.171.3 - - [04/Sep/2026:17:34:36 +0200] "GET /wp/upgrade/wp-content/themes/wp-content/ HTTP/1.1" 200 893 "-" "Mozilla/5.0 (compatible; SemrushBot/7~bl; +http://www.semrush.com/bot.html)"
185.191.171.10 - - [04/Sep/2026:17:34:46 +0200] "GET /upgrade/wp/wp-content/themes/XOEguCcAv-20260813220809-20260813222321-20260813222456-20260813222732-20260813222754-20260813223013-20260813223249-20260813223304-20260813231222-20260813231437-20260821110848-20260821123252-20260821135208-20260821140510-20260821142004.php HTTP/1.1" 200 302 "-" "Mozilla/5.0 (compatible; SemrushBot/7~bl; +http://www.semrush.com/bot.html)"
66.249.74.102 - - [04/Sep/2026:17:34:59 +0200] "GET /products/detail/C67858339841/ HTTP/1.1" 404 1251 "-" "Mozilla/5.0 (Linux; Android 6.0.1; Nexus 5X Build/MMB29P) AppleWebKit/537.36 (KHTML, like Gecko) Chrome/151.0.7922.173 Mobile Safari/537.36 (compatible; Googlebot/2.1; +http://www.google.com/bot.html)"
66.249.74.104 - - [04/Sep/2026:17:35:14 +0200] "GET /products/detail/C67882233665/ HTTP/1.1" 404 1251 "-" "Mozilla/5.0 (Linux; Android 6.0.1; Nexus 5X Build/MMB29P) AppleWebKit/537.36 (KHTML, like Gecko) Chrome/151.0.7922.173 Mobile Safari/537.36 (compatible; Googlebot/2.1; +http://www.google.com/bot.html)"
66.249.74.102 - - [04/Sep/2026:17:35:30 +0200] "GET /shop/pg/C67872820 HTTP/1.1" 404 1251 "-" "Mozilla/5.0 (Linux; Android 6.0.1; Nexus 5X Build/MMB29P) AppleWebKit/537.36 (KHTML, like Gecko) Chrome/151.0.7922.173 Mobile Safari/537.36 (compatible; Googlebot/2.1; +http://www.google.com/bot.html)"
66.249.74.102 - - [04/Sep/2026:17:35:31 +0200] "GET /products/detail/C6716139480/ HTTP/1.1" 404 1251 "-" "Mozilla/5.0 (Linux; Android 6.0.1; Nexus 5X Build/MMB29P) AppleWebKit/537.36 (KHTML, like Gecko) Chrome/151.0.7922.173 Mobile Safari/537.36 (compatible; Googlebot/2.1; +http://www.google.com/bot.html)"
85.208.96.210 - - [04/Sep/2026:17:35:48 +0200] "GET /halledegournay.fr/wp-content/wp-content/wp-content/wp-content/ HTTP/1.1" 200 2159 "-" "Mozilla/5.0 (compatible; SemrushBot/7~bl; +http://www.semrush.com/bot.html)"
66.249.74.102 - - [04/Sep/2026:17:35:54 +0200] "GET /products/detail/C6730734037/ HTTP/1.1" 404 1251 "-" "Mozilla/5.0 (Linux; Android 6.0.1; Nexus 5X Build/MMB29P) AppleWebKit/537.36 (KHTML, like Gecko) Chrome/151.0.7922.173 Mobile Safari/537.36 (compatible; Googlebot/2.1; +http://www.google.com/bot.html)"
85.208.96.198 - - [04/Sep/2026:17:35:56 +0200] "GET /themes/themes/wp-content/wp-admin/XOEguCcAv-20260813220809-20260813222321-20260813222456-20260813222732-20260813222754-20260813223013-20260813223249-20260813223304-20260813231222-20260813231437-20260821110848-20260821125031-20260821131558-20260821133834-20260821134024-20260823211946.php HTTP/1.1" 200 302 "-" "Mozilla/5.0 (compatible; SemrushBot/7~bl; +http://www.semrush.com/bot.html)"
66.249.74.102 - - [04/Sep/2026:17:35:56 +0200] "GET /products/detail/C67238144879/ HTTP/1.1" 404 1251 "-" "Mozilla/5.0 (Linux; Android 6.0.1; Nexus 5X Build/MMB29P) AppleWebKit/537.36 (KHTML, like Gecko) Chrome/151.0.7922.173 Mobile Safari/537.36 (compatible; Googlebot/2.1; +http://www.google.com/bot.html)"
85.208.96.206 - - [04/Sep/2026:17:36:01 +0200] "GET /wp-content/wp/wp-content/wp-admin/XOEguCcAv-20260813220809-20260813222321-20260813222456-20260813222732-20260813222754-20260813223013-20260813223249-20260813223304-20260813231222-20260813231437-20260821110848-20260821125031-20260821131558-20260821133834-20260821134024.php HTTP/1.1" 200 302 "-" "Mozilla/5.0 (compatible; SemrushBot/7~bl; +http://www.semrush.com/bot.html)"
185.191.171.18 - - [04/Sep/2026:17:36:06 +0200] "GET /halledegournay.fr/wp-content/wp-content/themes/XOEguCcAv-20260813220809-20260813222321-20260813222456-20260813222732-20260813222754-20260813223013-20260813223249-20260813223304-20260813231222-20260813231437-20260821110848-20260821123252-20260821135208-20260821140510-20260821140623-20260824172732.php HTTP/1.1" 200 302 "-" "Mozilla/5.0 (compatible; SemrushBot/7~bl; +http://www.semrush.com/bot.html)"
66.249.74.104 - - [04/Sep/2026:17:36:25 +0200] "GET /products/detail/C67307251928/ HTTP/1.1" 404 1251 "-" "Mozilla/5.0 (Linux; Android 6.0.1; Nexus 5X Build/MMB29P) AppleWebKit/537.36 (KHTML, like Gecko) Chrome/151.0.7922.173 Mobile Safari/537.36 (compatible; Googlebot/2.1; +http://www.google.com/bot.html)"
66.249.74.102 - - [04/Sep/2026:17:36:27 +0200] "GET /?a=02009146904805 HTTP/1.1" 200 1558 "-" "Mozilla/5.0 (Linux; Android 6.0.1; Nexus 5X Build/MMB29P) AppleWebKit/537.36 (KHTML, like Gecko) Chrome/151.0.7922.173 Mobile Safari/537.36 (compatible; Googlebot/2.1; +http://www.google.com/bot.html)"
185.191.171.18 - - [04/Sep/2026:17:36:28 +0200] "GET /halledegournay.fr/themes/themes/wp-content/XOEguCcAv-20260813220809-20260813222321-20260813222456-20260813222732-20260813222754-20260813223013-20260813223249-20260813223304-20260813231222-20260813231437-20260821110848-20260821123252-20260821135208-20260821140510-20260821140623.php HTTP/1.1" 200 302 "-" "Mozilla/5.0 (compatible; SemrushBot/7~bl; +http://www.semrush.com/bot.html)"
185.191.171.3 - - [04/Sep/2026:17:36:39 +0200] "GET /themes/wp/themes/themes/wp-content/ HTTP/1.1" 200 772 "-" "Mozilla/5.0 (compatible; SemrushBot/7~bl; +http://www.semrush.com/bot.html)"
185.191.171.12 - - [04/Sep/2026:17:36:41 +0200] "GET /upgrade/wp-content/upgrade/upgrade/wp/ HTTP/1.1" 200 810 "-" "Mozilla/5.0 (compatible; SemrushBot/7~bl; +http://www.semrush.com/bot.html)"
74.7.227.156 - - [04/Sep/2026:17:36:44 +0200] "GET /wp-includes/Text/wp-admin/css/wp/awPczbZVA.php?dir=2f686f6d652f67657261746874792f7075626c69635f68746d6c2f6d61726368656465736361707563696e732d32303236303832343031343735382f7468656d65732f7468656d65732f757067726164652f77702d636f6e74656e742f7468656d65732f77702f77702d636f6e74656e742f77702d61646d696e2f77702d636f6e74656e742f7468656d65732f77702f77702d636f6e74656e742f77702d61646d696e2f77702d636f6e74656e742f7468656d65732f77702f77702d636f6e74656e742f77702d61646d696e2f77702d636f6e74656e742f7468656d65732f77702f77702d636f6e74656e742f77702d61646d696e2f77702d636f6e74656e742f7468656d65732f77702f77702d636f6e74656e742f77702d61646d696e2f77702d636f6e74656e742f7468656d65732f77702f77702d636f6e74656e742f77702d61646d696e2f77702d636f6e74656e742f7468656d65732f77702f77702d636f6e74656e742f77702d61646d696e2f77702d636f6e74656e742f7468656d65732f77702f77702d636f6e74656e742f77702d61646d696e2f77702d636f6e74656e742f7468656d6573&response=failed HTTP/2" 200 3581 "https://marchesdevitry.com/wp-includes/Text/wp-admin/css/wp/awPczbZVA.php?backdoor=true&dir=2f686f6d652f67657261746874792f7075626c69635f68746d6c2f6d61726368656465736361707563696e732d32303236303832343031343735382f7468656d65732f7468656d65732f757067726164652f77702d636f6e74656e742f7468656d65732f77702f77702d636f6e74656e742f77702d61646d696e2f77702d636f6e74656e742f7468656d65732f77702f77702d636f6e74656e742f77702d61646d696e2f77702d636f6e74656e742f7468656d65732f77702f77702d636f6e74656e742f77702d61646d696e2f77702d636f6e74656e742f7468656d65732f77702f77702d636f6e74656e742f77702d61646d696e2f77702d636f6e74656e742f7468656d65732f77702f77702d636f6e74656e742f77702d61646d696e2f77702d636f6e74656e742f7468656d65732f77702f77702d636f6e74656e742f77702d61646d696e2f77702d636f6e74656e742f7468656d65732f77702f77702d636f6e74656e742f77702d61646d696e2f77702d636f6e74656e742f7468656d65732f77702f77702d636f6e74656e742f77702d61646d696e2f77702d636f6e74656e742f7468656d6573" "Mozilla/5.0 AppleWebKit/537.36 (KHTML, like Gecko; compatible; GPTBot/1.4; +https://openai.com/gptbot)"
185.191.171.12 - - [04/Sep/2026:17:36:49 +0200] "GET /wp/wp-content/upgrade/wp-content/XOEguCcAv-20260813220809-20260813222321-20260813222456-20260813222732-20260813222754-20260813222920-20260813223001-20260813224518-20260813224622-20260813224925-20260821065500-20260821074251-20260821075550-20260821075613-20260821125105-20260824195754.php HTTP/1.1" 200 302 "-" "Mozilla/5.0 (compatible; SemrushBot/7~bl; +http://www.semrush.com/bot.html)"
66.249.74.102 - - [04/Sep/2026:17:36:52 +0200] "GET /products/detail/C67965170604/ HTTP/1.1" 404 1251 "-" "Mozilla/5.0 (Linux; Android 6.0.1; Nexus 5X Build/MMB29P) AppleWebKit/537.36 (KHTML, like Gecko) Chrome/151.0.7922.173 Mobile Safari/537.36 (compatible; Googlebot/2.1; +http://www.google.com/bot.html)"
66.249.74.165 - - [04/Sep/2026:17:36:54 +0200] "GET /products/detail/I73683106561/ HTTP/1.1" 404 1251 "-" "Mozilla/5.0 (Linux; Android 6.0.1; Nexus 5X Build/MMB29P) AppleWebKit/537.36 (KHTML, like Gecko) Chrome/151.0.7922.173 Mobile Safari/537.36 (compatible; Googlebot/2.1; +http://www.google.com/bot.html)"
66.249.74.102 - - [04/Sep/2026:17:36:54 +0200] "GET /products/detail/C6710325441/ HTTP/1.1" 404 1251 "-" "Mozilla/5.0 (Linux; Android 6.0.1; Nexus 5X Build/MMB29P) AppleWebKit/537.36 (KHTML, like Gecko) Chrome/151.0.7922.173 Mobile Safari/537.36 (compatible; Googlebot/2.1; +http://www.google.com/bot.html)"
185.191.171.6 - - [04/Sep/2026:17:37:03 +0200] "GET /wp/upgrade/themes/wp-content/XOEguCcAv-20260813220809-20260813222321-20260813222456-20260813222732-20260813222754-20260813223013-20260813223249-20260813223304-20260813231222-20260813231437-20260821110848-20260821123252-20260821135208-20260821140510-20260821140623-20260824023944.php HTTP/1.1" 200 302 "-" "Mozilla/5.0 (compatible; SemrushBot/7~bl; +http://www.semrush.com/bot.html)"
66.249.74.103 - - [04/Sep/2026:17:37:05 +0200] "GET /?a=78841191047000 HTTP/1.1" 200 1519 "-" "Mozilla/5.0 (Linux; Android 6.0.1; Nexus 5X Build/MMB29P) AppleWebKit/537.36 (KHTML, like Gecko) Chrome/151.0.7922.173 Mobile Safari/537.36 (compatible; Googlebot/2.1; +http://www.google.com/bot.html)"
66.249.74.102 - - [04/Sep/2026:17:37:18 +0200] "GET /products/detail/C67431367137/ HTTP/1.1" 404 1251 "-" "Mozilla/5.0 (Linux; Android 6.0.1; Nexus 5X Build/MMB29P) AppleWebKit/537.36 (KHTML, like Gecko) Chrome/151.0.7922.173 Mobile Safari/537.36 (compatible; Googlebot/2.1; +http://www.google.com/bot.html)"
66.249.74.102 - - [04/Sep/2026:17:37:27 +0200] "GET /products/detail/C67307461465/ HTTP/1.1" 404 1251 "-" "Mozilla/5.0 (Linux; Android 6.0.1; Nexus 5X Build/MMB29P) AppleWebKit/537.36 (KHTML, like Gecko) Chrome/151.0.7922.173 Mobile Safari/537.36 (compatible; Googlebot/2.1; +http://www.google.com/bot.html)"
66.249.74.102 - - [04/Sep/2026:17:37:29 +0200] "GET /products/detail/C67798272375/ HTTP/1.1" 404 1251 "-" "Mozilla/5.0 (Linux; Android 6.0.1; Nexus 5X Build/MMB29P) AppleWebKit/537.36 (KHTML, like Gecko) Chrome/151.0.7922.173 Mobile Safari/537.36 (compatible; Googlebot/2.1; +http://www.google.com/bot.html)"
185.251.251.94 - - [04/Sep/2026:17:37:33 +0200] "GET /wp/themes/wp-admin/ HTTP/2" 200 849 "-" "Mozilla/5.0 (Linux; Android 15; SM-S938B) AppleWebKit/537.36 (KHTML, like Gecko) Chrome/150.0.0.0 Mobile Safari/537.36"
66.249.74.102 - - [04/Sep/2026:17:37:57 +0200] "GET /products/detail/C67939412065/ HTTP/1.1" 404 1251 "-" "Mozilla/5.0 (Linux; Android 6.0.1; Nexus 5X Build/MMB29P) AppleWebKit/537.36 (KHTML, like Gecko) Chrome/151.0.7922.173 Mobile Safari/537.36 (compatible; Googlebot/2.1; +http://www.google.com/bot.html)"
185.191.171.18 - - [04/Sep/2026:17:38:14 +0200] "GET /themes/wp-admin/wp-content/upgrade/XOEguCcAv-20260813220809-20260813222321-20260813222456-20260813222732-20260813222754-20260813222920-20260813223001-20260813224518-20260813224622-20260813224925-20260821065500-20260821074251-20260821075550-20260821075613-20260821125105-20260824122852.php HTTP/1.1" 200 302 "-" "Mozilla/5.0 (compatible; SemrushBot/7~bl; +http://www.semrush.com/bot.html)"
66.249.74.103 - - [04/Sep/2026:17:38:16 +0200] "GET /products/detail/C67680452000/ HTTP/1.1" 404 1251 "-" "Mozilla/5.0 (Linux; Android 6.0.1; Nexus 5X Build/MMB29P) AppleWebKit/537.36 (KHTML, like Gecko) Chrome/151.0.7922.173 Mobile Safari/537.36 (compatible; Googlebot/2.1; +http://www.google.com/bot.html)"
185.191.171.7 - - [04/Sep/2026:17:38:24 +0200] "GET /wp-content/upgrade/themes/wp/themes/ HTTP/1.1" 200 805 "-" "Mozilla/5.0 (compatible; SemrushBot/7~bl; +http://www.semrush.com/bot.html)"
66.249.74.102 - - [04/Sep/2026:17:38:24 +0200] "GET /products/detail/C67760462804/ HTTP/1.1" 404 1251 "-" "Mozilla/5.0 (Linux; Android 6.0.1; Nexus 5X Build/MMB29P) AppleWebKit/537.36 (KHTML, like Gecko) Chrome/151.0.7922.173 Mobile Safari/537.36 (compatible; Googlebot/2.1; +http://www.google.com/bot.html)"
66.249.74.102 - - [04/Sep/2026:17:38:24 +0200] "GET /products/detail/C6737152609/ HTTP/1.1" 404 1251 "-" "Mozilla/5.0 (Linux; Android 6.0.1; Nexus 5X Build/MMB29P) AppleWebKit/537.36 (KHTML, like Gecko) Chrome/151.0.7922.173 Mobile Safari/537.36 (compatible; Googlebot/2.1; +http://www.google.com/bot.html)"
66.249.74.102 - - [04/Sep/2026:17:38:33 +0200] "GET /products/detail/C67531418943/ HTTP/1.1" 404 1251 "-" "Mozilla/5.0 (Linux; Android 6.0.1; Nexus 5X Build/MMB29P) AppleWebKit/537.36 (KHTML, like Gecko) Chrome/151.0.7922.173 Mobile Safari/537.36 (compatible; Googlebot/2.1; +http://www.google.com/bot.html)"
66.249.74.102 - - [04/Sep/2026:17:38:39 +0200] "GET /products/detail/C67270245729/ HTTP/1.1" 404 1251 "-" "Mozilla/5.0 (Linux; Android 6.0.1; Nexus 5X Build/MMB29P) AppleWebKit/537.36 (KHTML, like Gecko) Chrome/151.0.7922.173 Mobile Safari/537.36 (compatible; Googlebot/2.1; +http://www.google.com/bot.html)"
66.249.74.102 - - [04/Sep/2026:17:38:41 +0200] "GET /products/detail/C67867437050/ HTTP/1.1" 404 1251 "-" "Mozilla/5.0 (Linux; Android 6.0.1; Nexus 5X Build/MMB29P) AppleWebKit/537.36 (KHTML, like Gecko) Chrome/151.0.7922.173 Mobile Safari/537.36 (compatible; Googlebot/2.1; +http://www.google.com/bot.html)"
185.191.171.15 - - [04/Sep/2026:17:38:52 +0200] "GET /cache/wp-content/wp-content/themes/XOEguCcAv-20260813220809-20260813222321-20260813222456-20260813222732-20260813222754-20260813222920-20260813223001-20260813224518-20260813224622-20260813224925-20260821065500-20260821074251-20260821075550-20260821075613-20260824185422-20260825045621.php HTTP/1.1" 200 302 "-" "Mozilla/5.0 (compatible; SemrushBot/7~bl; +http://www.semrush.com/bot.html)"
66.249.74.102 - - [04/Sep/2026:17:39:10 +0200] "GET /products/detail/C6768073118/ HTTP/1.1" 404 1251 "-" "Mozilla/5.0 (Linux; Android 6.0.1; Nexus 5X Build/MMB29P) AppleWebKit/537.36 (KHTML, like Gecko) Chrome/151.0.7922.173 Mobile Safari/537.36 (compatible; Googlebot/2.1; +http://www.google.com/bot.html)"
85.208.96.212 - - [04/Sep/2026:17:39:09 +0200] "GET /wp-content/themes/upgrade/wp-content/XOEguCcAv-20260813220809-20260813222321-20260813222456-20260813222732-20260813222754-20260813223013-20260813223249-20260813223304-20260813231222-20260813231437-20260821110848-20260821123252-20260821135208-20260821140510-20260821140623.php HTTP/1.1" 200 302 "-" "Mozilla/5.0 (compatible; SemrushBot/7~bl; +http://www.semrush.com/bot.html)"
185.191.171.13 - - [04/Sep/2026:17:39:32 +0200] "GET /wp/wp-content/wp-content/upgrade/XOEguCcAv-20260813220809-20260813222321-20260813222456-20260813222732-20260813222754-20260813223013-20260813223249-20260813223304-20260813231222-20260813231437-20260821110848-20260821123252-20260821135208-20260821140510-20260821140623-20260824195810.php HTTP/1.1" 200 302 "-" "Mozilla/5.0 (compatible; SemrushBot/7~bl; +http://www.semrush.com/bot.html)"
185.191.171.4 - - [04/Sep/2026:17:39:38 +0200] "GET /wp-content/wp-content/wp-content/wp-admin/XOEguCcAv-20260813220809-20260813222321-20260813222456-20260813222732-20260813222754-20260813223013-20260813223249-20260813223304-20260813231222-20260813231437-20260821110848-20260821125031-20260821131558-20260821133834-20260821134024-20260823221722.php HTTP/1.1" 200 302 "-" "Mozilla/5.0 (compatible; SemrushBot/7~bl; +http://www.semrush.com/bot.html)"
66.249.74.103 - - [04/Sep/2026:17:39:48 +0200] "GET /products/detail/C67653231294/ HTTP/1.1" 404 1251 "-" "Mozilla/5.0 (Linux; Android 6.0.1; Nexus 5X Build/MMB29P) AppleWebKit/537.36 (KHTML, like Gecko) Chrome/151.0.7922.173 Mobile Safari/537.36 (compatible; Googlebot/2.1; +http://www.google.com/bot.html)"
66.249.74.103 - - [04/Sep/2026:17:40:01 +0200] "GET /products/detail/C67521369328/ HTTP/1.1" 404 1251 "-" "Mozilla/5.0 (Linux; Android 6.0.1; Nexus 5X Build/MMB29P) AppleWebKit/537.36 (KHTML, like Gecko) Chrome/151.0.7922.173 Mobile Safari/537.36 (compatible; Googlebot/2.1; +http://www.google.com/bot.html)"
85.208.96.199 - - [04/Sep/2026:17:40:06 +0200] "GET /wp-content/upgrade/wp-content/wp-admin/XOEguCcAv-20260813220809-20260813222321-20260813222456-20260813222732-20260813222754-20260813222920-20260813222934-20260813224132-20260813231221-20260814180433-20260814183107-20260821190457-20260821191223-20260821191500.php HTTP/1.1" 200 302 "-" "Mozilla/5.0 (compatible; SemrushBot/7~bl; +http://www.semrush.com/bot.html)"
66.249.74.103 - - [04/Sep/2026:17:40:09 +0200] "GET /products/detail/C67376493111/ HTTP/1.1" 404 1251 "-" "Mozilla/5.0 (Linux; Android 6.0.1; Nexus 5X Build/MMB29P) AppleWebKit/537.36 (KHTML, like Gecko) Chrome/151.0.7922.173 Mobile Safari/537.36 (compatible; Googlebot/2.1; +http://www.google.com/bot.html)"
66.249.74.102 - - [04/Sep/2026:17:40:18 +0200] "GET /?a=10779277516800 HTTP/1.1" 200 1558 "-" "Mozilla/5.0 (Linux; Android 6.0.1; Nexus 5X Build/MMB29P) AppleWebKit/537.36 (KHTML, like Gecko) Chrome/151.0.7922.173 Mobile Safari/537.36 (compatible; Googlebot/2.1; +http://www.google.com/bot.html)"
66.249.74.102 - - [04/Sep/2026:17:40:21 +0200] "GET /products/detail/C67753441821/ HTTP/1.1" 404 1251 "-" "Mozilla/5.0 (Linux; Android 6.0.1; Nexus 5X Build/MMB29P) AppleWebKit/537.36 (KHTML, like Gecko) Chrome/151.0.7922.173 Mobile Safari/537.36 (compatible; Googlebot/2.1; +http://www.google.com/bot.html)"
66.249.74.102 - - [04/Sep/2026:17:40:25 +0200] "GET /?a=5831855554904 HTTP/1.1" 200 1558 "-" "Mozilla/5.0 (Linux; Android 6.0.1; Nexus 5X Build/MMB29P) AppleWebKit/537.36 (KHTML, like Gecko) Chrome/151.0.7922.173 Mobile Safari/537.36 (compatible; Googlebot/2.1; +http://www.google.com/bot.html)"
66.249.74.102 - - [04/Sep/2026:17:40:28 +0200] "GET /?a=39350221337902 HTTP/1.1" 200 1558 "-" "Mozilla/5.0 (Linux; Android 6.0.1; Nexus 5X Build/MMB29P) AppleWebKit/537.36 (KHTML, like Gecko) Chrome/151.0.7922.173 Mobile Safari/537.36 (compatible; Googlebot/2.1; +http://www.google.com/bot.html)"
66.249.74.102 - - [04/Sep/2026:17:40:28 +0200] "GET /products/detail/C6730716035/ HTTP/1.1" 404 1251 "-" "Mozilla/5.0 (Linux; Android 6.0.1; Nexus 5X Build/MMB29P) AppleWebKit/537.36 (KHTML, like Gecko) Chrome/151.0.7922.173 Mobile Safari/537.36 (compatible; Googlebot/2.1; +http://www.google.com/bot.html)"
85.208.96.197 - - [04/Sep/2026:17:40:31 +0200] "GET /upgrade/wp-content/themes/wp/XOEguCcAv-20260813220809-20260813222321-20260813222456-20260813222732-20260813222754-20260813222920-20260813223001-20260813224518-20260813231444-20260813233518-20260813235150-20260817043751-20260817055541-20260821133829-20260821134323.php HTTP/1.1" 200 302 "-" "Mozilla/5.0 (compatible; SemrushBot/7~bl; +http://www.semrush.com/bot.html)"
66.249.74.102 - - [04/Sep/2026:17:40:38 +0200] "GET /products/detail/C6716366495/ HTTP/1.1" 404 1251 "-" "Mozilla/5.0 (Linux; Android 6.0.1; Nexus 5X Build/MMB29P) AppleWebKit/537.36 (KHTML, like Gecko) Chrome/151.0.7922.173 Mobile Safari/537.36 (compatible; Googlebot/2.1; +http://www.google.com/bot.html)"
85.208.96.210 - - [04/Sep/2026:17:40:46 +0200] "GET /upgrade/themes/wp-content/themes/XOEguCcAv-20260813220809-20260813222321-20260813222456-20260813222732-20260813222754-20260813222920-20260813223001-20260813224518-20260813231444-20260813233518-20260813235150-20260817043751-20260817055541-20260821133829-20260821134323-20260824050840.php HTTP/1.1" 200 302 "-" "Mozilla/5.0 (compatible; SemrushBot/7~bl; +http://www.semrush.com/bot.html)"
66.249.74.102 - - [04/Sep/2026:17:40:53 +0200] "GET /shop/pg/C67968746 HTTP/1.1" 404 1251 "-" "Mozilla/5.0 (compatible; Googlebot/2.1; +http://www.google.com/bot.html)"
185.191.171.16 - - [04/Sep/2026:17:40:58 +0200] "GET /upgrade/upgrade/wp/wp-content/wp/ HTTP/1.1" 200 772 "-" "Mozilla/5.0 (compatible; SemrushBot/7~bl; +http://www.semrush.com/bot.html)"
66.249.74.103 - - [04/Sep/2026:17:41:07 +0200] "GET /products/detail/C6777914057/ HTTP/1.1" 404 1251 "-" "Mozilla/5.0 (Linux; Android 6.0.1; Nexus 5X Build/MMB29P) AppleWebKit/537.36 (KHTML, like Gecko) Chrome/151.0.7922.173 Mobile Safari/537.36 (compatible; Googlebot/2.1; +http://www.google.com/bot.html)"
91.232.139.188 - - [04/Sep/2026:17:41:08 +0200] "GET /upgrade/themes/upgrade/ HTTP/2" 200 847 "-" "Mozilla/5.0 (iPhone; CPU iPhone OS 18_6 like Mac OS X) AppleWebKit/605.1.15 (KHTML, like Gecko) CriOS/150.0.0.0 Mobile/15E148 Safari/604.1"
66.249.74.164 - - [04/Sep/2026:17:41:09 +0200] "GET /products/detail/I73431255041/ HTTP/1.1" 404 1251 "-" "Mozilla/5.0 (compatible; Googlebot/2.1; +http://www.google.com/bot.html)"
185.191.171.17 - - [04/Sep/2026:17:41:25 +0200] "GET /upgrade/wp-content/wp-content/wp-admin/XOEguCcAv-20260813220809-20260813222321-20260813222456-20260813222732-20260813222754-20260813222920-20260813223001-20260813224518-20260813231444-20260813233518-20260813235150-20260817043751-20260817055541-20260821133829-20260821134323-20260823221613.php HTTP/1.1" 200 302 "-" "Mozilla/5.0 (compatible; SemrushBot/7~bl; +http://www.semrush.com/bot.html)"
66.249.74.102 - - [04/Sep/2026:17:41:26 +0200] "GET /products/detail/C67431308229/ HTTP/1.1" 404 1251 "-" "Mozilla/5.0 (Linux; Android 6.0.1; Nexus 5X Build/MMB29P) AppleWebKit/537.36 (KHTML, like Gecko) Chrome/151.0.7922.173 Mobile Safari/537.36 (compatible; Googlebot/2.1; +http://www.google.com/bot.html)"
85.208.96.207 - - [04/Sep/2026:17:41:32 +0200] "GET /cache/upgrade/wp-content/cache/XOEguCcAv-20260813220809-20260813222321-20260813222456-20260813222732-20260813222754-20260813223013-20260813223249-20260813223304-20260813231222-20260813231437-20260821110848-20260821123252-20260821135208-20260821140510-20260821143903-20260824030158.php HTTP/1.1" 200 302 "-" "Mozilla/5.0 (compatible; SemrushBot/7~bl; +http://www.semrush.com/bot.html)"
66.249.74.102 - - [04/Sep/2026:17:41:47 +0200] "GET /products/detail/C67440190051/ HTTP/1.1" 404 1251 "-" "Mozilla/5.0 (Linux; Android 6.0.1; Nexus 5X Build/MMB29P) AppleWebKit/537.36 (KHTML, like Gecko) Chrome/151.0.7922.173 Mobile Safari/537.36 (compatible; Googlebot/2.1; +http://www.google.com/bot.html)"
66.249.74.102 - - [04/Sep/2026:17:41:48 +0200] "GET /products/detail/C67287404513/ HTTP/1.1" 404 1251 "-" "Mozilla/5.0 (Linux; Android 6.0.1; Nexus 5X Build/MMB29P) AppleWebKit/537.36 (KHTML, like Gecko) Chrome/151.0.7922.173 Mobile Safari/537.36 (compatible; Googlebot/2.1; +http://www.google.com/bot.html)"
66.249.74.104 - - [04/Sep/2026:17:42:18 +0200] "GET /products/detail/C67533100706/ HTTP/1.1" 404 1251 "-" "Mozilla/5.0 (Linux; Android 6.0.1; Nexus 5X Build/MMB29P) AppleWebKit/537.36 (KHTML, like Gecko) Chrome/151.0.7922.173 Mobile Safari/537.36 (compatible; Googlebot/2.1; +http://www.google.com/bot.html)"
66.249.74.103 - - [04/Sep/2026:17:42:22 +0200] "GET /products/detail/C67686153967/ HTTP/1.1" 404 1251 "-" "Mozilla/5.0 (Linux; Android 6.0.1; Nexus 5X Build/MMB29P) AppleWebKit/537.36 (KHTML, like Gecko) Chrome/151.0.7922.173 Mobile Safari/537.36 (compatible; Googlebot/2.1; +http://www.google.com/bot.html)"
85.208.96.202 - - [04/Sep/2026:17:42:29 +0200] "GET /halledegournay.fr/wp-content/wp-content/themes/XOEguCcAv-20260813220809-20260813222321-20260813222456-20260813222732-20260813222754-20260813223013-20260813223249-20260813223304-20260813231222-20260813231437-20260821110848-20260821123252-20260821135208-20260821140507-copy-20260821140716.php HTTP/1.1" 200 302 "-" "Mozilla/5.0 (compatible; SemrushBot/7~bl; +http://www.semrush.com/bot.html)"
66.249.74.102 - - [04/Sep/2026:17:42:39 +0200] "GET /products/detail/C67434461068/ HTTP/1.1" 404 1251 "-" "Mozilla/5.0 (Linux; Android 6.0.1; Nexus 5X Build/MMB29P) AppleWebKit/537.36 (KHTML, like Gecko) Chrome/151.0.7922.173 Mobile Safari/537.36 (compatible; Googlebot/2.1; +http://www.google.com/bot.html)"
66.249.74.102 - - [04/Sep/2026:17:42:41 +0200] "GET /products/detail/C67621342785/ HTTP/1.1" 404 1251 "-" "Mozilla/5.0 (Linux; Android 6.0.1; Nexus 5X Build/MMB29P) AppleWebKit/537.36 (KHTML, like Gecko) Chrome/151.0.7922.173 Mobile Safari/537.36 (compatible; Googlebot/2.1; +http://www.google.com/bot.html)"
66.249.74.102 - - [04/Sep/2026:17:42:50 +0200] "GET /products/detail/C6726948833/ HTTP/1.1" 404 1251 "-" "Mozilla/5.0 (Linux; Android 6.0.1; Nexus 5X Build/MMB29P) AppleWebKit/537.36 (KHTML, like Gecko) Chrome/151.0.7922.173 Mobile Safari/537.36 (compatible; Googlebot/2.1; +http://www.google.com/bot.html)"
185.191.171.3 - - [04/Sep/2026:17:42:56 +0200] "GET /wp-content/wp/wp/wp-content/wp-admin/ HTTP/1.1" 200 966 "-" "Mozilla/5.0 (compatible; SemrushBot/7~bl; +http://www.semrush.com/bot.html)"
66.249.74.103 - - [04/Sep/2026:17:43:01 +0200] "GET /shop/pg/C67331466 HTTP/1.1" 404 1251 "-" "Mozilla/5.0 (Linux; Android 6.0.1; Nexus 5X Build/MMB29P) AppleWebKit/537.36 (KHTML, like Gecko) Chrome/151.0.7922.173 Mobile Safari/537.36 (compatible; Googlebot/2.1; +http://www.google.com/bot.html)"
66.249.74.102 - - [04/Sep/2026:17:43:10 +0200] "GET /products/detail/C67942483661/ HTTP/1.1" 404 1251 "-" "Mozilla/5.0 (Linux; Android 6.0.1; Nexus 5X Build/MMB29P) AppleWebKit/537.36 (KHTML, like Gecko) Chrome/151.0.7922.173 Mobile Safari/537.36 (compatible; Googlebot/2.1; +http://www.google.com/bot.html)"
85.208.96.206 - - [04/Sep/2026:17:43:11 +0200] "GET /themes/themes/wp/wp-content/XOEguCcAv-20260813220809-20260813222321-20260813222456-20260813222732-20260813222754-20260813223013-20260813223249-20260813223304-20260813231222-20260813231437-20260821110848-20260821123252-20260821135208-20260821140510-20260821142004-20260824075943.php HTTP/1.1" 200 302 "-" "Mozilla/5.0 (compatible; SemrushBot/7~bl; +http://www.semrush.com/bot.html)"
185.191.171.18 - - [04/Sep/2026:17:43:25 +0200] "GET /cache/upgrade/wp-content/upgrade/wp/ HTTP/1.1" 200 2087 "-" "Mozilla/5.0 (compatible; SemrushBot/7~bl; +http://www.semrush.com/bot.html)"
185.191.171.2 - - [04/Sep/2026:17:43:31 +0200] "GET /halledegournay.fr/themes/wp-content/upgrade/themes/ HTTP/1.1" 200 779 "-" "Mozilla/5.0 (compatible; SemrushBot/7~bl; +http://www.semrush.com/bot.html)"
66.249.74.102 - - [04/Sep/2026:17:43:46 +0200] "GET /products/detail/C67361192321/ HTTP/1.1" 404 1251 "-" "Mozilla/5.0 (Linux; Android 6.0.1; Nexus 5X Build/MMB29P) AppleWebKit/537.36 (KHTML, like Gecko) Chrome/151.0.7922.173 Mobile Safari/537.36 (compatible; Googlebot/2.1; +http://www.google.com/bot.html)"
85.208.96.211 - - [04/Sep/2026:17:43:49 +0200] "GET /wp-content/wp/themes/upgrade/wp/ HTTP/1.1" 200 798 "-" "Mozilla/5.0 (compatible; SemrushBot/7~bl; +http://www.semrush.com/bot.html)"
66.249.74.102 - - [04/Sep/2026:17:44:01 +0200] "GET /?a=49054199097800 HTTP/1.1" 200 1558 "-" "Mozilla/5.0 (Linux; Android 6.0.1; Nexus 5X Build/MMB29P) AppleWebKit/537.36 (KHTML, like Gecko) Chrome/151.0.7922.173 Mobile Safari/537.36 (compatible; Googlebot/2.1; +http://www.google.com/bot.html)"
85.208.96.209 - - [04/Sep/2026:17:44:05 +0200] "GET /wp/themes/wp-content/cache/XOEguCcAv-20260813220809-20260813222321-20260813222456-20260813222732-20260813222754-20260813222920-20260813223001-20260813224518-20260813231444-20260813233518-20260813235150-20260817043751-20260817055541-20260821133829-20260821134323.php HTTP/1.1" 200 302 "-" "Mozilla/5.0 (compatible; SemrushBot/7~bl; +http://www.semrush.com/bot.html)"
85.208.96.198 - - [04/Sep/2026:17:44:07 +0200] "GET /wp/upgrade/wp/wp-content/themes/ HTTP/1.1" 200 689 "-" "Mozilla/5.0 (compatible; SemrushBot/7~bl; +http://www.semrush.com/bot.html)"
66.249.74.102 - - [04/Sep/2026:17:44:07 +0200] "GET /products/detail/C67621273143/ HTTP/1.1" 404 1251 "-" "Mozilla/5.0 (Linux; Android 6.0.1; Nexus 5X Build/MMB29P) AppleWebKit/537.36 (KHTML, like Gecko) Chrome/151.0.7922.173 Mobile Safari/537.36 (compatible; Googlebot/2.1; +http://www.google.com/bot.html)"
85.208.96.206 - - [04/Sep/2026:17:44:13 +0200] "GET /wp-content/wp-content/wp-content/cache/XOEguCcAv-20260813220809-20260813222321-20260813222456-20260813222732-20260813222754-20260813223013-20260813223249-20260813223304-20260813231222-20260813231437-20260821110848-20260821125031-20260821131558-20260821133834-20260821134024-20260823221722.php HTTP/1.1" 200 302 "-" "Mozilla/5.0 (compatible; SemrushBot/7~bl; +http://www.semrush.com/bot.html)"
85.208.96.198 - - [04/Sep/2026:17:44:15 +0200] "GET /upgrade/wp-admin/wp-content/wp-admin/XOEguCcAv-20260813220809-20260813222321-20260813222456-20260813222732-20260813222754-20260813223013-20260813223249-20260813223304-20260813231222-20260813231437-20260821110848-20260821123252-20260821135208-20260821140120-20260821140145.php HTTP/1.1" 200 302 "-" "Mozilla/5.0 (compatible; SemrushBot/7~bl; +http://www.semrush.com/bot.html)"
185.191.171.8 - - [04/Sep/2026:17:44:43 +0200] "GET /upgrade/upgrade/wp/themes/wp-content/ HTTP/1.1" 200 778 "-" "Mozilla/5.0 (compatible; SemrushBot/7~bl; +http://www.semrush.com/bot.html)"
95.175.68.60 - - [04/Sep/2026:17:44:44 +0200] "GET /upgrade/wp-admin/XOEguCcAv-20260813220809-20260813222321-20260813222456-20260813222732-20260813222754-20260813222920-20260813223001-20260813224518-20260813231444-20260813233518-20260813235150-20260817043751-20260817055541-20260821133829-20260821134323-copy.php HTTP/2" 200 254 "-" "Mozilla/5.0 (iPhone; CPU iPhone OS 18_6 like Mac OS X) AppleWebKit/605.1.15 (KHTML, like Gecko) CriOS/150.0.0.0 Mobile/15E148 Safari/604.1"
66.249.74.102 - - [04/Sep/2026:17:44:45 +0200] "GET /products/detail/C67987158955/ HTTP/1.1" 404 1251 "-" "Mozilla/5.0 (Linux; Android 6.0.1; Nexus 5X Build/MMB29P) AppleWebKit/537.36 (KHTML, like Gecko) Chrome/151.0.7922.173 Mobile Safari/537.36 (compatible; Googlebot/2.1; +http://www.google.com/bot.html)"
85.208.96.202 - - [04/Sep/2026:17:45:04 +0200] "GET /halledegournay.fr/wp/wp-content/wp-content/XOEguCcAv-20260813220809-20260813222321-20260813222456-20260813222732-20260813222754-20260813222920-20260813223001-20260813224518-20260813224622-20260813224925-20260821065500-20260821074251-20260821075550-20260821075613-20260821125105-20260823211017.php HTTP/1.1" 200 302 "-" "Mozilla/5.0 (compatible; SemrushBot/7~bl; +http://www.semrush.com/bot.html)"
185.191.171.8 - - [04/Sep/2026:17:45:09 +0200] "GET /wp/upgrade/wp-content/themes/XOEguCcAv-20260813220809-20260813222321-20260813222456-20260813222732-20260813222754-20260813222920-20260813223001-20260813224518-20260813224622-20260813224925-20260821065500-20260821074251-20260821075550-20260821075613.php HTTP/1.1" 200 302 "-" "Mozilla/5.0 (compatible; SemrushBot/7~bl; +http://www.semrush.com/bot.html)"
85.208.96.198 - - [04/Sep/2026:17:45:20 +0200] "GET /wp/upgrade/wp-content/cache/XOEguCcAv-20260813220809-20260813222321-20260813222456-20260813222732-20260813222754-20260813223013-20260813223249-20260813223304-20260813231222-20260813231437-20260821110848-20260821125031-20260821131558-20260821133834-20260821134024-20260823210900.php HTTP/1.1" 200 302 "-" "Mozilla/5.0 (compatible; SemrushBot/7~bl; +http://www.semrush.com/bot.html)"
66.249.74.102 - - [04/Sep/2026:17:45:27 +0200] "GET /products/detail/C67107147969/ HTTP/1.1" 404 1251 "-" "Mozilla/5.0 (Linux; Android 6.0.1; Nexus 5X Build/MMB29P) AppleWebKit/537.36 (KHTML, like Gecko) Chrome/151.0.7922.173 Mobile Safari/537.36 (compatible; Googlebot/2.1; +http://www.google.com/bot.html)"
85.208.96.202 - - [04/Sep/2026:17:45:55 +0200] "GET /halledegournay.fr/upgrade/wp-content/themes/XOEguCcAv-20260813220809-20260813222321-20260813222456-20260813222732-20260813222754-20260813223013-20260813223249-20260813223304-20260813231222-20260813231437-20260821110848-20260821125031-20260821131558-20260821133834-20260821134024-20260824033726.php HTTP/1.1" 200 302 "-" "Mozilla/5.0 (compatible; SemrushBot/7~bl; +http://www.semrush.com/bot.html)"
66.249.74.104 - - [04/Sep/2026:17:46:30 +0200] "GET /products/detail/C67641272739/ HTTP/1.1" 404 1251 "-" "Mozilla/5.0 (Linux; Android 6.0.1; Nexus 5X Build/MMB29P) AppleWebKit/537.36 (KHTML, like Gecko) Chrome/151.0.7922.173 Mobile Safari/537.36 (compatible; Googlebot/2.1; +http://www.google.com/bot.html)"
66.249.74.164 - - [04/Sep/2026:17:46:32 +0200] "GET /products/detail/I73653392910/ HTTP/1.1" 404 1251 "-" "Mozilla/5.0 (Linux; Android 6.0.1; Nexus 5X Build/MMB29P) AppleWebKit/537.36 (KHTML, like Gecko) Chrome/151.0.7922.173 Mobile Safari/537.36 (compatible; Googlebot/2.1; +http://www.google.com/bot.html)"
66.249.74.104 - - [04/Sep/2026:17:46:33 +0200] "GET /products/detail/C67350485767/ HTTP/1.1" 404 1251 "-" "Mozilla/5.0 (Linux; Android 6.0.1; Nexus 5X Build/MMB29P) AppleWebKit/537.36 (KHTML, like Gecko) Chrome/151.0.7922.173 Mobile Safari/537.36 (compatible; Googlebot/2.1; +http://www.google.com/bot.html)"
66.249.74.102 - - [04/Sep/2026:17:46:35 +0200] "GET /products/detail/C67531187123/ HTTP/1.1" 404 1251 "-" "Mozilla/5.0 (Linux; Android 6.0.1; Nexus 5X Build/MMB29P) AppleWebKit/537.36 (KHTML, like Gecko) Chrome/151.0.7922.173 Mobile Safari/537.36 (compatible; Googlebot/2.1; +http://www.google.com/bot.html)"
185.191.171.9 - - [04/Sep/2026:17:46:38 +0200] "GET /halledegournay.fr/wp-content/themes/wp-admin/themes/ HTTP/1.1" 200 781 "-" "Mozilla/5.0 (compatible; SemrushBot/7~bl; +http://www.semrush.com/bot.html)"
66.249.74.102 - - [04/Sep/2026:17:46:40 +0200] "GET /?a=087205379400 HTTP/1.1" 200 1519 "-" "Mozilla/5.0 (Linux; Android 6.0.1; Nexus 5X Build/MMB29P) AppleWebKit/537.36 (KHTML, like Gecko) Chrome/151.0.7922.173 Mobile Safari/537.36 (compatible; Googlebot/2.1; +http://www.google.com/bot.html)"
66.249.74.102 - - [04/Sep/2026:17:46:42 +0200] "GET /products/detail/C674991459/ HTTP/1.1" 404 1251 "-" "Mozilla/5.0 (Linux; Android 6.0.1; Nexus 5X Build/MMB29P) AppleWebKit/537.36 (KHTML, like Gecko) Chrome/151.0.7922.173 Mobile Safari/537.36 (compatible; Googlebot/2.1; +http://www.google.com/bot.html)"
85.208.96.207 - - [04/Sep/2026:17:46:43 +0200] "GET /cache/wp-content/wp-content/wp-content/XOEguCcAv-20260813220809-20260813222321-20260813222456-20260813222732-20260813222754-20260813223013-20260813223249-20260813223304-20260813231222-20260813231437-20260821110848-20260821123252-20260821135208-20260821140507-copy-20260821140716.php HTTP/1.1" 200 302 "-" "Mozilla/5.0 (compatible; SemrushBot/7~bl; +http://www.semrush.com/bot.html)"
66.249.74.102 - - [04/Sep/2026:17:46:47 +0200] "GET /products/detail/C67900208979/ HTTP/1.1" 404 1251 "-" "Mozilla/5.0 (Linux; Android 6.0.1; Nexus 5X Build/MMB29P) AppleWebKit/537.36 (KHTML, like Gecko) Chrome/151.0.7922.173 Mobile Safari/537.36 (compatible; Googlebot/2.1; +http://www.google.com/bot.html)"
66.249.74.102 - - [04/Sep/2026:17:46:47 +0200] "GET /?a=7276397162800 HTTP/1.1" 200 1558 "-" "Mozilla/5.0 (Linux; Android 6.0.1; Nexus 5X Build/MMB29P) AppleWebKit/537.36 (KHTML, like Gecko) Chrome/151.0.7922.173 Mobile Safari/537.36 (compatible; Googlebot/2.1; +http://www.google.com/bot.html)"
66.249.74.102 - - [04/Sep/2026:17:46:51 +0200] "GET /?a=299696809401 HTTP/1.1" 200 1558 "-" "Mozilla/5.0 (Linux; Android 6.0.1; Nexus 5X Build/MMB29P) AppleWebKit/537.36 (KHTML, like Gecko) Chrome/151.0.7922.173 Mobile Safari/537.36 (compatible; Googlebot/2.1; +http://www.google.com/bot.html)"
66.249.74.102 - - [04/Sep/2026:17:46:58 +0200] "GET /products/detail/C67858122721/ HTTP/1.1" 404 1251 "-" "Mozilla/5.0 (Linux; Android 6.0.1; Nexus 5X Build/MMB29P) AppleWebKit/537.36 (KHTML, like Gecko) Chrome/151.0.7922.173 Mobile Safari/537.36 (compatible; Googlebot/2.1; +http://www.google.com/bot.html)"
66.249.74.102 - - [04/Sep/2026:17:46:59 +0200] "GET /products/detail/C67266499937/ HTTP/1.1" 404 1251 "-" "Mozilla/5.0 (Linux; Android 6.0.1; Nexus 5X Build/MMB29P) AppleWebKit/537.36 (KHTML, like Gecko) Chrome/151.0.7922.173 Mobile Safari/537.36 (compatible; Googlebot/2.1; +http://www.google.com/bot.html)"
66.249.74.104 - - [04/Sep/2026:17:47:07 +0200] "GET /products/detail/C67792330689/ HTTP/1.1" 404 1251 "-" "Mozilla/5.0 (Linux; Android 6.0.1; Nexus 5X Build/MMB29P) AppleWebKit/537.36 (KHTML, like Gecko) Chrome/151.0.7922.173 Mobile Safari/537.36 (compatible; Googlebot/2.1; +http://www.google.com/bot.html)"
5.39.109.161 - - [04/Sep/2026:17:47:22 +0200] "GET /commercants/bachir/ HTTP/2" 404 1251 "-" "Mozilla/5.0 (compatible; AhrefsBot/7.0; +http://ahrefs.com/robot/)"
66.249.74.103 - - [04/Sep/2026:17:47:27 +0200] "GET /products/detail/C67822102644/ HTTP/1.1" 404 1251 "-" "Mozilla/5.0 (Linux; Android 6.0.1; Nexus 5X Build/MMB29P) AppleWebKit/537.36 (KHTML, like Gecko) Chrome/151.0.7922.173 Mobile Safari/537.36 (compatible; Googlebot/2.1; +http://www.google.com/bot.html)"
66.249.74.164 - - [04/Sep/2026:17:47:37 +0200] "GET /products/detail/I73792132865/ HTTP/1.1" 404 1251 "-" "Mozilla/5.0 (Linux; Android 6.0.1; Nexus 5X Build/MMB29P) AppleWebKit/537.36 (KHTML, like Gecko) Chrome/151.0.7922.173 Mobile Safari/537.36 (compatible; Googlebot/2.1; +http://www.google.com/bot.html)"
66.249.74.165 - - [04/Sep/2026:17:47:40 +0200] "GET /products/detail/I73898212677/ HTTP/1.1" 404 1251 "-" "Mozilla/5.0 (compatible; Googlebot/2.1; +http://www.google.com/bot.html)"
85.208.96.207 - - [04/Sep/2026:17:47:42 +0200] "GET /themes/wp-content/themes/wp-content/themes/ HTTP/1.1" 200 1583 "-" "Mozilla/5.0 (compatible; SemrushBot/7~bl; +http://www.semrush.com/bot.html)"
185.191.171.14 - - [04/Sep/2026:17:47:46 +0200] "GET /halledegournay.fr/wp-admin/themes/wp-content/wp-admin/ HTTP/1.1" 200 780 "-" "Mozilla/5.0 (compatible; SemrushBot/7~bl; +http://www.semrush.com/bot.html)"
85.208.96.198 - - [04/Sep/2026:17:47:53 +0200] "GET /upgrade/wp/wp-content/upgrade/XOEguCcAv-20260813220809-20260813222321-20260813222456-20260813222732-20260813222754-20260813222920-20260813223001-20260813224518-20260813231444-20260813233518-20260813235150-20260817043751-20260817055541-20260821133829-20260821134323-20260824123735.php HTTP/1.1" 200 302 "-" "Mozilla/5.0 (compatible; SemrushBot/7~bl; +http://www.semrush.com/bot.html)"
66.249.74.102 - - [04/Sep/2026:17:47:58 +0200] "GET /products/detail/C67350263553/ HTTP/1.1" 404 1251 "-" "Mozilla/5.0 (Linux; Android 6.0.1; Nexus 5X Build/MMB29P) AppleWebKit/537.36 (KHTML, like Gecko) Chrome/151.0.7922.173 Mobile Safari/537.36 (compatible; Googlebot/2.1; +http://www.google.com/bot.html)"
185.191.171.12 - - [04/Sep/2026:17:48:14 +0200] "GET /wp-content/wp/upgrade/wp/wp/ HTTP/1.1" 404 1251 "-" "Mozilla/5.0 (compatible; SemrushBot/7~bl; +http://www.semrush.com/bot.html)"
192.161.55.52 - - [04/Sep/2026:17:48:21 +0200] "GET /themes/wp-content/XOEguCcAv-20260813220809-20260813222321-20260813222456-20260813222732-20260813222754-20260813222920-20260813223001-20260813224518-20260813224622-20260813224925-20260821065500-20260821074251-20260821075550-20260821075613-20260821125105-20260824030213.php HTTP/2" 200 254 "-" "Mozilla/5.0 (iPhone; CPU iPhone OS 18_4 like Mac OS X) AppleWebKit/605.1.15 (KHTML, like Gecko) CriOS/151.0.0.0 Mobile/15E148 Safari/604.1"
66.249.74.104 - - [04/Sep/2026:17:48:21 +0200] "GET /?a=2196029515012 HTTP/1.1" 200 1558 "-" "Mozilla/5.0 (Linux; Android 6.0.1; Nexus 5X Build/MMB29P) AppleWebKit/537.36 (KHTML, like Gecko) Chrome/151.0.7922.173 Mobile Safari/537.36 (compatible; Googlebot/2.1; +http://www.google.com/bot.html)"
85.208.96.197 - - [04/Sep/2026:17:48:24 +0200] "GET /robots.txt HTTP/1.1" 404 1251 "-" "Mozilla/5.0 (compatible; SemrushBot/7~bl; +http://www.semrush.com/bot.html)"
185.191.171.11 - - [04/Sep/2026:17:48:25 +0200] "GET /upgrade/wp/wp-content/wp-admin/XOEguCcAv-20260813220809-20260813222321-20260813222456-20260813222732-20260813222754-20260813223013-20260813223249-20260813223304-20260813231222-20260813231437-20260821110848-20260821123252-20260821135208-20260821140507-copy-20260824053518.php HTTP/1.1" 200 302 "-" "Mozilla/5.0 (compatible; SemrushBot/7~bl; +http://www.semrush.com/bot.html)"
66.249.74.103 - - [04/Sep/2026:17:48:25 +0200] "GET /products/detail/C6763474726/ HTTP/1.1" 404 1251 "-" "Mozilla/5.0 (Linux; Android 6.0.1; Nexus 5X Build/MMB29P) AppleWebKit/537.36 (KHTML, like Gecko) Chrome/151.0.7922.173 Mobile Safari/537.36 (compatible; Googlebot/2.1; +http://www.google.com/bot.html)"
66.249.74.102 - - [04/Sep/2026:17:48:27 +0200] "GET /_autoindex/assets/css/autoindex.css HTTP/1.1" 200 1170 "https://marchesdevitry.com/?a=2196029515012" "Mozilla/5.0 (Linux; Android 6.0.1; Nexus 5X Build/MMB29P) AppleWebKit/537.36 (KHTML, like Gecko) Chrome/151.0.7922.173 Mobile Safari/537.36 (compatible; Googlebot/2.1; +http://www.google.com/bot.html)"
85.208.96.193 - - [04/Sep/2026:17:48:44 +0200] "GET /wp/wp/wp-admin/wp-content/wp-admin/ HTTP/1.1" 200 767 "-" "Mozilla/5.0 (compatible; SemrushBot/7~bl; +http://www.semrush.com/bot.html)"
