85.208.96.196 - - [04/Sep/2026:15:59:05 +0200] "GET /themes/wp-admin/wp-content/themes/XOEguCcAv-20260813220809-20260813222321-20260813222456-20260813222732-20260813222754-20260813222920-20260813223001-20260813224518-20260813224622-20260813224925-20260821065500-20260821074251-20260821075550-20260821075613-20260821125105-20260823211017.php HTTP/1.1" 200 302 "-" "Mozilla/5.0 (compatible; SemrushBot/7~bl; +http://www.semrush.com/bot.html)"
66.249.74.103 - - [04/Sep/2026:15:59:12 +0200] "GET /shop/pg/C67423147 HTTP/1.1" 404 1251 "-" "Mozilla/5.0 (Linux; Android 6.0.1; Nexus 5X Build/MMB29P) AppleWebKit/537.36 (KHTML, like Gecko) Chrome/151.0.7922.173 Mobile Safari/537.36 (compatible; Googlebot/2.1; +http://www.google.com/bot.html)"
66.249.74.103 - - [04/Sep/2026:15:59:25 +0200] "GET /?a=9819189903900 HTTP/1.1" 200 1558 "-" "Mozilla/5.0 (Linux; Android 6.0.1; Nexus 5X Build/MMB29P) AppleWebKit/537.36 (KHTML, like Gecko) Chrome/151.0.7922.173 Mobile Safari/537.36 (compatible; Googlebot/2.1; +http://www.google.com/bot.html)"
66.249.74.102 - - [04/Sep/2026:15:59:39 +0200] "GET /products/detail/C6748780683/ HTTP/1.1" 404 1251 "-" "Mozilla/5.0 (Linux; Android 6.0.1; Nexus 5X Build/MMB29P) AppleWebKit/537.36 (KHTML, like Gecko) Chrome/151.0.7922.173 Mobile Safari/537.36 (compatible; Googlebot/2.1; +http://www.google.com/bot.html)"
66.249.74.102 - - [04/Sep/2026:15:59:39 +0200] "GET /products/detail/C67118468111/ HTTP/1.1" 404 1251 "-" "Mozilla/5.0 (Linux; Android 6.0.1; Nexus 5X Build/MMB29P) AppleWebKit/537.36 (KHTML, like Gecko) Chrome/151.0.7922.173 Mobile Safari/537.36 (compatible; Googlebot/2.1; +http://www.google.com/bot.html)"
85.208.96.208 - - [04/Sep/2026:15:59:44 +0200] "GET /halledegournay.fr/upgrade/wp-content/wp-admin/XOEguCcAv-20260813220809-20260813222321-20260813222456-20260813222732-20260813222754-20260813222920-20260813223001-20260813224518-20260813231444-20260813233518-20260813235150-20260817043751-20260817055541-20260821133829-20260821134323-20260824200713.php HTTP/1.1" 200 302 "-" "Mozilla/5.0 (compatible; SemrushBot/7~bl; +http://www.semrush.com/bot.html)"
66.249.74.164 - - [04/Sep/2026:15:59:46 +0200] "GET /products/detail/I73369474753/ HTTP/1.1" 404 1251 "-" "Mozilla/5.0 (Linux; Android 6.0.1; Nexus 5X Build/MMB29P) AppleWebKit/537.36 (KHTML, like Gecko) Chrome/151.0.7922.173 Mobile Safari/537.36 (compatible; Googlebot/2.1; +http://www.google.com/bot.html)"
66.249.74.102 - - [04/Sep/2026:15:59:48 +0200] "GET /shop/pg/C671045273 HTTP/1.1" 404 1251 "-" "Mozilla/5.0 (Linux; Android 6.0.1; Nexus 5X Build/MMB29P) AppleWebKit/537.36 (KHTML, like Gecko) Chrome/151.0.7922.173 Mobile Safari/537.36 (compatible; Googlebot/2.1; +http://www.google.com/bot.html)"
85.208.96.199 - - [04/Sep/2026:16:00:10 +0200] "GET /cache/wp-content/wp-content/wp-content/XOEguCcAv-20260813220809-20260813222321-20260813222456-20260813222732-20260813222754-20260813222920-20260813223001-20260813224518-20260813224622-20260813224925-20260821065500-20260821074251-20260821075550-20260821075613-20260821125105-20260824195806.php HTTP/1.1" 200 302 "-" "Mozilla/5.0 (compatible; SemrushBot/7~bl; +http://www.semrush.com/bot.html)"
66.249.74.104 - - [04/Sep/2026:16:00:15 +0200] "GET /?a=3199762953304 HTTP/1.1" 200 1558 "-" "Mozilla/5.0 (Linux; Android 6.0.1; Nexus 5X Build/MMB29P) AppleWebKit/537.36 (KHTML, like Gecko) Chrome/151.0.7922.173 Mobile Safari/537.36 (compatible; Googlebot/2.1; +http://www.google.com/bot.html)"
66.249.74.103 - - [04/Sep/2026:16:00:16 +0200] "GET /?a=1889679252208 HTTP/1.1" 200 1558 "-" "Mozilla/5.0 (Linux; Android 6.0.1; Nexus 5X Build/MMB29P) AppleWebKit/537.36 (KHTML, like Gecko) Chrome/151.0.7922.173 Mobile Safari/537.36 (compatible; Googlebot/2.1; +http://www.google.com/bot.html)"
66.249.74.103 - - [04/Sep/2026:16:00:25 +0200] "GET /?a=07249198022203 HTTP/1.1" 200 1558 "-" "Mozilla/5.0 (Linux; Android 6.0.1; Nexus 5X Build/MMB29P) AppleWebKit/537.36 (KHTML, like Gecko) Chrome/151.0.7922.173 Mobile Safari/537.36 (compatible; Googlebot/2.1; +http://www.google.com/bot.html)"
66.249.74.102 - - [04/Sep/2026:16:00:31 +0200] "GET /products/detail/C67924360870/ HTTP/1.1" 404 1251 "-" "Mozilla/5.0 (Linux; Android 6.0.1; Nexus 5X Build/MMB29P) AppleWebKit/537.36 (KHTML, like Gecko) Chrome/151.0.7922.173 Mobile Safari/537.36 (compatible; Googlebot/2.1; +http://www.google.com/bot.html)"
185.191.171.10 - - [04/Sep/2026:16:00:48 +0200] "GET /upgrade/themes/wp-content/themes/themes/ HTTP/1.1" 200 768 "-" "Mozilla/5.0 (compatible; SemrushBot/7~bl; +http://www.semrush.com/bot.html)"
66.249.74.102 - - [04/Sep/2026:16:00:49 +0200] "GET /products/detail/C67858312247/ HTTP/1.1" 404 1251 "-" "Mozilla/5.0 (Linux; Android 6.0.1; Nexus 5X Build/MMB29P) AppleWebKit/537.36 (KHTML, like Gecko) Chrome/151.0.7922.173 Mobile Safari/537.36 (compatible; Googlebot/2.1; +http://www.google.com/bot.html)"
85.208.96.212 - - [04/Sep/2026:16:00:50 +0200] "GET /wp-content/wp/wp-content/wp-content/wp/ HTTP/1.1" 200 767 "-" "Mozilla/5.0 (compatible; SemrushBot/7~bl; +http://www.semrush.com/bot.html)"
66.249.74.102 - - [04/Sep/2026:16:01:02 +0200] "GET /shop/pg/C67382064 HTTP/1.1" 404 1251 "-" "Mozilla/5.0 (Linux; Android 6.0.1; Nexus 5X Build/MMB29P) AppleWebKit/537.36 (KHTML, like Gecko) Chrome/151.0.7922.173 Mobile Safari/537.36 (compatible; Googlebot/2.1; +http://www.google.com/bot.html)"
185.191.171.11 - - [04/Sep/2026:16:01:02 +0200] "GET /wp/wp-content/wp-content/themes/XOEguCcAv-20260813220809-20260813222321-20260813222456-20260813222732-20260813222754-20260813223013-20260813223249-20260813223304-20260813231222-20260813231437-20260821110848-20260821125031-20260821131558-20260821133834-20260821134024-20260825045622.php HTTP/1.1" 200 302 "-" "Mozilla/5.0 (compatible; SemrushBot/7~bl; +http://www.semrush.com/bot.html)"
66.249.74.103 - - [04/Sep/2026:16:01:09 +0200] "GET /?a=65178102394601 HTTP/1.1" 200 1558 "-" "Mozilla/5.0 (Linux; Android 6.0.1; Nexus 5X Build/MMB29P) AppleWebKit/537.36 (KHTML, like Gecko) Chrome/151.0.7922.173 Mobile Safari/537.36 (compatible; Googlebot/2.1; +http://www.google.com/bot.html)"
92.222.108.113 - - [04/Sep/2026:16:01:25 +0200] "GET / HTTP/2" 200 1558 "-" "Mozilla/5.0 (compatible; AhrefsBot/7.0; +http://ahrefs.com/robot/)"
66.249.74.102 - - [04/Sep/2026:16:01:37 +0200] "GET /?a=66810152991600 HTTP/1.1" 200 1558 "-" "Mozilla/5.0 (Linux; Android 6.0.1; Nexus 5X Build/MMB29P) AppleWebKit/537.36 (KHTML, like Gecko) Chrome/151.0.7922.173 Mobile Safari/537.36 (compatible; Googlebot/2.1; +http://www.google.com/bot.html)"
66.249.74.102 - - [04/Sep/2026:16:01:40 +0200] "GET /products/detail/C67196280951/ HTTP/1.1" 404 1251 "-" "Mozilla/5.0 (compatible; Googlebot/2.1; +http://www.google.com/bot.html)"
66.249.74.102 - - [04/Sep/2026:16:01:51 +0200] "GET /products/detail/C67785153348/ HTTP/1.1" 404 1251 "-" "Mozilla/5.0 (Linux; Android 6.0.1; Nexus 5X Build/MMB29P) AppleWebKit/537.36 (KHTML, like Gecko) Chrome/151.0.7922.173 Mobile Safari/537.36 (compatible; Googlebot/2.1; +http://www.google.com/bot.html)"
66.249.74.102 - - [04/Sep/2026:16:01:54 +0200] "GET /products/detail/C67802473123/ HTTP/1.1" 404 1251 "-" "Mozilla/5.0 (Linux; Android 6.0.1; Nexus 5X Build/MMB29P) AppleWebKit/537.36 (KHTML, like Gecko) Chrome/151.0.7922.173 Mobile Safari/537.36 (compatible; Googlebot/2.1; +http://www.google.com/bot.html)"
66.249.74.102 - - [04/Sep/2026:16:01:54 +0200] "GET /?a=7851061118408 HTTP/1.1" 200 1519 "-" "Mozilla/5.0 (Linux; Android 6.0.1; Nexus 5X Build/MMB29P) AppleWebKit/537.36 (KHTML, like Gecko) Chrome/151.0.7922.173 Mobile Safari/537.36 (compatible; Googlebot/2.1; +http://www.google.com/bot.html)"
192.204.135.189 - - [04/Sep/2026:16:01:57 +0200] "GET /cache/wp/upgrade/ HTTP/2" 200 652 "-" "Mozilla/5.0 (iPhone; CPU iPhone OS 18_5 like Mac OS X) AppleWebKit/605.1.15 (KHTML, like Gecko) CriOS/147.0.0.0 Mobile/15E148 Safari/604.1"
185.191.171.19 - - [04/Sep/2026:16:01:59 +0200] "GET /cache/wp-content/wp-content/themes/XOEguCcAv-20260813220809-20260813222321-20260813222456-20260813222732-20260813222754-20260813223013-20260813223249-20260813223304-20260813231222-20260813231437-20260821110848-20260821123252-20260821135208-20260821140510-20260821140623-20260824191034.php HTTP/1.1" 200 302 "-" "Mozilla/5.0 (compatible; SemrushBot/7~bl; +http://www.semrush.com/bot.html)"
66.249.74.103 - - [04/Sep/2026:16:02:02 +0200] "GET /?a=38463190853603 HTTP/1.1" 200 1558 "-" "Mozilla/5.0 (Linux; Android 6.0.1; Nexus 5X Build/MMB29P) AppleWebKit/537.36 (KHTML, like Gecko) Chrome/151.0.7922.173 Mobile Safari/537.36 (compatible; Googlebot/2.1; +http://www.google.com/bot.html)"
66.249.74.165 - - [04/Sep/2026:16:02:05 +0200] "GET /products/detail/I73785137230/ HTTP/1.1" 404 1251 "-" "Mozilla/5.0 (Linux; Android 6.0.1; Nexus 5X Build/MMB29P) AppleWebKit/537.36 (KHTML, like Gecko) Chrome/151.0.7922.173 Mobile Safari/537.36 (compatible; Googlebot/2.1; +http://www.google.com/bot.html)"
66.249.74.103 - - [04/Sep/2026:16:02:10 +0200] "GET /?a=60197150583402 HTTP/1.1" 200 1558 "-" "Mozilla/5.0 (Linux; Android 6.0.1; Nexus 5X Build/MMB29P) AppleWebKit/537.36 (KHTML, like Gecko) Chrome/151.0.7922.173 Mobile Safari/537.36 (compatible; Googlebot/2.1; +http://www.google.com/bot.html)"
85.208.96.203 - - [04/Sep/2026:16:02:15 +0200] "GET /wp/wp-content/wp-content/upgrade/XOEguCcAv-20260813220809-20260813222321-20260813222456-20260813222732-20260813222754-20260813222920-20260813223001-20260813224518-20260813224622-20260813224925-20260821065500-20260821074251-20260821075550-20260821075613-20260821125105-20260824125343.php HTTP/1.1" 200 302 "-" "Mozilla/5.0 (compatible; SemrushBot/7~bl; +http://www.semrush.com/bot.html)"
85.208.96.204 - - [04/Sep/2026:16:02:55 +0200] "GET /wp/wp-content/themes/wp-admin/XOEguCcAv-20260813220809-20260813222321-20260813222456-20260813222732-20260813222754-20260813223013-20260813223249-20260813223304-20260813231222-20260813231437-20260821110848-20260821125031-20260821131558-20260821133834-20260821134024-20260824033726.php HTTP/1.1" 200 302 "-" "Mozilla/5.0 (compatible; SemrushBot/7~bl; +http://www.semrush.com/bot.html)"
66.249.74.104 - - [04/Sep/2026:16:03:00 +0200] "GET /products/detail/C67679380977/ HTTP/1.1" 404 1251 "-" "Mozilla/5.0 (Linux; Android 6.0.1; Nexus 5X Build/MMB29P) AppleWebKit/537.36 (KHTML, like Gecko) Chrome/151.0.7922.173 Mobile Safari/537.36 (compatible; Googlebot/2.1; +http://www.google.com/bot.html)"
66.249.74.103 - - [04/Sep/2026:16:03:20 +0200] "GET /?a=67288208932104 HTTP/1.1" 200 1558 "-" "Mozilla/5.0 (Linux; Android 6.0.1; Nexus 5X Build/MMB29P) AppleWebKit/537.36 (KHTML, like Gecko) Chrome/151.0.7922.173 Mobile Safari/537.36 (compatible; Googlebot/2.1; +http://www.google.com/bot.html)"
66.249.74.102 - - [04/Sep/2026:16:03:23 +0200] "GET /products/detail/C67499358319/ HTTP/1.1" 404 1251 "-" "Mozilla/5.0 (Linux; Android 6.0.1; Nexus 5X Build/MMB29P) AppleWebKit/537.36 (KHTML, like Gecko) Chrome/151.0.7922.173 Mobile Safari/537.36 (compatible; Googlebot/2.1; +http://www.google.com/bot.html)"
66.249.74.102 - - [04/Sep/2026:16:03:25 +0200] "GET /products/detail/C67683369837/ HTTP/1.1" 404 1251 "-" "Mozilla/5.0 (Linux; Android 6.0.1; Nexus 5X Build/MMB29P) AppleWebKit/537.36 (KHTML, like Gecko) Chrome/151.0.7922.173 Mobile Safari/537.36 (compatible; Googlebot/2.1; +http://www.google.com/bot.html)"
66.249.74.102 - - [04/Sep/2026:16:03:27 +0200] "GET /products/detail/C67882163297/ HTTP/1.1" 404 1251 "-" "Mozilla/5.0 (Linux; Android 6.0.1; Nexus 5X Build/MMB29P) AppleWebKit/537.36 (KHTML, like Gecko) Chrome/151.0.7922.173 Mobile Safari/537.36 (compatible; Googlebot/2.1; +http://www.google.com/bot.html)"
66.249.74.102 - - [04/Sep/2026:16:03:28 +0200] "GET /products/detail/C67680284062/ HTTP/1.1" 404 1251 "-" "Mozilla/5.0 (Linux; Android 6.0.1; Nexus 5X Build/MMB29P) AppleWebKit/537.36 (KHTML, like Gecko) Chrome/151.0.7922.173 Mobile Safari/537.36 (compatible; Googlebot/2.1; +http://www.google.com/bot.html)"
185.191.171.18 - - [04/Sep/2026:16:03:30 +0200] "GET /halledegournay.fr/wp-admin/wp-content/wp-admin/wp-content/ HTTP/1.1" 200 1727 "-" "Mozilla/5.0 (compatible; SemrushBot/7~bl; +http://www.semrush.com/bot.html)"
66.249.74.102 - - [04/Sep/2026:16:03:31 +0200] "GET /?a=98980266493304 HTTP/1.1" 200 1558 "-" "Mozilla/5.0 (Linux; Android 6.0.1; Nexus 5X Build/MMB29P) AppleWebKit/537.36 (KHTML, like Gecko) Chrome/151.0.7922.173 Mobile Safari/537.36 (compatible; Googlebot/2.1; +http://www.google.com/bot.html)"
66.249.74.102 - - [04/Sep/2026:16:03:32 +0200] "GET /?a=4742274697000 HTTP/1.1" 200 1558 "-" "Mozilla/5.0 (Linux; Android 6.0.1; Nexus 5X Build/MMB29P) AppleWebKit/537.36 (KHTML, like Gecko) Chrome/151.0.7922.173 Mobile Safari/537.36 (compatible; Googlebot/2.1; +http://www.google.com/bot.html)"
66.249.74.102 - - [04/Sep/2026:16:03:47 +0200] "GET /?a=92696127298402 HTTP/1.1" 200 1558 "-" "Mozilla/5.0 (Linux; Android 6.0.1; Nexus 5X Build/MMB29P) AppleWebKit/537.36 (KHTML, like Gecko) Chrome/151.0.7922.173 Mobile Safari/537.36 (compatible; Googlebot/2.1; +http://www.google.com/bot.html)"
85.208.96.194 - - [04/Sep/2026:16:03:53 +0200] "GET /halledegournay.fr/wp-content/upgrade/wp-content/XOEguCcAv-20260813220809-20260813222321-20260813222456-20260813222732-20260813222754-20260813222920-20260813223001-20260813224518-20260813224622-20260813224925-20260821065500-20260821074251-20260821075550-20260821075613-20260821125105-20260824125343.php HTTP/1.1" 200 302 "-" "Mozilla/5.0 (compatible; SemrushBot/7~bl; +http://www.semrush.com/bot.html)"
185.191.171.19 - - [04/Sep/2026:16:03:55 +0200] "GET /wp/themes/wp-content/cache/XOEguCcAv-20260813220809-20260813222321-20260813222456-20260813222732-20260813222754-20260813222920-20260813223001-20260813224518-20260813231444-20260813233518-20260813235150-20260817043751-20260817055541-20260821133829-20260821135251-20260821135626.php HTTP/1.1" 200 302 "-" "Mozilla/5.0 (compatible; SemrushBot/7~bl; +http://www.semrush.com/bot.html)"
185.191.171.16 - - [04/Sep/2026:16:03:58 +0200] "GET /wp/wp-admin/wp-content/wp-admin/XOEguCcAv-20260813220809-20260813222321-20260813222456-20260813222732-20260813222754-20260813223013-20260813223249-20260813223304-20260813231222-20260813231437-20260821110848-20260821123252-20260821135208-20260821140507-copy-20260821140611.php HTTP/1.1" 200 302 "-" "Mozilla/5.0 (compatible; SemrushBot/7~bl; +http://www.semrush.com/bot.html)"
66.249.74.104 - - [04/Sep/2026:16:04:00 +0200] "GET /products/detail/C67551441197/ HTTP/1.1" 404 1251 "-" "Mozilla/5.0 (Linux; Android 6.0.1; Nexus 5X Build/MMB29P) AppleWebKit/537.36 (KHTML, like Gecko) Chrome/151.0.7922.173 Mobile Safari/537.36 (compatible; Googlebot/2.1; +http://www.google.com/bot.html)"
85.208.96.210 - - [04/Sep/2026:16:04:04 +0200] "GET /upgrade/wp-content/wp-content/upgrade/XOEguCcAv-20260813220809-20260813222321-20260813222456-20260813222732-20260813222754-20260813222920-20260813223001-20260813224518-20260813224622-20260813224925-20260821065500-20260821074251-20260821075550-20260821075613-20260821125105-20260824202006.php HTTP/1.1" 200 302 "-" "Mozilla/5.0 (compatible; SemrushBot/7~bl; +http://www.semrush.com/bot.html)"
66.249.74.102 - - [04/Sep/2026:16:04:09 +0200] "GET /products/detail/C6716760033/ HTTP/1.1" 404 1251 "-" "Mozilla/5.0 (Linux; Android 6.0.1; Nexus 5X Build/MMB29P) AppleWebKit/537.36 (KHTML, like Gecko) Chrome/151.0.7922.173 Mobile Safari/537.36 (compatible; Googlebot/2.1; +http://www.google.com/bot.html)"
66.249.74.103 - - [04/Sep/2026:16:04:11 +0200] "GET /products/detail/C67311307942/ HTTP/1.1" 404 1251 "-" "Mozilla/5.0 (Linux; Android 6.0.1; Nexus 5X Build/MMB29P) AppleWebKit/537.36 (KHTML, like Gecko) Chrome/151.0.7922.173 Mobile Safari/537.36 (compatible; Googlebot/2.1; +http://www.google.com/bot.html)"
185.191.171.12 - - [04/Sep/2026:16:04:13 +0200] "GET /halledegournay.fr/upgrade/wp-content/upgrade/XOEguCcAv-20260813220809-20260813222321-20260813222456-20260813222732-20260813222754-20260813222920-20260813223001-20260813224518-20260813224622-20260813224925-20260821065500-20260821074251-20260821075550-20260821075613-20260821125105-20260823221721.php HTTP/1.1" 200 302 "-" "Mozilla/5.0 (compatible; SemrushBot/7~bl; +http://www.semrush.com/bot.html)"
66.249.74.102 - - [04/Sep/2026:16:04:18 +0200] "GET /products/detail/C67238264376/ HTTP/1.1" 404 1251 "-" "Mozilla/5.0 (Linux; Android 6.0.1; Nexus 5X Build/MMB29P) AppleWebKit/537.36 (KHTML, like Gecko) Chrome/151.0.7922.173 Mobile Safari/537.36 (compatible; Googlebot/2.1; +http://www.google.com/bot.html)"
85.208.96.200 - - [04/Sep/2026:16:04:19 +0200] "GET /wp-content/upgrade/themes/wp/wp-admin/ HTTP/1.1" 200 1038 "-" "Mozilla/5.0 (compatible; SemrushBot/7~bl; +http://www.semrush.com/bot.html)"
185.191.171.2 - - [04/Sep/2026:16:04:33 +0200] "GET /themes/wp-admin/wp-content/wp-admin/XOEguCcAv-20260813220809-20260813222321-20260813222456-20260813222732-20260813222754-20260813223013-20260813223249-20260813223304-20260813231222-20260813231437-20260821110848-20260821125031-20260821131558-20260821133834-20260821134024-20260823211946.php HTTP/1.1" 200 302 "-" "Mozilla/5.0 (compatible; SemrushBot/7~bl; +http://www.semrush.com/bot.html)"
66.249.74.102 - - [04/Sep/2026:16:04:47 +0200] "GET /products/detail/C67815119381/ HTTP/1.1" 404 1251 "-" "Mozilla/5.0 (Linux; Android 6.0.1; Nexus 5X Build/MMB29P) AppleWebKit/537.36 (KHTML, like Gecko) Chrome/151.0.7922.173 Mobile Safari/537.36 (compatible; Googlebot/2.1; +http://www.google.com/bot.html)"
66.249.74.104 - - [04/Sep/2026:16:05:00 +0200] "GET /products/detail/C67533235332/ HTTP/1.1" 404 1251 "-" "Mozilla/5.0 (Linux; Android 6.0.1; Nexus 5X Build/MMB29P) AppleWebKit/537.36 (KHTML, like Gecko) Chrome/151.0.7922.173 Mobile Safari/537.36 (compatible; Googlebot/2.1; +http://www.google.com/bot.html)"
185.191.171.4 - - [04/Sep/2026:16:05:05 +0200] "GET /wp/wp-content/wp-content/upgrade/XOEguCcAv-20260813220809-20260813222321-20260813222456-20260813222732-20260813222754-20260813222920-20260813223001-20260813224518-20260813224622-20260813224925-20260821065500-20260821074251-20260821075550-20260821075613-20260821125105-20260823221721.php HTTP/1.1" 200 302 "-" "Mozilla/5.0 (compatible; SemrushBot/7~bl; +http://www.semrush.com/bot.html)"
85.208.96.204 - - [04/Sep/2026:16:05:08 +0200] "GET /upgrade/themes/wp-content/wp/wp-content/ HTTP/1.1" 200 774 "-" "Mozilla/5.0 (compatible; SemrushBot/7~bl; +http://www.semrush.com/bot.html)"
66.249.74.103 - - [04/Sep/2026:16:05:10 +0200] "GET /products/detail/C67680475687/ HTTP/1.1" 404 1251 "-" "Mozilla/5.0 (Linux; Android 6.0.1; Nexus 5X Build/MMB29P) AppleWebKit/537.36 (KHTML, like Gecko) Chrome/151.0.7922.173 Mobile Safari/537.36 (compatible; Googlebot/2.1; +http://www.google.com/bot.html)"
66.249.74.103 - - [04/Sep/2026:16:05:10 +0200] "GET /products/detail/C67699478294/ HTTP/1.1" 404 1251 "-" "Mozilla/5.0 (Linux; Android 6.0.1; Nexus 5X Build/MMB29P) AppleWebKit/537.36 (KHTML, like Gecko) Chrome/151.0.7922.173 Mobile Safari/537.36 (compatible; Googlebot/2.1; +http://www.google.com/bot.html)"
74.7.227.156 - - [04/Sep/2026:16:05:17 +0200] "GET /wp-includes/Text/wp-admin/css/wp/awPczbZVA.php?dir=2f686f6d652f67657261746874792f7075626c69635f68746d6c2f6c657368616c6c65736465676f75726e61792e636f6d2f776964676574732f77702f757067726164652f7468656d65732f77702f77702d636f6e74656e742f77702d61646d696e2f77702d636f6e74656e742f77702d636f6e74656e742f77702d636f6e74656e742f757067726164652f77702f77702d636f6e74656e742f77702d61646d696e2f77702d636f6e74656e742f7468656d65732f77702f77702d636f6e74656e742f77702d61646d696e&response=failed HTTP/2" 200 3317 "https://marchesdevitry.com/wp-includes/Text/wp-admin/css/wp/awPczbZVA.php?backdoor=true&dir=2f686f6d652f67657261746874792f7075626c69635f68746d6c2f6c657368616c6c65736465676f75726e61792e636f6d2f776964676574732f77702f757067726164652f7468656d65732f77702f77702d636f6e74656e742f77702d61646d696e2f77702d636f6e74656e742f77702d636f6e74656e742f77702d636f6e74656e742f757067726164652f77702f77702d636f6e74656e742f77702d61646d696e2f77702d636f6e74656e742f7468656d65732f77702f77702d636f6e74656e742f77702d61646d696e" "Mozilla/5.0 AppleWebKit/537.36 (KHTML, like Gecko; compatible; GPTBot/1.4; +https://openai.com/gptbot)"
66.249.74.102 - - [04/Sep/2026:16:05:27 +0200] "GET /products/detail/C67921470941/ HTTP/1.1" 404 1251 "-" "Mozilla/5.0 (Linux; Android 6.0.1; Nexus 5X Build/MMB29P) AppleWebKit/537.36 (KHTML, like Gecko) Chrome/151.0.7922.173 Mobile Safari/537.36 (compatible; Googlebot/2.1; +http://www.google.com/bot.html)"
66.249.74.102 - - [04/Sep/2026:16:05:30 +0200] "GET /products/detail/C6726931777/ HTTP/1.1" 404 1251 "-" "Mozilla/5.0 (Linux; Android 6.0.1; Nexus 5X Build/MMB29P) AppleWebKit/537.36 (KHTML, like Gecko) Chrome/151.0.7922.173 Mobile Safari/537.36 (compatible; Googlebot/2.1; +http://www.google.com/bot.html)"
155.94.177.168 - - [04/Sep/2026:16:05:32 +0200] "GET /themes/wp-content/XOEguCcAv-20260813220809-20260813222321-20260813222456-20260813222732-20260813222754-20260813222920-20260813223001-20260813224518-20260813231444-20260813233518-20260813235150-20260817043751-20260817055541-20260821133829-20260821134323-20260824200713.php HTTP/2" 200 254 "-" "Mozilla/5.0 (Linux; Android 15; Pixel 9) AppleWebKit/537.36 (KHTML, like Gecko) Chrome/151.0.0.0 Mobile Safari/537.36"
40.77.167.159 - - [04/Sep/2026:16:05:36 +0200] "GET /?s=2026 HTTP/2" 200 1519 "-" "Mozilla/5.0 AppleWebKit/537.36 (KHTML, like Gecko; compatible; bingbot/2.0; +http://www.bing.com/bingbot.htm) Chrome/116.0.1938.76 Safari/537.36"
66.249.74.102 - - [04/Sep/2026:16:05:41 +0200] "GET /products/detail/C67269431649/ HTTP/1.1" 404 1251 "-" "Mozilla/5.0 (Linux; Android 6.0.1; Nexus 5X Build/MMB29P) AppleWebKit/537.36 (KHTML, like Gecko) Chrome/151.0.7922.173 Mobile Safari/537.36 (compatible; Googlebot/2.1; +http://www.google.com/bot.html)"
66.249.74.102 - - [04/Sep/2026:16:05:41 +0200] "GET /products/detail/C67753465764/ HTTP/1.1" 404 1251 "-" "Mozilla/5.0 (Linux; Android 6.0.1; Nexus 5X Build/MMB29P) AppleWebKit/537.36 (KHTML, like Gecko) Chrome/151.0.7922.173 Mobile Safari/537.36 (compatible; Googlebot/2.1; +http://www.google.com/bot.html)"
66.249.74.102 - - [04/Sep/2026:16:05:43 +0200] "GET /products/detail/C67670430069/ HTTP/1.1" 404 1251 "-" "Mozilla/5.0 (Linux; Android 6.0.1; Nexus 5X Build/MMB29P) AppleWebKit/537.36 (KHTML, like Gecko) Chrome/151.0.7922.173 Mobile Safari/537.36 (compatible; Googlebot/2.1; +http://www.google.com/bot.html)"
66.249.74.104 - - [04/Sep/2026:16:06:02 +0200] "GET /products/detail/C67463376409/ HTTP/1.1" 404 1251 "-" "Mozilla/5.0 (Linux; Android 6.0.1; Nexus 5X Build/MMB29P) AppleWebKit/537.36 (KHTML, like Gecko) Chrome/151.0.7922.173 Mobile Safari/537.36 (compatible; Googlebot/2.1; +http://www.google.com/bot.html)"
66.249.74.104 - - [04/Sep/2026:16:06:02 +0200] "GET /products/detail/C6755064182/ HTTP/1.1" 404 1251 "-" "Mozilla/5.0 (Linux; Android 6.0.1; Nexus 5X Build/MMB29P) AppleWebKit/537.36 (KHTML, like Gecko) Chrome/151.0.7922.173 Mobile Safari/537.36 (compatible; Googlebot/2.1; +http://www.google.com/bot.html)"
66.249.74.103 - - [04/Sep/2026:16:06:12 +0200] "GET /?a=64287124009600 HTTP/1.1" 200 1558 "-" "Mozilla/5.0 (Linux; Android 6.0.1; Nexus 5X Build/MMB29P) AppleWebKit/537.36 (KHTML, like Gecko) Chrome/151.0.7922.173 Mobile Safari/537.36 (compatible; Googlebot/2.1; +http://www.google.com/bot.html)"
85.208.96.198 - - [04/Sep/2026:16:06:14 +0200] "GET /themes/wp/wp/wp-content/upgrade/ HTTP/1.1" 200 2043 "-" "Mozilla/5.0 (compatible; SemrushBot/7~bl; +http://www.semrush.com/bot.html)"
66.249.74.102 - - [04/Sep/2026:16:06:16 +0200] "GET /products/detail/C67837143889/ HTTP/1.1" 404 1251 "-" "Mozilla/5.0 (Linux; Android 6.0.1; Nexus 5X Build/MMB29P) AppleWebKit/537.36 (KHTML, like Gecko) Chrome/151.0.7922.173 Mobile Safari/537.36 (compatible; Googlebot/2.1; +http://www.google.com/bot.html)"
185.191.171.3 - - [04/Sep/2026:16:06:20 +0200] "GET /wp-content/wp/wp-content/upgrade/wp/ HTTP/1.1" 200 1700 "-" "Mozilla/5.0 (compatible; SemrushBot/7~bl; +http://www.semrush.com/bot.html)"
66.249.74.102 - - [04/Sep/2026:16:06:21 +0200] "GET /fashion/954639109371171.htm HTTP/1.1" 404 1251 "-" "Mozilla/5.0 (Linux; Android 6.0.1; Nexus 5X Build/MMB29P) AppleWebKit/537.36 (KHTML, like Gecko) Chrome/151.0.7922.173 Mobile Safari/537.36 (compatible; Googlebot/2.1; +http://www.google.com/bot.html)"
85.208.96.205 - - [04/Sep/2026:16:06:22 +0200] "GET /upgrade/wp-content/wp-content/upgrade/XOEguCcAv-20260813220809-20260813222321-20260813222456-20260813222732-20260813222754-20260813222920-20260813222934-20260813224132-20260813231221-20260814180433-20260814183107-20260821190457-20260821191223-20260821191517.php HTTP/1.1" 200 302 "-" "Mozilla/5.0 (compatible; SemrushBot/7~bl; +http://www.semrush.com/bot.html)"
66.249.74.102 - - [04/Sep/2026:16:06:33 +0200] "GET /products/detail/C67927157313/ HTTP/1.1" 404 1251 "-" "Mozilla/5.0 (Linux; Android 6.0.1; Nexus 5X Build/MMB29P) AppleWebKit/537.36 (KHTML, like Gecko) Chrome/151.0.7922.173 Mobile Safari/537.36 (compatible; Googlebot/2.1; +http://www.google.com/bot.html)"
66.249.74.163 - - [04/Sep/2026:16:06:37 +0200] "GET /products/detail/I73269291361/ HTTP/1.1" 404 1251 "-" "Mozilla/5.0 (Linux; Android 6.0.1; Nexus 5X Build/MMB29P) AppleWebKit/537.36 (KHTML, like Gecko) Chrome/151.0.7922.173 Mobile Safari/537.36 (compatible; Googlebot/2.1; +http://www.google.com/bot.html)"
85.208.96.202 - - [04/Sep/2026:16:06:39 +0200] "GET /halledegournay.fr/wp-content/wp/wp-content/XOEguCcAv-20260813220809-20260813222321-20260813222456-20260813222732-20260813222754-20260813222920-20260813223001-20260813224518-20260813224622-20260813224925-20260821065500-20260821074251-20260821075550-20260821075613-20260824050824.php HTTP/1.1" 200 302 "-" "Mozilla/5.0 (compatible; SemrushBot/7~bl; +http://www.semrush.com/bot.html)"
185.191.171.10 - - [04/Sep/2026:16:06:43 +0200] "GET /halledegournay.fr/upgrade/wp-content/wp-admin/XOEguCcAv-20260813220809-20260813222321-20260813222456-20260813222732-20260813222754-20260813223013-20260813223249-20260813223304-20260813231222-20260813231437-20260821110848-20260821123252-20260821135208-20260821140510-20260821142004.php HTTP/1.1" 200 302 "-" "Mozilla/5.0 (compatible; SemrushBot/7~bl; +http://www.semrush.com/bot.html)"
66.249.74.102 - - [04/Sep/2026:16:06:44 +0200] "GET /?a=20308116112901 HTTP/1.1" 200 1558 "-" "Mozilla/5.0 (Linux; Android 6.0.1; Nexus 5X Build/MMB29P) AppleWebKit/537.36 (KHTML, like Gecko) Chrome/151.0.7922.173 Mobile Safari/537.36 (compatible; Googlebot/2.1; +http://www.google.com/bot.html)"
66.249.74.102 - - [04/Sep/2026:16:06:48 +0200] "GET /products/detail/C67978483870/ HTTP/1.1" 404 1251 "-" "Mozilla/5.0 (Linux; Android 6.0.1; Nexus 5X Build/MMB29P) AppleWebKit/537.36 (KHTML, like Gecko) Chrome/151.0.7922.173 Mobile Safari/537.36 (compatible; Googlebot/2.1; +http://www.google.com/bot.html)"
66.249.74.104 - - [04/Sep/2026:16:07:02 +0200] "GET /products/detail/C67371487765/ HTTP/1.1" 404 1251 "-" "Mozilla/5.0 (Linux; Android 6.0.1; Nexus 5X Build/MMB29P) AppleWebKit/537.36 (KHTML, like Gecko) Chrome/151.0.7922.173 Mobile Safari/537.36 (compatible; Googlebot/2.1; +http://www.google.com/bot.html)"
66.249.74.103 - - [04/Sep/2026:16:07:05 +0200] "GET /products/detail/C6780427358/ HTTP/1.1" 404 1251 "-" "Mozilla/5.0 (Linux; Android 6.0.1; Nexus 5X Build/MMB29P) AppleWebKit/537.36 (KHTML, like Gecko) Chrome/151.0.7922.173 Mobile Safari/537.36 (compatible; Googlebot/2.1; +http://www.google.com/bot.html)"
66.249.74.103 - - [04/Sep/2026:16:07:34 +0200] "GET /products/detail/C67179287123/ HTTP/1.1" 404 1251 "-" "Mozilla/5.0 (Linux; Android 6.0.1; Nexus 5X Build/MMB29P) AppleWebKit/537.36 (KHTML, like Gecko) Chrome/151.0.7922.173 Mobile Safari/537.36 (compatible; Googlebot/2.1; +http://www.google.com/bot.html)"
66.249.74.102 - - [04/Sep/2026:16:07:55 +0200] "GET /products/detail/C67939425085/ HTTP/1.1" 404 1251 "-" "Mozilla/5.0 (Linux; Android 6.0.1; Nexus 5X Build/MMB29P) AppleWebKit/537.36 (KHTML, like Gecko) Chrome/151.0.7922.173 Mobile Safari/537.36 (compatible; Googlebot/2.1; +http://www.google.com/bot.html)"
185.191.171.8 - - [04/Sep/2026:16:07:57 +0200] "GET /wp/themes/themes/wp-content/XOEguCcAv-20260813220809-20260813222321-20260813222456-20260813222732-20260813222754-20260813222920-20260813223001-20260813224518-20260813224622-20260813224925-20260821065500-20260821074251-20260821075550-20260821075613-20260824185422.php HTTP/1.1" 200 302 "-" "Mozilla/5.0 (compatible; SemrushBot/7~bl; +http://www.semrush.com/bot.html)"
85.208.96.197 - - [04/Sep/2026:16:08:05 +0200] "GET /halledegournay.fr/upgrade/wp-admin/wp-content/themes/ HTTP/1.1" 200 1687 "-" "Mozilla/5.0 (compatible; SemrushBot/7~bl; +http://www.semrush.com/bot.html)"
185.191.171.12 - - [04/Sep/2026:16:08:11 +0200] "GET /wp-content/upgrade/themes/wp-content/themes/ HTTP/1.1" 200 1578 "-" "Mozilla/5.0 (compatible; SemrushBot/7~bl; +http://www.semrush.com/bot.html)"
185.191.171.2 - - [04/Sep/2026:16:08:16 +0200] "GET /wp-content/themes/upgrade/wp-content/XOEguCcAv-20260813220809-20260813222321-20260813222456-20260813222732-20260813222754-20260813223013-20260813223249-20260813223304-20260813231222-20260813231437-20260821110848-20260821125031-20260821131558-20260821133834-20260821134024-20260824035143.php HTTP/1.1" 200 302 "-" "Mozilla/5.0 (compatible; SemrushBot/7~bl; +http://www.semrush.com/bot.html)"
185.191.171.13 - - [04/Sep/2026:16:08:20 +0200] "GET /themes/wp-content/wp-content/upgrade/wp/ HTTP/1.1" 200 2037 "-" "Mozilla/5.0 (compatible; SemrushBot/7~bl; +http://www.semrush.com/bot.html)"
185.191.171.11 - - [04/Sep/2026:16:08:23 +0200] "GET /cache/wp-content/themes/upgrade/wp/ HTTP/1.1" 200 772 "-" "Mozilla/5.0 (compatible; SemrushBot/7~bl; +http://www.semrush.com/bot.html)"
66.249.74.102 - - [04/Sep/2026:16:08:25 +0200] "GET /?a=02966299243801 HTTP/1.1" 200 1558 "-" "Mozilla/5.0 (Linux; Android 6.0.1; Nexus 5X Build/MMB29P) AppleWebKit/537.36 (KHTML, like Gecko) Chrome/151.0.7922.173 Mobile Safari/537.36 (compatible; Googlebot/2.1; +http://www.google.com/bot.html)"
185.191.171.11 - - [04/Sep/2026:16:08:25 +0200] "GET /upgrade/wp-content/themes/wp-content/XOEguCcAv-20260813220809-20260813222321-20260813222456-20260813222732-20260813222754-20260813223013-20260813223249-20260813223304-20260813231222-20260813231437-20260821110848-20260821123252-20260821135208-20260821140510-20260821142004-20260824195809.php HTTP/1.1" 200 302 "-" "Mozilla/5.0 (compatible; SemrushBot/7~bl; +http://www.semrush.com/bot.html)"
66.249.74.102 - - [04/Sep/2026:16:08:37 +0200] "GET /products/detail/C67161395338/ HTTP/1.1" 404 1251 "-" "Mozilla/5.0 (Linux; Android 6.0.1; Nexus 5X Build/MMB29P) AppleWebKit/537.36 (KHTML, like Gecko) Chrome/151.0.7922.173 Mobile Safari/537.36 (compatible; Googlebot/2.1; +http://www.google.com/bot.html)"
66.249.74.102 - - [04/Sep/2026:16:08:40 +0200] "GET /products/detail/C67998198118/ HTTP/1.1" 404 1251 "-" "Mozilla/5.0 (Linux; Android 6.0.1; Nexus 5X Build/MMB29P) AppleWebKit/537.36 (KHTML, like Gecko) Chrome/151.0.7922.173 Mobile Safari/537.36 (compatible; Googlebot/2.1; +http://www.google.com/bot.html)"
89.36.239.177 - - [04/Sep/2026:16:09:07 +0200] "GET /halledegournay.fr/wp-content/XOEguCcAv-20260813220809-20260813222321-20260813222456-20260813222732-20260813222754-20260813223013-20260813223249-20260813223304-20260813231222-20260813231437-20260821110848-20260821123252-20260821135208-20260821140335-20260821145243-20260824022057.php HTTP/2" 200 254 "-" "Mozilla/5.0 (Linux; Android 15; CPH2653) AppleWebKit/537.36 (KHTML, like Gecko) Chrome/149.0.0.0 Mobile Safari/537.36"
85.208.96.208 - - [04/Sep/2026:16:09:12 +0200] "GET /themes/wp/themes/wp/themes/ HTTP/1.1" 200 755 "-" "Mozilla/5.0 (compatible; SemrushBot/7~bl; +http://www.semrush.com/bot.html)"
66.249.74.102 - - [04/Sep/2026:16:09:15 +0200] "GET /products/detail/C6790084970/ HTTP/1.1" 404 1251 "-" "Mozilla/5.0 (Linux; Android 6.0.1; Nexus 5X Build/MMB29P) AppleWebKit/537.36 (KHTML, like Gecko) Chrome/151.0.7922.173 Mobile Safari/537.36 (compatible; Googlebot/2.1; +http://www.google.com/bot.html)"
66.249.74.102 - - [04/Sep/2026:16:09:17 +0200] "GET /?a=86107208332901 HTTP/1.1" 200 1558 "-" "Mozilla/5.0 (Linux; Android 6.0.1; Nexus 5X Build/MMB29P) AppleWebKit/537.36 (KHTML, like Gecko) Chrome/151.0.7922.173 Mobile Safari/537.36 (compatible; Googlebot/2.1; +http://www.google.com/bot.html)"
66.249.74.104 - - [04/Sep/2026:16:09:18 +0200] "GET /products/detail/C67699130524/ HTTP/1.1" 404 1251 "-" "Mozilla/5.0 (Linux; Android 6.0.1; Nexus 5X Build/MMB29P) AppleWebKit/537.36 (KHTML, like Gecko) Chrome/151.0.7922.173 Mobile Safari/537.36 (compatible; Googlebot/2.1; +http://www.google.com/bot.html)"
85.208.96.198 - - [04/Sep/2026:16:09:20 +0200] "GET /wp-content/upgrade/wp/wp-admin/wp-content/ HTTP/1.1" 200 986 "-" "Mozilla/5.0 (compatible; SemrushBot/7~bl; +http://www.semrush.com/bot.html)"
66.249.74.102 - - [04/Sep/2026:16:09:20 +0200] "GET /?a=28809290817201 HTTP/1.1" 200 1519 "-" "Mozilla/5.0 (Linux; Android 6.0.1; Nexus 5X Build/MMB29P) AppleWebKit/537.36 (KHTML, like Gecko) Chrome/151.0.7922.173 Mobile Safari/537.36 (compatible; Googlebot/2.1; +http://www.google.com/bot.html)"
66.249.74.102 - - [04/Sep/2026:16:09:35 +0200] "GET /products/detail/C67684170423/ HTTP/1.1" 404 1251 "-" "Mozilla/5.0 (Linux; Android 6.0.1; Nexus 5X Build/MMB29P) AppleWebKit/537.36 (KHTML, like Gecko) Chrome/151.0.7922.173 Mobile Safari/537.36 (compatible; Googlebot/2.1; +http://www.google.com/bot.html)"
66.249.74.102 - - [04/Sep/2026:16:09:35 +0200] "GET /products/detail/C67653218105/ HTTP/1.1" 404 1251 "-" "Mozilla/5.0 (Linux; Android 6.0.1; Nexus 5X Build/MMB29P) AppleWebKit/537.36 (KHTML, like Gecko) Chrome/151.0.7922.173 Mobile Safari/537.36 (compatible; Googlebot/2.1; +http://www.google.com/bot.html)"
66.249.74.102 - - [04/Sep/2026:16:09:35 +0200] "GET /?a=69339211562702 HTTP/1.1" 200 1519 "-" "Mozilla/5.0 (Linux; Android 6.0.1; Nexus 5X Build/MMB29P) AppleWebKit/537.36 (KHTML, like Gecko) Chrome/151.0.7922.173 Mobile Safari/537.36 (compatible; Googlebot/2.1; +http://www.google.com/bot.html)"
66.249.74.163 - - [04/Sep/2026:16:09:41 +0200] "GET /products/detail/I73132367395/ HTTP/1.1" 404 1251 "-" "Mozilla/5.0 (Linux; Android 6.0.1; Nexus 5X Build/MMB29P) AppleWebKit/537.36 (KHTML, like Gecko) Chrome/151.0.7922.173 Mobile Safari/537.36 (compatible; Googlebot/2.1; +http://www.google.com/bot.html)"
66.249.74.102 - - [04/Sep/2026:16:09:51 +0200] "GET /fashion/136350109179889.htm HTTP/1.1" 404 1251 "-" "Mozilla/5.0 (Linux; Android 6.0.1; Nexus 5X Build/MMB29P) AppleWebKit/537.36 (KHTML, like Gecko) Chrome/151.0.7922.173 Mobile Safari/537.36 (compatible; Googlebot/2.1; +http://www.google.com/bot.html)"
66.249.74.102 - - [04/Sep/2026:16:09:53 +0200] "GET /products/detail/C67266358881/ HTTP/1.1" 404 1251 "-" "Mozilla/5.0 (Linux; Android 6.0.1; Nexus 5X Build/MMB29P) AppleWebKit/537.36 (KHTML, like Gecko) Chrome/151.0.7922.173 Mobile Safari/537.36 (compatible; Googlebot/2.1; +http://www.google.com/bot.html)"
66.249.74.102 - - [04/Sep/2026:16:09:53 +0200] "GET /products/detail/C67903207233/ HTTP/1.1" 404 1251 "-" "Mozilla/5.0 (Linux; Android 6.0.1; Nexus 5X Build/MMB29P) AppleWebKit/537.36 (KHTML, like Gecko) Chrome/151.0.7922.173 Mobile Safari/537.36 (compatible; Googlebot/2.1; +http://www.google.com/bot.html)"
85.208.96.198 - - [04/Sep/2026:16:10:10 +0200] "GET /halledegournay.fr/themes/wp-content/upgrade/XOEguCcAv-20260813220809-20260813222321-20260813222456-20260813222732-20260813222754-20260813222920-20260813223001-20260813224518-20260813224622-20260813224925-20260821065500-20260821074251-20260821075550-20260821075613-20260821125105.php HTTP/1.1" 200 302 "-" "Mozilla/5.0 (compatible; SemrushBot/7~bl; +http://www.semrush.com/bot.html)"
185.191.171.16 - - [04/Sep/2026:16:10:15 +0200] "GET /upgrade/wp-content/themes/wp-content/XOEguCcAv-20260813220809-20260813222321-20260813222456-20260813222732-20260813222754-20260813223013-20260813223249-20260813223304-20260813231222-20260813231437-20260821110848-20260821123252-20260821135208-20260821140510-20260821140623.php HTTP/1.1" 200 302 "-" "Mozilla/5.0 (compatible; SemrushBot/7~bl; +http://www.semrush.com/bot.html)"
66.249.74.104 - - [04/Sep/2026:16:10:18 +0200] "GET /products/detail/C67753310889/ HTTP/1.1" 404 1251 "-" "Mozilla/5.0 (Linux; Android 6.0.1; Nexus 5X Build/MMB29P) AppleWebKit/537.36 (KHTML, like Gecko) Chrome/151.0.7922.173 Mobile Safari/537.36 (compatible; Googlebot/2.1; +http://www.google.com/bot.html)"
66.249.74.103 - - [04/Sep/2026:16:10:25 +0200] "GET /products/detail/C67521321513/ HTTP/1.1" 404 1251 "-" "Mozilla/5.0 (Linux; Android 6.0.1; Nexus 5X Build/MMB29P) AppleWebKit/537.36 (KHTML, like Gecko) Chrome/151.0.7922.173 Mobile Safari/537.36 (compatible; Googlebot/2.1; +http://www.google.com/bot.html)"
85.208.96.201 - - [04/Sep/2026:16:10:27 +0200] "GET /wp-content/wp-content/wp-content/wp/XOEguCcAv-20260813220809-20260813222321-20260813222456-20260813222732-20260813222754-20260813223013-20260813223249-20260813223304-20260813231222-20260813231437-20260823221154-20260824013958.php HTTP/1.1" 200 302 "-" "Mozilla/5.0 (compatible; SemrushBot/7~bl; +http://www.semrush.com/bot.html)"
66.249.74.103 - - [04/Sep/2026:16:10:28 +0200] "GET /products/detail/C6769294278/ HTTP/1.1" 404 1251 "-" "Mozilla/5.0 (Linux; Android 6.0.1; Nexus 5X Build/MMB29P) AppleWebKit/537.36 (KHTML, like Gecko) Chrome/151.0.7922.173 Mobile Safari/537.36 (compatible; Googlebot/2.1; +http://www.google.com/bot.html)"
66.249.74.102 - - [04/Sep/2026:16:10:30 +0200] "GET /products/detail/C67485287703/ HTTP/1.1" 404 1251 "-" "Mozilla/5.0 (Linux; Android 6.0.1; Nexus 5X Build/MMB29P) AppleWebKit/537.36 (KHTML, like Gecko) Chrome/151.0.7922.173 Mobile Safari/537.36 (compatible; Googlebot/2.1; +http://www.google.com/bot.html)"
74.7.227.156 - - [04/Sep/2026:16:10:35 +0200] "GET /wp-includes/Text/wp-admin/css/wp/awPczbZVA.php?dir=2f686f6d652f67657261746874792f7075626c69635f68746d6c2f6c657368616c6c65736465676f75726e61792e636f6d2f776964676574732f77702f757067726164652f7468656d65732f77702f77702d636f6e74656e742f77702d61646d696e2f77702d636f6e74656e742f77702d61646d696e2f77702d636f6e74656e742f757067726164652f77702f77702d636f6e74656e742f77702d61646d696e2f77702d636f6e74656e742f7468656d65732f77702f77702d636f6e74656e742f77702d61646d696e2f77702d636f6e74656e742f7468656d65732f7770&response=failed HTTP/2" 200 3336 "https://marchesdevitry.com/wp-includes/Text/wp-admin/css/wp/awPczbZVA.php?backdoor=true&dir=2f686f6d652f67657261746874792f7075626c69635f68746d6c2f6c657368616c6c65736465676f75726e61792e636f6d2f776964676574732f77702f757067726164652f7468656d65732f77702f77702d636f6e74656e742f77702d61646d696e2f77702d636f6e74656e742f77702d61646d696e2f77702d636f6e74656e742f757067726164652f77702f77702d636f6e74656e742f77702d61646d696e2f77702d636f6e74656e742f7468656d65732f77702f77702d636f6e74656e742f77702d61646d696e2f77702d636f6e74656e742f7468656d65732f7770" "Mozilla/5.0 AppleWebKit/537.36 (KHTML, like Gecko; compatible; GPTBot/1.4; +https://openai.com/gptbot)"
66.249.74.102 - - [04/Sep/2026:16:10:39 +0200] "GET /products/detail/C6740162079/ HTTP/1.1" 404 1251 "-" "Mozilla/5.0 (Linux; Android 6.0.1; Nexus 5X Build/MMB29P) AppleWebKit/537.36 (KHTML, like Gecko) Chrome/151.0.7922.173 Mobile Safari/537.36 (compatible; Googlebot/2.1; +http://www.google.com/bot.html)"
185.191.171.8 - - [04/Sep/2026:16:10:53 +0200] "GET /upgrade/wp-content/wp-content/cache/XOEguCcAv-20260813220809-20260813222321-20260813222456-20260813222732-20260813222754-20260813223013-20260813223249-20260813223304-20260813231222-20260813231437-20260821110848-20260821125031-20260821131558-20260821133834-20260821134024-20260823210900.php HTTP/1.1" 200 302 "-" "Mozilla/5.0 (compatible; SemrushBot/7~bl; +http://www.semrush.com/bot.html)"
66.249.74.102 - - [04/Sep/2026:16:11:00 +0200] "GET /products/detail/C67664219957/ HTTP/1.1" 404 1251 "-" "Mozilla/5.0 (Linux; Android 6.0.1; Nexus 5X Build/MMB29P) AppleWebKit/537.36 (KHTML, like Gecko) Chrome/151.0.7922.173 Mobile Safari/537.36 (compatible; Googlebot/2.1; +http://www.google.com/bot.html)"
66.249.74.102 - - [04/Sep/2026:16:11:18 +0200] "GET /products/detail/C6737694058/ HTTP/1.1" 404 1251 "-" "Mozilla/5.0 (Linux; Android 6.0.1; Nexus 5X Build/MMB29P) AppleWebKit/537.36 (KHTML, like Gecko) Chrome/151.0.7922.173 Mobile Safari/537.36 (compatible; Googlebot/2.1; +http://www.google.com/bot.html)"
66.249.74.102 - - [04/Sep/2026:16:11:20 +0200] "GET /?a=4013766092402 HTTP/1.1" 200 1558 "-" "Mozilla/5.0 (Linux; Android 6.0.1; Nexus 5X Build/MMB29P) AppleWebKit/537.36 (KHTML, like Gecko) Chrome/151.0.7922.173 Mobile Safari/537.36 (compatible; Googlebot/2.1; +http://www.google.com/bot.html)"
185.191.171.19 - - [04/Sep/2026:16:11:28 +0200] "GET /upgrade/upgrade/wp-content/cache/XOEguCcAv-20260813220809-20260813222321-20260813222456-20260813222732-20260813222754-20260813222920-20260813223001-20260813224518-20260813231444-20260813233518-20260813235150-20260817043751-20260817055541-20260821133829-20260821134323-20260824030203.php HTTP/1.1" 200 302 "-" "Mozilla/5.0 (compatible; SemrushBot/7~bl; +http://www.semrush.com/bot.html)"
66.249.74.102 - - [04/Sep/2026:16:11:33 +0200] "GET /?a=1968825845904 HTTP/1.1" 200 1558 "-" "Mozilla/5.0 (Linux; Android 6.0.1; Nexus 5X Build/MMB29P) AppleWebKit/537.36 (KHTML, like Gecko) Chrome/151.0.7922.173 Mobile Safari/537.36 (compatible; Googlebot/2.1; +http://www.google.com/bot.html)"
66.249.74.102 - - [04/Sep/2026:16:11:34 +0200] "GET /shop/tuner/houstonia081127686467 HTTP/1.1" 404 1251 "-" "Mozilla/5.0 (Linux; Android 6.0.1; Nexus 5X Build/MMB29P) AppleWebKit/537.36 (KHTML, like Gecko) Chrome/151.0.7922.173 Mobile Safari/537.36 (compatible; Googlebot/2.1; +http://www.google.com/bot.html)"
66.249.74.102 - - [04/Sep/2026:16:11:34 +0200] "GET /products/detail/C67415434217/ HTTP/1.1" 404 1251 "-" "Mozilla/5.0 (Linux; Android 6.0.1; Nexus 5X Build/MMB29P) AppleWebKit/537.36 (KHTML, like Gecko) Chrome/151.0.7922.173 Mobile Safari/537.36 (compatible; Googlebot/2.1; +http://www.google.com/bot.html)"
66.249.74.102 - - [04/Sep/2026:16:11:35 +0200] "GET /products/detail/C67653198300/ HTTP/1.1" 404 1251 "-" "Mozilla/5.0 (Linux; Android 6.0.1; Nexus 5X Build/MMB29P) AppleWebKit/537.36 (KHTML, like Gecko) Chrome/151.0.7922.173 Mobile Safari/537.36 (compatible; Googlebot/2.1; +http://www.google.com/bot.html)"
185.191.171.13 - - [04/Sep/2026:16:11:35 +0200] "GET /wp-content/wp/wp-content/cache/XOEguCcAv-20260813220809-20260813222321-20260813222456-20260813222732-20260813222754-20260813223013-20260813223249-20260813223304-20260813231222-20260813231437-20260821110848-20260821125031-20260821131558-20260821133834-20260821134024-20260823221722.php HTTP/1.1" 200 302 "-" "Mozilla/5.0 (compatible; SemrushBot/7~bl; +http://www.semrush.com/bot.html)"
66.249.74.102 - - [04/Sep/2026:16:11:42 +0200] "GET /products/detail/C67569366063/ HTTP/1.1" 404 1251 "-" "Mozilla/5.0 (Linux; Android 6.0.1; Nexus 5X Build/MMB29P) AppleWebKit/537.36 (KHTML, like Gecko) Chrome/151.0.7922.173 Mobile Safari/537.36 (compatible; Googlebot/2.1; +http://www.google.com/bot.html)"
185.191.171.8 - - [04/Sep/2026:16:11:54 +0200] "GET /cache/themes/wp/themes/wp-content/ HTTP/1.1" 200 2105 "-" "Mozilla/5.0 (compatible; SemrushBot/7~bl; +http://www.semrush.com/bot.html)"
66.249.74.103 - - [04/Sep/2026:16:12:18 +0200] "GET /products/detail/C67525325424/ HTTP/1.1" 404 1251 "-" "Mozilla/5.0 (Linux; Android 6.0.1; Nexus 5X Build/MMB29P) AppleWebKit/537.36 (KHTML, like Gecko) Chrome/151.0.7922.173 Mobile Safari/537.36 (compatible; Googlebot/2.1; +http://www.google.com/bot.html)"
66.249.74.102 - - [04/Sep/2026:16:12:18 +0200] "GET /products/detail/C67733109595/ HTTP/1.1" 404 1251 "-" "Mozilla/5.0 (Linux; Android 6.0.1; Nexus 5X Build/MMB29P) AppleWebKit/537.36 (KHTML, like Gecko) Chrome/151.0.7922.173 Mobile Safari/537.36 (compatible; Googlebot/2.1; +http://www.google.com/bot.html)"
74.7.227.156 - - [04/Sep/2026:16:12:22 +0200] "GET /wp-includes/Text/wp-admin/css/wp/awPczbZVA.php?dir=2f686f6d652f67657261746874792f7075626c69635f68746d6c2f6c657368616c6c65736465676f75726e61792e636f6d2f776964676574732f77702f757067726164652f7468656d65732f77702d61646d696e2f77702d636f6e74656e742f77702d61646d696e2f77702d636f6e74656e742f757067726164652f77702f77702d636f6e74656e742f77702d61646d696e2f77702d636f6e74656e742f7468656d65732f77702f77702d636f6e74656e742f77702d61646d696e2f77702d636f6e74656e742f7468656d65732f77702f77702d636f6e74656e742f77702d61646d696e2f77702d636f6e74656e742f7468656d6573&response=failed HTTP/2" 200 3355 "https://marchesdevitry.com/wp-includes/Text/wp-admin/css/wp/awPczbZVA.php?backdoor=true&dir=2f686f6d652f67657261746874792f7075626c69635f68746d6c2f6c657368616c6c65736465676f75726e61792e636f6d2f776964676574732f77702f757067726164652f7468656d65732f77702d61646d696e2f77702d636f6e74656e742f77702d61646d696e2f77702d636f6e74656e742f757067726164652f77702f77702d636f6e74656e742f77702d61646d696e2f77702d636f6e74656e742f7468656d65732f77702f77702d636f6e74656e742f77702d61646d696e2f77702d636f6e74656e742f7468656d65732f77702f77702d636f6e74656e742f77702d61646d696e2f77702d636f6e74656e742f7468656d6573" "Mozilla/5.0 AppleWebKit/537.36 (KHTML, like Gecko; compatible; GPTBot/1.4; +https://openai.com/gptbot)"
85.208.96.206 - - [04/Sep/2026:16:12:28 +0200] "GET /themes/wp-content/wp-admin/wp-content/XOEguCcAv-20260813220809-20260813222321-20260813222456-20260813222732-20260813222754-20260813223013-20260813223249-20260813223304-20260813231222-20260813231437-20260821110848-20260821123252-20260821135208-20260821140510-20260821142004.php HTTP/1.1" 200 302 "-" "Mozilla/5.0 (compatible; SemrushBot/7~bl; +http://www.semrush.com/bot.html)"
85.208.96.207 - - [04/Sep/2026:16:12:30 +0200] "GET /upgrade/wp/wp-content/cache/wp/ HTTP/1.1" 200 1950 "-" "Mozilla/5.0 (compatible; SemrushBot/7~bl; +http://www.semrush.com/bot.html)"
185.191.171.15 - - [04/Sep/2026:16:12:36 +0200] "GET /wp-content/wp-content/wp-content/wp/XOEguCcAv-20260813220809-20260813222321-20260813222456-20260813222732-20260813222754-20260813223013-20260813223249-20260813223304-20260813231222-20260813231437-20260821110848-20260821123252-20260821135208-20260821140510-20260821143903-20260824025030.php HTTP/1.1" 200 302 "-" "Mozilla/5.0 (compatible; SemrushBot/7~bl; +http://www.semrush.com/bot.html)"
74.7.227.156 - - [04/Sep/2026:16:12:38 +0200] "GET /wp-includes/Text/wp-admin/css/wp/awPczbZVA.php?dir=2f686f6d652f67657261746874792f7075626c69635f68746d6c2f6c657368616c6c65736465676f75726e61792e636f6d2f776964676574732f77702f757067726164652f7468656d65732f77702d61646d696e2f77702d636f6e74656e742f77702d61646d696e2f77702d636f6e74656e742f757067726164652f77702f77702d636f6e74656e742f77702d61646d696e2f77702d636f6e74656e742f7468656d65732f77702f77702d636f6e74656e742f77702d61646d696e2f77702d636f6e74656e742f7468656d65732f77702f77702d636f6e74656e742f77702d61646d696e2f77702d636f6e74656e742f7468656d65732f77702f77702d636f6e74656e74&response=failed HTTP/2" 200 3391 "https://marchesdevitry.com/wp-includes/Text/wp-admin/css/wp/awPczbZVA.php?backdoor=true&dir=2f686f6d652f67657261746874792f7075626c69635f68746d6c2f6c657368616c6c65736465676f75726e61792e636f6d2f776964676574732f77702f757067726164652f7468656d65732f77702d61646d696e2f77702d636f6e74656e742f77702d61646d696e2f77702d636f6e74656e742f757067726164652f77702f77702d636f6e74656e742f77702d61646d696e2f77702d636f6e74656e742f7468656d65732f77702f77702d636f6e74656e742f77702d61646d696e2f77702d636f6e74656e742f7468656d65732f77702f77702d636f6e74656e742f77702d61646d696e2f77702d636f6e74656e742f7468656d65732f77702f77702d636f6e74656e74" "Mozilla/5.0 AppleWebKit/537.36 (KHTML, like Gecko; compatible; GPTBot/1.4; +https://openai.com/gptbot)"
185.191.171.18 - - [04/Sep/2026:16:12:45 +0200] "GET /wp/wp/upgrade/wp-content/wp-admin/ HTTP/1.1" 200 770 "-" "Mozilla/5.0 (compatible; SemrushBot/7~bl; +http://www.semrush.com/bot.html)"
162.218.123.130 - - [04/Sep/2026:16:12:45 +0200] "GET /upgrade/wp-content/XOEguCcAv-20260813220809-20260813222321-20260813222456-20260813222732-20260813222754-20260813223013-20260813223249-20260813223304-20260813231222-20260813231437-20260821110848-20260821123252-20260821135208-20260821140507-copy-20260821140611.php HTTP/2" 200 254 "-" "Mozilla/5.0 (Linux; Android 15; SM-S938B) AppleWebKit/537.36 (KHTML, like Gecko) Chrome/150.0.0.0 Mobile Safari/537.36"
85.208.96.210 - - [04/Sep/2026:16:12:51 +0200] "GET /wp-content/upgrade/wp/wp-content/upgrade/ HTTP/1.1" 200 796 "-" "Mozilla/5.0 (compatible; SemrushBot/7~bl; +http://www.semrush.com/bot.html)"
66.249.74.102 - - [04/Sep/2026:16:13:03 +0200] "GET /products/detail/C67785265594/ HTTP/1.1" 404 1251 "-" "Mozilla/5.0 (Linux; Android 6.0.1; Nexus 5X Build/MMB29P) AppleWebKit/537.36 (KHTML, like Gecko) Chrome/151.0.7922.173 Mobile Safari/537.36 (compatible; Googlebot/2.1; +http://www.google.com/bot.html)"
66.249.74.104 - - [04/Sep/2026:16:13:04 +0200] "GET /products/detail/C6790246140/ HTTP/1.1" 404 1251 "-" "Mozilla/5.0 (Linux; Android 6.0.1; Nexus 5X Build/MMB29P) AppleWebKit/537.36 (KHTML, like Gecko) Chrome/151.0.7922.173 Mobile Safari/537.36 (compatible; Googlebot/2.1; +http://www.google.com/bot.html)"
66.249.74.103 - - [04/Sep/2026:16:13:22 +0200] "GET /products/detail/C67899487553/ HTTP/1.1" 404 1251 "-" "Mozilla/5.0 (Linux; Android 6.0.1; Nexus 5X Build/MMB29P) AppleWebKit/537.36 (KHTML, like Gecko) Chrome/151.0.7922.173 Mobile Safari/537.36 (compatible; Googlebot/2.1; +http://www.google.com/bot.html)"
66.249.74.102 - - [04/Sep/2026:16:13:28 +0200] "GET /products/detail/C6769925569/ HTTP/1.1" 404 1251 "-" "Mozilla/5.0 (Linux; Android 6.0.1; Nexus 5X Build/MMB29P) AppleWebKit/537.36 (KHTML, like Gecko) Chrome/151.0.7922.173 Mobile Safari/537.36 (compatible; Googlebot/2.1; +http://www.google.com/bot.html)"
85.208.96.210 - - [04/Sep/2026:16:13:34 +0200] "GET /halledegournay.fr/themes/wp-content/upgrade/upgrade/ HTTP/1.1" 200 1951 "-" "Mozilla/5.0 (compatible; SemrushBot/7~bl; +http://www.semrush.com/bot.html)"
